-- Table structure for table `agro_event_manually`
--

CREATE TABLE `agro_event_manually` (
  `Id` int(11) NOT NULL AUTO_INCREMENT,
  `Id_mobitel` int(11) NOT NULL DEFAULT '0' COMMENT 'Код объекта управления',
  `EventName` varchar(127) DEFAULT NULL COMMENT 'Произвольное описание события',
  `TimeStart` datetime DEFAULT NULL COMMENT 'Время начала события',
  `TimeEnd` datetime DEFAULT NULL COMMENT 'Время окончания события',
  `Id_work` int(11) DEFAULT NULL COMMENT 'Работа, соответствующая событию',
  `Info_1` varchar(127) DEFAULT NULL COMMENT 'Служебное информационное поле',
  `Info_2` varchar(127) DEFAULT NULL COMMENT 'Служебное информационное поле',
  `Info_3` varchar(127) DEFAULT NULL COMMENT 'Служебное информационное поле',
  `Info_4` varchar(127) DEFAULT NULL COMMENT 'Служебное информационное поле',
  `Info_5` varchar(127) DEFAULT NULL COMMENT 'Служебное информационное поле',
  PRIMARY KEY (`Id`)
) ENGINE=InnoDB DEFAULT CHARSET=cp1251;

--
-- Dumping data for table `agro_event_manually`
--


--
-- Table structure for table `agro_field`
--

CREATE TABLE `agro_field` (
  `Id` int(11) NOT NULL AUTO_INCREMENT,
  `Id_main` int(11) DEFAULT NULL COMMENT 'Ссылка на группу полей',
  `Id_zone` int(11) NOT NULL COMMENT 'Ссылка на контрольную зону',
  `Name` char(50) NOT NULL COMMENT 'Название',
  `Comment` text COMMENT 'Комментарий',
  `IsOutOfDate` bit(1) NOT NULL DEFAULT b'0' COMMENT 'Поле устарело и в расчетах не учавствует',
  PRIMARY KEY (`Id`),
  KEY `Id_main_Field_FK1` (`Id_main`) USING BTREE
) ENGINE=InnoDB AUTO_INCREMENT=33 DEFAULT CHARSET=cp1251 COMMENT='Поле';

--
-- Dumping data for table `agro_field`
--

INSERT INTO `agro_field` VALUES (3,5,2,'Носовичі 5','',_binary '\0'),(4,5,1,'Носовичі 4','',_binary '\0'),(5,5,8,'Жорнище 2а','',_binary '\0'),(6,5,9,'Жорнище 3','',_binary '\0'),(7,5,5,'Жорнище 5','',_binary '\0'),(8,5,4,'Жорнище 6','',_binary '\0'),(9,5,3,'Жорнище 7','',_binary '\0'),(10,5,6,'Жорнище 8','',_binary '\0'),(11,5,7,'Жорнище 11','',_binary ''),(12,5,10,'Личани 2','',_binary '\0'),(13,5,11,'Личани 4','',_binary '\0'),(14,5,19,'Олика 1','',_binary '\0'),(15,5,20,'Олика 2','',_binary '\0'),(16,5,21,'Олика 3','',_binary '\0'),(17,5,22,'Олика 4','',_binary '\0'),(18,5,16,'Носовичі 1','',_binary '\0'),(20,5,18,'Метельне 3','',_binary '\0'),(21,5,17,'Метельне 4','',_binary '\0'),(22,5,12,'Жорнище 4','',_binary '\0'),(23,5,23,'Дідичі 1','',_binary '\0'),(24,5,24,'Дідичі 2','',_binary '\0'),(25,5,25,'Метельне 5','',_binary '\0'),(26,5,26,'Метельне 6','',_binary '\0'),(27,5,27,'Носовичі 2','',_binary '\0'),(28,5,28,'Метельне 1','',_binary '\0'),(29,5,29,'Метельне 2','',_binary '\0'),(30,5,0,'Жорнище 1','',_binary '\0'),(31,5,15,'Жорнище 1','',_binary '\0');

--
-- Table structure for table `agro_fieldculture`
--

CREATE TABLE `agro_fieldculture` (
  `Id` int(11) NOT NULL AUTO_INCREMENT,
  `Id_main` int(11) DEFAULT NULL COMMENT 'Ссылка на поле',
  `Id_culture` int(11) NOT NULL COMMENT 'Ссылка на культуру',
  `Year` smallint(6) NOT NULL COMMENT 'Год обработки',
  PRIMARY KEY (`Id`),
  KEY `Id_main_FieldCulture_FK1` (`Id_main`) USING BTREE,
  KEY `Id_culture_FK2` (`Id_culture`) USING BTREE,
  CONSTRAINT `Id_culture_FK2` FOREIGN KEY (`Id_culture`) REFERENCES `agro_culture` (`Id`),
  CONSTRAINT `Id_main_FieldCulture_FK1` FOREIGN KEY (`Id_main`) REFERENCES `agro_field` (`Id`)
) ENGINE=InnoDB DEFAULT CHARSET=cp1251 COMMENT='Культура на поле в промежуток времени';

--
-- Dumping data for table `agro_fieldculture`
--


--
-- Table structure for table `agro_fieldgroupe`
--

CREATE TABLE `agro_fieldgroupe` (
  `Id` int(11) NOT NULL AUTO_INCREMENT,
  `Name` char(50) NOT NULL COMMENT 'Название',
  `Comment` text COMMENT 'Комментарий',
  `Id_Zonesgroup` int(11) DEFAULT '0' COMMENT 'Группа контрольных зон на основании которой создана группа полей',
  PRIMARY KEY (`Id`)
) ENGINE=InnoDB AUTO_INCREMENT=6 DEFAULT CHARSET=cp1251 COMMENT='Группа полей';

--
-- Dumping data for table `agro_fieldgroupe`
--

INSERT INTO `agro_fieldgroupe` VALUES (5,'Фелікс АГРО','',1);

--
-- Table structure for table `agro_fieldseason_tc`
--

CREATE TABLE `agro_fieldseason_tc` (
  `Id` int(11) NOT NULL AUTO_INCREMENT,
  `IdSeason` int(11) NOT NULL,
  `IdField` int(11) NOT NULL,
  `Comment` text COMMENT 'Комментарий',
  `DateInit` datetime NOT NULL COMMENT 'Дата создания',
  `UserCreated` varchar(127) NOT NULL COMMENT 'Пользователь, создавший тех карту ',
  `DateStart` datetime NOT NULL COMMENT 'Дата начала работ (по умолчанию - дата начала сезона)',
  `DateEnd` datetime NOT NULL COMMENT 'Дата начала работ (по умолчанию - дата окончания сезона)',
  PRIMARY KEY (`Id`),
  KEY `FK_agro_fieldseason_tc_agro_field_Id` (`IdField`),
  KEY `FK_agro_fieldseason_tc_agro_season_Id` (`IdSeason`),
  CONSTRAINT `FK_agro_fieldseason_tc_agro_field_Id` FOREIGN KEY (`IdField`) REFERENCES `agro_field` (`Id`),
  CONSTRAINT `FK_agro_fieldseason_tc_agro_season_Id` FOREIGN KEY (`IdSeason`) REFERENCES `agro_season` (`Id`)
) ENGINE=InnoDB DEFAULT CHARSET=cp1251 COMMENT='Технологическая карта поля';

--
-- Dumping data for table `agro_fieldseason_tc`
--


--
-- Table structure for table `agro_fieldseason_tct`
--

CREATE TABLE `agro_fieldseason_tct` (
  `Id` int(11) NOT NULL AUTO_INCREMENT,
  `Id_main` int(11) DEFAULT NULL,
  `IdWork` int(11) NOT NULL COMMENT 'Вид работ',
  `DateStartPlan` datetime NOT NULL COMMENT 'Дата начала (план)',
  `DateEndPlan` datetime NOT NULL COMMENT 'Дата окончания (план)',
  `WorkQtyPlan` decimal(10,2) NOT NULL DEFAULT '0.00' COMMENT 'Плановое кол-во моточасов ',
  `DateStartFact` datetime DEFAULT NULL COMMENT 'Дата начала (факт)',
  `DateEndFact` datetime DEFAULT NULL COMMENT 'Дата окончания (факт)',
  `SquareGa` decimal(10,3) NOT NULL DEFAULT '0.000' COMMENT 'Фактически обработанная площадь, га',
  `SquarePercent` decimal(5,2) NOT NULL DEFAULT '0.00' COMMENT 'Фактически обработанная площадь, %',
  `Comment` text COMMENT 'Комментарий',
  `IsClosed` tinyint(1) NOT NULL DEFAULT '0' COMMENT 'Операция закрыта',
  PRIMARY KEY (`Id`),
  KEY `FK_agro_fieldseason_tct_agro_fieldseason_tc_Id` (`Id_main`),
  KEY `FK_agro_fieldseason_tct_agro_work_Id` (`IdWork`),
  CONSTRAINT `FK_agro_fieldseason_tct_agro_fieldseason_tc_Id` FOREIGN KEY (`Id_main`) REFERENCES `agro_fieldseason_tc` (`Id`),
  CONSTRAINT `FK_agro_fieldseason_tct_agro_work_Id` FOREIGN KEY (`IdWork`) REFERENCES `agro_work` (`Id`)
) ENGINE=InnoDB DEFAULT CHARSET=cp1251;

--
-- Dumping data for table `agro_fieldseason_tct`
--


--
-- Table structure for table `agro_fieldseason_tct_fact`
--

CREATE TABLE `agro_fieldseason_tct_fact` (
  `Id` int(11) NOT NULL AUTO_INCREMENT,
  `Id_main` int(11) NOT NULL,
  `IdOrder` int(11) NOT NULL COMMENT 'Ссылка на наряд',
  `IdDriver` int(11) DEFAULT NULL COMMENT 'Ссылка на водителя',
  `IdAgreg` int(11) DEFAULT NULL COMMENT 'Ссылка на навесное оборудование',
  `SquareFactGa` decimal(10,3) NOT NULL DEFAULT '0.000' COMMENT 'Фактически обработанная площадь (с учетом совм. обработки).',
  `JointProcess` bit(1) NOT NULL DEFAULT b'0' COMMENT 'Совместная обработка',
  `SquareAfterRecalc` decimal(10,3) NOT NULL DEFAULT '0.000' COMMENT 'Фактически обработанная площадь (с учетом совм. обработки).',
  `DateRecalc` datetime DEFAULT NULL COMMENT 'Дата пересчета совместной обработки',
  `UserRecalc` varchar(127) DEFAULT NULL COMMENT 'Пользователь, создавший совместную обработку',
  PRIMARY KEY (`Id`),
  KEY `FK_agro_fieldseason_tct_fact_agro_agregat_Id` (`IdAgreg`),
  KEY `FK_agro_fieldseason_tct_fact_agro_fieldseason_tct_Id` (`Id_main`),
  KEY `FK_agro_fieldseason_tct_fact_driver_id` (`IdDriver`),
  CONSTRAINT `FK_agro_fieldseason_tct_fact_agro_agregat_Id` FOREIGN KEY (`IdAgreg`) REFERENCES `agro_agregat` (`Id`),
  CONSTRAINT `FK_agro_fieldseason_tct_fact_agro_fieldseason_tct_Id` FOREIGN KEY (`Id_main`) REFERENCES `agro_fieldseason_tct` (`Id`),
  CONSTRAINT `FK_agro_fieldseason_tct_fact_driver_id` FOREIGN KEY (`IdDriver`) REFERENCES `driver` (`id`)
) ENGINE=InnoDB DEFAULT CHARSET=cp1251;

--
-- Dumping data for table `agro_fieldseason_tct_fact`
--


--
-- Table structure for table `agro_fueling`
--

CREATE TABLE `agro_fueling` (
  `Id` int(11) NOT NULL AUTO_INCREMENT,
  `Id_main` int(11) DEFAULT NULL COMMENT 'Ссылка на наряд',
  `LockRecord` tinyint(1) NOT NULL DEFAULT '0' COMMENT 'Запись заблокирована для редактирования',
  `Lat` double NOT NULL DEFAULT '0',
  `Lng` double NOT NULL DEFAULT '0',
  `DateFueling` datetime NOT NULL COMMENT 'Дата заправки / слива',
  `ValueSystem` double NOT NULL DEFAULT '0' COMMENT 'Данные системы',
  `ValueDisp` double NOT NULL DEFAULT '0' COMMENT 'Данные диспетчера',
  `ValueStart` double NOT NULL DEFAULT '0' COMMENT 'Значение перед заправкой / сливом',
  `Location` varchar(255) DEFAULT NULL,
  `Remark` varchar(255) DEFAULT NULL COMMENT 'Комментарий к изменению значения диспетчером',
  PRIMARY KEY (`Id`)
) ENGINE=InnoDB AUTO_INCREMENT=25 DEFAULT CHARSET=cp1251 COMMENT='Ручное редактирование значений сливов и заправок';

--
-- Dumping data for table `agro_fueling`
--

INSERT INTO `agro_fueling` VALUES (4,16,0,50.67185,25.81161,'2020-04-22 09:06:27',92.79,92.79,7.21,'(Широта: 50,67186, Довгота: 25,81159)',NULL),(5,16,0,50.67172,25.81154,'2020-04-22 22:05:59',37.78,37.78,58.89,'(Широта: 50,67172, Довгота: 25,81154)',NULL),(7,21,0,50.67172,25.81156,'2020-04-23 22:05:59',45.47,45.47,51.91,'(Широта: 50,67172, Довгота: 25,81156)',NULL),(8,22,0,50.70932,25.69795,'2020-04-24 16:18:45',-10.58,-10.58,67.58,'(Широта: 50,70932, Довгота: 25,69795)',NULL),(9,22,0,50.67172,25.81158,'2020-04-24 22:44:39',54.81,54.81,18.12,'(Широта: 50,67172, Довгота: 25,81158)',NULL),(10,23,0,50.67176,25.81155,'2020-04-24 21:34:22',38.26,38.26,60.56,'(Широта: 50,67176, Довгота: 25,81155)',NULL),(16,38,0,50.67163,25.81154,'2020-04-29 02:58:11',41.8,41.8,57.3,'(Широта: 50,67163, Довгота: 25,81154)',NULL),(19,44,0,50.67171,25.81154,'2020-05-12 01:29:33',28.55,28.55,69.77,'(Широта: 50,67171, Долгота: 25,81154)',NULL),(22,49,0,50.6717883,25.8120916,'2023-11-07 13:09:05',43.08,43.08,7.65,'С-030533, Личани, Олицька селищна громада, Луцький район, Волинська область, 45272, Україна',NULL),(23,50,0,50.6716383,25.8114933,'2023-11-08 09:52:16',53.62,53.62,10,'С-030533, Личани, Олицька селищна громада, Луцький район, Волинська область, 45272, Україна',NULL),(24,53,0,50.6717133,25.8122383,'2023-11-09 10:31:02',99.2,99.2,0.8,'С-030533, Личани, Олицька селищна громада, Луцький район, Волинська область, 45272, Україна',NULL);

--
-- Table structure for table `agro_order`
--

CREATE TABLE `agro_order` (
  `Id` int(11) NOT NULL AUTO_INCREMENT,
  `Date` datetime DEFAULT NULL COMMENT 'Дата наряда на работы(new type - DATE->DATETIME)',
  `Id_mobitel` int(11) NOT NULL DEFAULT '0' COMMENT 'Транспортное средство',
  `LocationStart` varchar(255) DEFAULT NULL COMMENT 'Место начала движения',
  `LocationEnd` varchar(255) DEFAULT NULL COMMENT 'Место окончания движения',
  `TimeStart` datetime DEFAULT NULL COMMENT 'Время начала движения',
  `TimeEnd` datetime DEFAULT NULL COMMENT 'Время окончания движения',
  `Regime` tinyint(4) DEFAULT '0' COMMENT 'Режим наряд -ручной,автоматический, закрыт',
  `TimeWork` char(10) DEFAULT NULL COMMENT 'Продолжительность смены, ч',
  `TimeMove` char(10) DEFAULT NULL COMMENT 'Общее время движения, ч',
  `Distance` double DEFAULT '0' COMMENT 'Пройденный путь, км',
  `SpeedAvg` double DEFAULT NULL COMMENT 'Средняя скорость, км/ч',
  `Comment` text COMMENT 'Комментарий',
  `PathWithoutWork` double DEFAULT '0' COMMENT 'Переезды, км',
  `SquareWorkDescript` text COMMENT 'Обработанная площадь',
  `FuelDUTExpensSquare` double DEFAULT '0' COMMENT 'Расход в полях,  всего',
  `FuelDRTExpensSquare` double DEFAULT '0' COMMENT 'Расход в полях,  всего',
  `FuelDUTExpensAvgSquare` double DEFAULT '0' COMMENT 'Расход в полях, л/га:',
  `FuelDRTExpensAvgSquare` double DEFAULT '0' COMMENT 'Расход в полях, л/га:',
  `FuelDUTExpensWithoutWork` double DEFAULT '0' COMMENT 'Расход на переездах, всего',
  `FuelDRTExpensWithoutWork` double DEFAULT '0' COMMENT 'Расход на переездах, всего',
  `FuelDUTExpensAvgWithoutWork` double DEFAULT '0' COMMENT 'Переезды, км',
  `FuelDRTExpensAvgWithoutWork` double DEFAULT '0' COMMENT 'Переезды, км',
  `SquareWorkDescripOverlap` text COMMENT 'Обработанная площадь с учетом перекрытий всех записей',
  `FactSquareCalcOverlap` double DEFAULT '0' COMMENT 'Факт обработанная площадь полученная расчетом с учетом перекрытий всех записей',
  `DateLastRecalc` datetime DEFAULT NULL COMMENT 'Дата последнего пересчета наряда',
  `UserLastRecalc` varchar(127) DEFAULT NULL COMMENT 'Пользователь, последней пересчитавший наряд',
  `UserCreated` varchar(127) DEFAULT NULL COMMENT 'Пользователь, создавший наряд',
  `PointsValidity` int(11) DEFAULT NULL COMMENT 'Валидность данных',
  `PointsCalc` int(11) DEFAULT '0' COMMENT 'Количество точек (по Log_ID) расчетное',
  `PointsFact` int(11) DEFAULT '0' COMMENT 'Количество точек (по Log_ID) фактическое',
  `PointsIntervalMax` varchar(20) DEFAULT NULL COMMENT 'Максимальный интервал между точками',
  `StateOrder` int(11) NOT NULL DEFAULT '0' COMMENT 'Статус наряда',
  `BlockUserId` int(11) NOT NULL DEFAULT '0' COMMENT 'Код пользователя, работающего с документом',
  `BlockDate` datetime DEFAULT NULL COMMENT 'Дата начала работы с документом',
  PRIMARY KEY (`Id`),
  KEY `Id_mobitel_Order_FK1` (`Id_mobitel`) USING BTREE,
  CONSTRAINT `Id_mobitel_Order_FK1` FOREIGN KEY (`Id_mobitel`) REFERENCES `mobitels` (`Mobitel_ID`)
) ENGINE=InnoDB AUTO_INCREMENT=65 DEFAULT CHARSET=cp1251 COMMENT='Заголовок наряда';

--
-- Dumping data for table `agro_order`
--

INSERT INTO `agro_order` VALUES (16,'2020-04-22 00:00:00',102,'(Широта: 50,67169, Довгота: 25,81129)','(Широта: 50,67188, Довгота: 25,81179)','2020-04-22 08:11:18','2020-04-22 22:07:30',0,'13:56','08:12',105.07,12.8,NULL,105.07,'',0,0,0,0,40.56,0,38.6,0,'',0,'2020-04-23 18:02:50',NULL,'admin',100,4440,4440,'00:01:13',1,0,NULL),(20,'2020-04-23 00:00:00',101,'(Широта: 50,67152, Довгота: 25,81110)','(Широта: 50,67178, Довгота: 25,81164)','2020-04-23 08:29:28','2020-04-23 22:16:10',0,'13:46','11:44',137.76,11.73,NULL,24.79,'  Носовичі 4 : 0,64(0,81%) (Культивація)     Носовичі 5 : 54,27(82,93%) (Культивація)',95.2,629,1.75,11.59,-95.2,42,-384.03,169.42,'  Носовичі 4 : 0,64(0,81%) (Культивація)     Носовичі 5 : 54,27(82,93%) (Культивація)',54.910000000000004,'2020-04-23 22:32:51',NULL,'admin',100,5880,5880,'00:01:21',1,0,NULL),(21,'2020-04-23 00:00:00',102,'(Широта: 50,67188, Довгота: 25,81179)','(Широта: 50,67182, Довгота: 25,81181)','2020-04-23 08:22:33','2020-04-23 22:07:29',0,'13:44','09:39',125.11,12.96,NULL,56.39,'  Жорнище 2а : 28,21(98,24%) (Внесення ЗЗР)     Жорнище 5 : 3,88(5,31%) (Внесення ЗЗР)     Жорнище 6 : 21,76(99,4%) (Внесення ЗЗР)     Жорнище 7 : 68,23(99,78%) (Внесення ЗЗР)     Жорнище 8 : 74,85(93,4%) (Внесення ЗЗР)',39.6,0,0.57,0,5.87,0,10.41,0,'  Жорнище 2а : 28,21(98,24%) (Внесення ЗЗР)     Жорнище 5 : 3,88(5,31%) (Внесення ЗЗР)     Жорнище 6 : 21,76(99,4%) (Внесення ЗЗР)     Жорнище 7 : 67,15(98,2%) (Внесення ЗЗР)     Жорнище 8 : 69,93(87,26%) (Внесення ЗЗР)',190.93,'2020-04-23 22:34:54',NULL,'admin',100,4374,4374,'00:01:36',1,0,NULL),(22,'2020-04-24 00:00:00',101,'(Широта: 50,67155, Довгота: 25,81114)','(Широта: 50,67172, Довгота: 25,81128)','2020-04-24 08:33:53','2020-04-24 22:45:57',0,'14:12','10:36',122.7,11.56,NULL,94.83,'  Носовичі 4 : 0,25(0,32%) (Культивація)     Носовичі 5 : 15,07(23,03%) (Культивація)',21.2,153,1.63,11.79,33.61,436,35.44,459.77,'  Носовичі 4 : 0,25(0,32%) (Культивація)     Носовичі 5 : 12,98(19,83%) (Культивація)',13.23,'2020-04-25 10:59:14',NULL,'admin',100,4360,4360,'00:01:24',1,0,NULL),(23,'2020-04-24 00:00:00',102,'(Широта: 50,67182, Довгота: 25,81181)','(Широта: 50,67186, Довгота: 25,81174)','2020-04-24 08:54:35','2020-04-24 21:36:35',0,'12:42','08:44',111.97,12.81,NULL,58.5,'  Жорнище 2а : 1,61(5,61%) (Внесення ЗЗР)     Жорнище 3 : 57,2(98,2%) (Внесення ЗЗР)     Жорнище 5 : 71,02(97,28%) (Внесення ЗЗР)     Жорнище 7 : 1,36(1,99%) (Внесення ЗЗР)     Жорнище 8 : 12,07(15,06%) (Внесення ЗЗР)',18,0,1.49,0,20.26,0,34.63,0,'  Жорнище 2а : 1,61(5,61%) (Внесення ЗЗР)     Жорнище 3 : 57,2(98,2%) (Внесення ЗЗР)     Жорнище 5 : 71,02(97,28%) (Внесення ЗЗР)     Жорнище 7 : 1,36(1,99%) (Внесення ЗЗР)     Жорнище 8 : 12,07(15,06%) (Внесення ЗЗР)',143.26,'2020-04-25 11:00:44',NULL,'admin',100,4494,4494,'00:01:17',1,0,NULL),(27,'2020-04-18 00:00:00',102,'(Широта: 50,67190, Довгота: 25,81133)','(Широта: 50,67188, Довгота: 25,81136)','2020-04-18 15:43:00','2020-04-18 15:52:16',0,'00:09','00:03',0.02,0.36,NULL,0.02,'',0,0,0,0,0,0,0,0,'',0,'2020-04-27 14:06:40',NULL,'admin',100,542,542,'00:01:00',1,0,NULL),(28,'2020-04-19 00:00:00',102,'(Широта: 50,67188, Довгота: 25,81136)','(Широта: 50,67181, Довгота: 25,81162)','2020-04-19 00:00:15','2020-04-19 00:00:15',0,'00:00','00:00',0,0,NULL,0.02,'',0,0,0,0,0,0,0,0,'',0,'2020-04-27 14:06:41',NULL,'admin',100,1439,1439,'00:01:34',1,0,NULL),(29,'2020-04-20 00:00:00',102,'(Широта: 50,67181, Довгота: 25,81162)','(Широта: 50,67191, Довгота: 25,81137)','2020-04-20 00:00:47','2020-04-20 00:00:47',0,'00:00','00:00',0,0,NULL,0.02,'',0,0,0,0,0,0,0,0,'',0,'2020-04-27 14:06:42',NULL,'admin',100,1438,1438,'00:02:09',1,0,NULL),(30,'2020-04-21 00:00:00',102,'(Широта: 50,67191, Довгота: 25,81137)','(Широта: 50,67169, Довгота: 25,81129)','2020-04-21 16:21:43','2020-04-21 16:29:29',0,'00:07','00:02',0.08,2.4,NULL,0.08,'',0,0,0,0,-4,0,-5000,0,'',0,'2020-04-27 14:06:43',NULL,'admin',100,1467,1467,'00:02:08',1,0,NULL),(31,'2020-04-25 00:00:00',102,'(Широта: 50,67186, Довгота: 25,81174)','(Широта: 50,67165, Довгота: 25,81122)','2020-04-25 12:31:42','2020-04-25 21:38:39',0,'09:06','06:02',83.13,13.74,NULL,76.16,'  Личани 2 : 9,94(10,81%) (Внесення ЗЗР)     Личани 4 : 6,1(9,75%) (Внесення ЗЗР)',7.2,0,2.22,0,-7.2,0,-9.45,0,'  Личани 2 : 4,37(4,75%) (Внесення ЗЗР)     Личани 4 : 3,25(5,19%) (Внесення ЗЗР)',7.62,'2020-04-27 14:06:47',NULL,'admin',100,3229,3229,'00:01:01',1,0,NULL),(32,'2020-04-26 00:00:00',102,'(Широта: 50,67165, Довгота: 25,81122)','(Широта: 50,67162, Довгота: 25,81129)','2020-04-26 00:00:38','2020-04-26 00:00:38',0,'00:00','00:00',0,0,NULL,0.01,'',0,0,0,0,0,0,0,0,'',0,'2020-04-27 14:06:49',NULL,'admin',100,1438,1438,'00:01:59',1,0,NULL),(38,'2020-04-29 00:00:00',102,'Жорнище 1','(Широта: 50,67170, Довгота: 25,81129)','2020-04-29 00:00:12','2020-04-29 16:04:01',0,'16:03','06:31',99.69,15.29,NULL,63.03,'  Дідичі 1 : 52,1(120,83%) (Внесення ЗЗР)     Дідичі 2 : 47,79(32,97%) (Внесення ЗЗР)     Жорнище 4 : 0,76(0,32%) (Внесення ЗЗР)     Жорнище 7 : 1,43(2,09%) (Внесення ЗЗР)',4.8,0,3.36,0,7,0,11.11,0,'  Дідичі 1 : 41,93(97,24%) (Внесення ЗЗР)     Дідичі 2 : 47,79(32,97%) (Внесення ЗЗР)     Жорнище 4 : 0,76(0,32%) (Внесення ЗЗР)     Жорнище 7 : 1,43(2,09%) (Внесення ЗЗР)',91.91000000000001,'2020-04-29 16:21:40',NULL,'admin',100,3490,3490,'00:01:28',1,0,NULL),(40,'2020-05-01 00:00:00',102,'(Широта: 50,67185, Довгота: 25,81179)','Носовичі 2','2020-05-01 10:37:46','2020-05-01 20:43:32',0,'10:05','04:26',50.3,11.31,NULL,11.17,'  Метельне 5 : 26,69(31,72%) (Внесення ЗЗР)     Носовичі 2 : 39,94(42,84%) (Внесення ЗЗР)',6.4,0,0.16,0,6.8,0,60.88,0,'  Метельне 5 : 26,69(31,72%) (Внесення ЗЗР)     Носовичі 2 : 39,94(42,84%) (Внесення ЗЗР)',66.63,'2020-05-01 20:44:15',NULL,'admin',100,2289,2289,'00:01:44',1,0,NULL),(41,'2020-05-04 00:00:00',102,'(Широта: 50,67180, Довгота: 25,81176)','Жорнище 4','2020-05-04 15:13:32','2020-05-04 16:47:52',0,'01:34','00:57',12.49,12.98,NULL,8.65,'  Жорнище 4 : 12,16(5,17%) (Внесення ЗЗР)',0,0,0,0,0,0,0,0,'  Жорнище 4 : 12,16(5,17%) (Внесення ЗЗР)',12.16,'2020-05-04 16:49:05',NULL,'admin',100,1417,1417,'00:01:08',1,0,NULL),(44,'2020-05-12 00:00:00',102,'(Широта: 50,67202, Долгота: 25,81182)','Метельне 2','2020-05-12 00:02:48','2020-05-12 23:58:42',0,'23:55','04:03',41.96,10.35,NULL,14.41,'  Метельне 1 : 68,29(98,14%) (Внесення ЗЗР)     Метельне 2 : 13,86(29,45%) (Внесення ЗЗР)',12,0,0.87,0,9.35,0,64.89,0,'  Метельне 1 : 68,29(98,14%) (Внесення ЗЗР)     Метельне 2 : 13,86(29,45%) (Внесення ЗЗР)',82.15,'2020-05-13 00:31:14',NULL,'admin',100,2805,2805,'00:02:10',1,0,NULL),(45,'2020-05-13 00:00:00',102,'Метельне 2','Метельне 2','2020-05-13 00:00:04','2020-05-13 00:29:23',0,'00:29','00:29',4.52,9.24,NULL,0,'  Метельне 2 : 16,04(34,08%) (Внесення ЗЗР)',2.8,0,0.17,0,0,0,0,0,'  Метельне 2 : 16,04(34,08%) (Внесення ЗЗР)',16.04,'2020-05-13 00:31:14',NULL,'admin',100,140,140,'00:01:01',1,0,NULL),(46,'2023-08-12 00:00:00',101,'Личани, Олицька селищна громада, Луцький район, Волинська область, 45272, Україна','Олицька селищна громада, Луцький район, Волинська область, Україна','2023-08-12 08:38:45','2023-08-12 10:39:43',0,'02:00','01:46',24.17,13.64,NULL,17.89,'  Метельне 1 : 2,76(3,97%) (Культивація)',4,17,1.53,6.49,1.2,45.5,6.71,254.33,'  Метельне 1 : 2,62(3,77%) (Культивація)',2.62,'2023-08-12 10:40:44',NULL,'admin',100,1803,1803,'00:01:01',1,0,NULL),(48,'2023-11-07 00:00:00',102,'Личани, Олицька селищна громада, Луцький район, Волинська область, 45272, Україна','Жорнище 1','2023-11-07 08:37:51','2023-11-07 19:21:53',0,'10:44','07:06',76.26,10.73,NULL,28.35,'  Жорнище 1 : 64,18(87,81%) (Внесення ЗЗР)     Жорнище 2а : 1(3,48%) (Внесення ЗЗР)     Жорнище 3 : 55,23(94,82%) (Внесення ЗЗР)     Жорнище 7 : 26,16(38,26%) (Внесення ЗЗР)     Жорнище 8 : 2,65(3,31%) (Внесення ЗЗР)',18.8,0,7.09,0,1.2,0,4.23,0,'  Жорнище 1 : 64,18(87,81%) (Внесення ЗЗР)     Жорнище 2а : 1(3,48%) (Внесення ЗЗР)     Жорнище 3 : 55,23(94,82%) (Внесення ЗЗР)     Жорнище 7 : 26,16(38,26%) (Внесення ЗЗР)     Жорнище 8 : 2,65(3,31%) (Внесення ЗЗР)',149.22,'2023-11-07 19:26:59',NULL,'admin',100,3018,3018,'00:01:01',1,0,NULL),(49,'2023-11-07 00:00:00',101,'Личани, Олицька селищна громада, Луцький район, Волинська область, 45272, Україна','С-030533, Личани, Олицька селищна громада, Луцький район, Волинська область, 45272, Україна','2023-11-07 00:25:26','2023-11-07 18:03:59',0,'17:38','04:55',57.13,11.59,NULL,29.26,'  Метельне 5 : 13,19(15,67%) (Культивація)',30,161.5,2.27,12.24,15.08,96,51.54,328.09,'  Метельне 5 : 13,19(15,67%) (Культивація)',13.19,'2023-11-09 08:49:50',NULL,'admin',100,2913,2913,'00:01:47',1,0,NULL),(50,'2023-11-08 00:00:00',101,'С-030533, Личани, Олицька селищна громада, Луцький район, Волинська область, 45272, Україна','С-030533, Личани, Олицька селищна громада, Луцький район, Волинська область, 45272, Україна','2023-11-08 08:47:43','2023-11-08 16:23:43',0,'07:36','05:24',60.4,11.18,NULL,5.64,'  Метельне 5 : 28,95(34,4%) (Культивація)',60.8,334,2.1,11.54,-1.18,5.5,-20.92,97.52,'  Метельне 5 : 28,95(34,4%) (Культивація)',28.95,'2023-11-09 08:50:19',NULL,'admin',100,2566,2566,'00:01:41',1,0,NULL),(53,'2023-11-09 00:00:00',101,'С-030533, Личани, Олицька селищна громада, Луцький район, Волинська область, 45272, Україна','Метельне 8','2023-11-09 10:16:12','2023-11-09 10:42:15',0,'00:26','00:09',2.82,17.59,NULL,2.82,'',0,0,0,0,4,3.5,141.84,124.11,'',0,'2023-11-09 10:47:42',NULL,'admin',100,729,729,'00:01:01',1,0,NULL),(55,'2023-11-09 00:00:00',859124537,'Личани, Олицька селищна громада, Луцький район, Волинська область, 45272, Україна','С-030533, Личани, Олицька селищна громада, Луцький район, Волинська область, 45272, Україна','2023-11-09 10:19:10','2023-11-09 10:42:53',0,'00:23','00:05',0.19,2.15,NULL,0.19,'',0,0,0,0,0,0,0,0,'',0,'2023-11-09 10:47:48',NULL,'admin',100,686,686,'00:01:01',1,0,NULL),(56,'2023-11-09 00:00:00',102,'Личани, Олицька селищна громада, Луцький район, Волинська область, 45272, Україна','С-030533, Личани, Олицька селищна громада, Луцький район, Волинська область, 45272, Україна','2023-11-09 10:20:18','2023-11-09 10:45:59',0,'00:25','00:03',0.16,2.59,NULL,0.16,'',0,0,0,0,-16.8,0,-10500,0,'',0,'2023-11-09 10:47:50',NULL,'admin',100,692,692,'00:01:01',1,0,NULL),(57,'2023-11-09 00:00:00',842281778,'С-030533, Личани, Олицька селищна громада, Луцький район, Волинська область, 45272, Україна','С-030533, Личани, Олицька селищна громада, Луцький район, Волинська область, 45272, Україна','2023-11-09 00:00:35','2023-11-09 00:00:35',0,'00:00','00:00',0,0,NULL,0.01,'',0,0,0,0,0,0,0,0,'',0,'2023-11-09 10:47:52',NULL,'admin',100,646,646,'00:02:07',1,0,NULL),(58,'2025-07-24 00:00:00',876164145,'С-030533, Личани, Олицька селищна громада, Луцький район, Волинська область, 45272, Україна','Личани, Олицька селищна громада, Луцький район, Волинська область, 45272, Україна','2025-07-24 17:53:44','2025-07-24 22:20:20',0,'04:26','01:07',17.93,16.03,NULL,8.9,'  Личани 2 : 10,7(11,63%) (Внесення ЗЗР)     Личани 4 : 5,93(8,76%) (Внесення ЗЗР)',0,0,0,0,0,0,0,0,'  Личани 2 : 10,7(11,63%) (Внесення ЗЗР)     Личани 4 : 3,14(4,64%) (Внесення ЗЗР)',13.84,'2025-07-25 08:40:40',NULL,'admin',100,2025,2025,'00:01:00',1,0,NULL),(59,'2025-07-24 00:00:00',808857912,'С-030533, Личани, Олицька селищна громада, Луцький район, Волинська область, 45272, Україна','Личани, Олицька селищна громада, Луцький район, Волинська область, 45272, Україна','2025-07-24 14:38:02','2025-07-24 22:05:04',0,'07:27','01:41',19.31,11.42,NULL,9.86,'  Личани 2 : 15,43(16,78%) (Внесення ЗЗР)     Личани 4 : 5,56(8,21%) (Внесення ЗЗР)',0,0,0,0,0,0,0,0,'  Личани 2 : 14,9(16,2%) (Внесення ЗЗР)     Личани 4 : 3,25(4,8%) (Внесення ЗЗР)',18.15,'2025-07-25 08:47:26',NULL,'admin',100,1979,1979,'00:01:00',1,0,NULL),(60,'2025-07-24 00:00:00',859124537,'С-030533, Личани, Олицька селищна громада, Луцький район, Волинська область, 45272, Україна','Личани, Олицька селищна громада, Луцький район, Волинська область, 45272, Україна','2025-07-24 22:05:19','2025-07-24 22:06:24',0,'00:01','00:01',0.1,5.41,NULL,0.1,'',0,0,0,0,0,0,0,0,'',0,'2025-07-25 08:51:41',NULL,'admin',100,1455,1455,'00:02:06',1,0,NULL),(61,'2025-07-24 00:00:00',102,'С-030533, Личани, Олицька селищна громада, Луцький район, Волинська область, 45272, Україна','С-030533, Личани, Олицька селищна громада, Луцький район, Волинська область, 45272, Україна','2025-07-24 14:18:03','2025-07-24 17:42:22',0,'03:24','00:07',0.79,6.62,NULL,0.79,'',0,0,0,0,1.2,0,151.9,0,'',0,'2025-07-25 08:51:59',NULL,'admin',100,1589,1589,'00:02:06',1,0,NULL),(62,'2025-07-24 00:00:00',842281778,'С-030533, Личани, Олицька селищна громада, Луцький район, Волинська область, 45272, Україна','С-030533, Личани, Олицька селищна громада, Луцький район, Волинська область, 45272, Україна','2025-07-24 08:22:04','2025-07-24 21:02:44',0,'12:40','00:41',10.29,14.95,NULL,7.46,'  Личани 4 : 6,48(9,57%) (Внесення ЗЗР)',0,0,0,0,0,0,0,0,'  Личани 4 : 3,47(5,13%) (Внесення ЗЗР)',3.47,'2025-07-25 08:53:40',NULL,'admin',100,1722,1722,'00:01:41',1,0,NULL),(63,'2025-07-24 00:00:00',808464436,'С-030533, Личани, Олицька селищна громада, Луцький район, Волинська область, 45272, Україна','Личани, Олицька селищна громада, Луцький район, Волинська область, 45272, Україна','2025-07-24 08:15:23','2025-07-24 22:01:59',0,'13:46','08:56',54.42,6.09,NULL,43.57,'  Личани 2 : 14,49(15,75%) (Внесення ЗЗР)     Личани 4 : 13,51(19,96%) (Внесення ЗЗР)',0,0,0,0,0,0,0,0,'  Личани 2 : 14,49(15,75%) (Внесення ЗЗР)     Личани 4 : 3,66(5,41%) (Внесення ЗЗР)',18.15,'2025-07-25 09:00:18',NULL,'admin',100,6612,6612,'00:01:04',1,0,NULL),(64,'2025-07-03 00:00:00',101,'С-030533, Личани, Олицька селищна громада, Луцький район, Волинська область, 45272, Україна','С-030533, Личани, Олицька селищна громада, Луцький район, Волинська область, 45272, Україна','2025-07-03 18:16:52','2025-07-03 23:46:14',0,'05:29','04:29',53.34,11.9,NULL,22.85,'  Личани 2 : 18,29(19,89%) (Культивація)',0,0,0,0,0,0,0,0,'  Личани 2 : 18,29(19,89%) (Культивація)',18.29,'2025-07-25 19:54:12',NULL,'admin',100,3297,3297,'00:01:44',1,0,NULL);

--
-- Table structure for table `agro_ordert`
--

CREATE TABLE `agro_ordert` (
  `Id` int(11) NOT NULL AUTO_INCREMENT,
  `Id_main` int(11) NOT NULL DEFAULT '0' COMMENT 'Ссылка на наряд',
  `Id_field` int(11) NOT NULL DEFAULT '0' COMMENT 'Ссылка на поле',
  `Id_zone` int(11) NOT NULL DEFAULT '0' COMMENT 'Ссылка на зону',
  `Id_driver` int(11) NOT NULL DEFAULT '0' COMMENT 'Водитель',
  `TimeStart` datetime DEFAULT NULL COMMENT 'Факт время начала работы в зоне',
  `TimeEnd` datetime DEFAULT NULL COMMENT 'Факт время окончания работ в зоне',
  `TimeMove` time DEFAULT NULL COMMENT 'Время движения, ч',
  `TimeStop` time DEFAULT NULL COMMENT 'Время стоянок, ч',
  `TimeRate` time DEFAULT NULL COMMENT 'Моточасы, ч',
  `Id_work` int(11) NOT NULL DEFAULT '0' COMMENT 'Ссылка на работу',
  `FactTime` time DEFAULT NULL COMMENT 'Факт время работ',
  `Distance` double NOT NULL DEFAULT '0' COMMENT 'Пройденный путь, км',
  `FactSquare` double(10,5) NOT NULL DEFAULT '0.00000' COMMENT 'Факт обработанная площадь',
  `FactSquareCalc` double(10,5) NOT NULL DEFAULT '0.00000' COMMENT 'Факт обработанная площадь полученная расчетом',
  `Price` double(10,2) NOT NULL DEFAULT '0.00' COMMENT 'Расценка',
  `Sum` double(10,2) NOT NULL DEFAULT '0.00' COMMENT 'Сумма за площадь',
  `SpeedAvg` double NOT NULL DEFAULT '0' COMMENT 'Средняя скорость выполнения работ',
  `Comment` text COMMENT 'Комментарий',
  `FuelStart` double(10,2) NOT NULL DEFAULT '0.00' COMMENT 'ДУТ Топливо в начале',
  `FuelAdd` double(10,2) NOT NULL DEFAULT '0.00' COMMENT 'ДУТ Заправлено',
  `FuelSub` double(10,2) NOT NULL DEFAULT '0.00' COMMENT 'ДУТ Слито',
  `FuelEnd` double(10,2) NOT NULL DEFAULT '0.00' COMMENT 'ДУТ Топливо в конце',
  `FuelExpens` double(10,2) NOT NULL DEFAULT '0.00' COMMENT 'ДУТ Общий расход топлива',
  `FuelExpensAvg` double(10,2) NOT NULL DEFAULT '0.00' COMMENT 'ДУТ Общий расход топлива на гектар',
  `FuelExpensAvgRate` double(10,2) NOT NULL DEFAULT '0.00' COMMENT 'ДУТ Средний расход, л/моточас',
  `Fuel_ExpensAvgRate` double(10,2) NOT NULL DEFAULT '0.00' COMMENT 'ДРТ/CAN Средний расход, л/моточас',
  `Fuel_ExpensMove` double(10,2) NOT NULL DEFAULT '0.00' COMMENT 'ДРТ/CAN Расход топлива в движении, л',
  `Fuel_ExpensStop` double(10,2) NOT NULL DEFAULT '0.00' COMMENT 'ДРТ/CAN Расход топлива на стоянках, л',
  `Fuel_ExpensAvg` double(10,2) NOT NULL DEFAULT '0.00' COMMENT 'ДРТ/CAN Средний расход, л/га',
  `Fuel_ExpensTotal` double(10,2) NOT NULL DEFAULT '0.00' COMMENT 'ДРТ/CAN Общий расход, л',
  `Id_agregat` int(11) NOT NULL DEFAULT '0' COMMENT 'Навесное оборудование',
  `Confirm` tinyint(1) NOT NULL DEFAULT '1' COMMENT 'Подтверждение обработки площади',
  `PointsValidity` int(11) NOT NULL DEFAULT '0' COMMENT 'Валидность данных',
  `LockRecord` tinyint(1) NOT NULL DEFAULT '0' COMMENT 'Запись заблокирована для пересчетов',
  `AgrInputSource` tinyint(4) NOT NULL DEFAULT '0' COMMENT 'Источник появления навесного оборудование: RFID метка,ручной ввод,значение из установок',
  `DrvInputSource` tinyint(4) NOT NULL DEFAULT '0' COMMENT 'Источник появления водителя: RFID метка,ручной ввод,значение из справочника',
  `Id_event_manually` int(11) DEFAULT NULL COMMENT 'Ссылка на запись в таблице agro_event_manually',
  `FactSquareJointProcessing` double DEFAULT '0' COMMENT 'Факт обработанная площадь совместно с другими нарядами',
  PRIMARY KEY (`Id`),
  KEY `Id_main_Order_FK1` (`Id_main`) USING BTREE,
  CONSTRAINT `Id_main_Order_FK1` FOREIGN KEY (`Id_main`) REFERENCES `agro_order` (`Id`) ON DELETE CASCADE ON UPDATE CASCADE
) ENGINE=InnoDB AUTO_INCREMENT=294 DEFAULT CHARSET=cp1251 COMMENT='Содержимое наряда';

--
-- Dumping data for table `agro_ordert`
--

INSERT INTO `agro_ordert` VALUES (56,16,0,0,1,'2020-04-22 00:00:28','2020-04-22 23:58:29','08:12:27','15:45:34','11:45:36',0,'23:58:01',105.07,0.00000,0.00000,0.00,0.00,12.8,NULL,10.00,130.56,0.00,100.00,40.56,0.00,3.45,0.00,0.00,0.00,0.00,0.00,9,0,100,0,3,3,0,0),(89,20,0,0,1,'2020-04-23 00:00:42','2020-04-23 08:55:39','00:26:11','08:28:46','00:18:59',0,'08:54:57',7.97,0.00000,0.00000,0.00,0.00,18.26,NULL,100.00,0.00,0.00,100.00,0.00,0.00,0.00,30.03,9.50,0.00,0.00,9.50,1,0,100,0,3,3,0,0),(90,20,4,1,1,'2020-04-23 08:55:39','2020-04-23 08:56:50','00:01:11','00:00:00','00:00:00',12,'00:01:11',0.4,0.24000,0.24000,0.00,0.00,20.28,NULL,100.00,0.00,0.00,100.00,0.00,0.00,0.00,0.00,0.00,0.00,0.00,0.00,1,1,100,0,3,3,0,0),(91,20,0,0,1,'2020-04-23 08:56:50','2020-04-23 09:27:04','00:12:59','00:17:15','00:00:00',0,'00:30:14',2.25,0.00000,0.00000,0.00,0.00,10.4,NULL,100.00,0.00,0.00,100.00,0.00,0.00,0.00,0.00,3.00,0.50,0.00,3.50,1,0,100,0,3,3,0,0),(92,20,4,1,1,'2020-04-23 09:27:04','2020-04-23 09:35:59','00:04:49','00:04:06','00:00:00',12,'00:08:55',0.8,0.48000,0.40000,0.00,0.00,9.97,NULL,100.00,0.00,0.00,100.00,0.00,0.00,0.00,0.00,3.00,0.50,8.75,3.50,1,1,100,0,3,3,0,0),(93,20,3,2,1,'2020-04-23 09:35:59','2020-04-23 21:11:45','10:04:22','01:31:24','10:30:29',12,'11:35:46',111.77,67.06000,54.27000,0.00,0.00,11.1,NULL,100.00,0.00,0.00,4.80,95.20,1.75,9.06,59.53,617.00,8.50,11.53,625.50,1,1,100,0,3,3,0,0),(94,20,0,0,1,'2020-04-23 21:11:45','2020-04-23 22:32:16','00:55:22','00:25:09','01:04:49',0,'01:20:31',14.57,0.00000,0.00000,0.00,0.00,15.79,NULL,4.80,0.00,0.00,100.00,-95.20,0.00,-88.13,26.84,29.00,0.00,0.00,29.00,1,0,100,0,3,3,0,0),(95,21,0,0,1,'2020-04-23 00:00:29','2020-04-23 12:58:15','02:53:58','10:03:48','03:20:12',0,'12:57:46',39.67,0.00000,0.00000,0.00,0.00,13.68,NULL,100.00,0.00,0.00,96.80,3.20,0.00,0.96,0.00,0.00,0.00,0.00,0.00,9,0,100,0,3,3,0,0),(96,21,10,6,1,'2020-04-23 12:58:15','2020-04-23 13:49:52','00:51:37','00:00:00','00:51:37',13,'00:51:37',10.14,36.50000,35.08000,0.00,0.00,11.79,NULL,96.80,0.00,0.00,88.00,8.80,0.25,10.23,0.00,0.00,0.00,0.00,0.00,9,1,100,0,3,3,0,0),(97,21,0,0,1,'2020-04-23 13:49:52','2020-04-23 13:54:48','00:04:56','00:00:00','00:04:56',0,'00:04:56',1.31,0.00000,0.00000,0.00,0.00,15.93,NULL,88.00,0.00,0.00,88.80,-0.80,0.00,-9.73,0.00,0.00,0.00,0.00,0.00,9,0,100,0,3,3,0,0),(98,21,9,3,1,'2020-04-23 13:54:48','2020-04-23 13:56:36','00:01:48','00:00:00','00:01:48',13,'00:01:48',0.59,2.12000,1.46000,0.00,0.00,19.67,NULL,88.80,0.00,0.00,86.00,2.80,1.92,93.33,0.00,0.00,0.00,0.00,0.00,9,1,100,0,3,3,0,0),(99,21,0,0,1,'2020-04-23 13:56:36','2020-04-23 13:59:40','00:03:04','00:00:00','00:03:04',0,'00:03:04',0.53,0.00000,0.00000,0.00,0.00,10.37,NULL,86.00,0.00,0.00,88.00,-2.00,0.00,-39.13,0.00,0.00,0.00,0.00,0.00,9,0,100,0,3,3,0,0),(100,21,5,8,1,'2020-04-23 13:59:40','2020-04-23 15:35:36','00:53:08','00:42:48','01:35:56',13,'01:35:56',9.85,35.46000,28.21000,0.00,0.00,11.12,NULL,88.00,0.00,0.00,80.80,7.20,0.26,4.50,0.00,0.00,0.00,0.00,0.00,9,1,100,0,3,3,0,0),(101,21,0,0,1,'2020-04-23 15:35:36','2020-04-23 15:37:36','00:02:00','00:00:00','00:02:00',0,'00:02:00',0.51,0.00000,0.00000,0.00,0.00,15.3,NULL,80.80,0.00,0.00,76.80,4.00,0.00,120.00,0.00,0.00,0.00,0.00,0.00,9,0,100,0,3,3,0,0),(102,21,9,3,1,'2020-04-23 15:37:36','2020-04-23 18:33:49','02:04:37','00:51:36','02:56:13',13,'02:56:13',24.92,89.71000,66.77000,0.00,0.00,12,NULL,76.80,0.00,0.00,68.00,8.80,0.13,3.00,0.00,0.00,0.00,0.00,0.00,9,1,100,0,3,3,0,0),(103,21,0,0,1,'2020-04-23 18:33:49','2020-04-23 18:37:08','00:02:15','00:01:04','00:03:19',0,'00:03:19',0.09,0.00000,0.00000,0.00,0.00,2.4,NULL,68.00,0.00,0.00,68.80,-0.80,0.00,-14.47,0.00,0.00,0.00,0.00,0.00,9,0,100,0,3,3,0,0),(104,21,8,4,1,'2020-04-23 18:37:08','2020-04-23 20:05:32','00:49:36','00:38:48','01:28:24',13,'01:28:24',8.64,31.10000,21.76000,0.00,0.00,10.45,NULL,68.80,0.00,0.00,62.80,6.00,0.28,4.07,0.00,0.00,0.00,0.00,0.00,9,1,100,0,3,3,0,0),(105,21,7,5,1,'2020-04-23 20:05:32','2020-04-23 20:10:20','00:04:48','00:00:00','00:04:48',13,'00:04:48',1.12,4.03000,3.88000,0.00,0.00,14,NULL,62.80,0.00,0.00,62.80,0.00,0.00,0.00,0.00,0.00,0.00,0.00,0.00,9,1,100,0,3,3,0,0),(106,21,10,6,1,'2020-04-23 20:10:20','2020-04-23 21:21:20','01:09:00','00:02:00','01:11:00',13,'01:11:00',13.46,48.46000,39.77000,0.00,0.00,11.7,NULL,62.80,0.00,0.00,56.80,6.00,0.15,5.07,0.00,0.00,0.00,0.00,0.00,9,1,100,0,3,3,0,0),(107,21,0,0,1,'2020-04-23 21:21:20','2020-04-23 22:34:29','00:38:38','00:34:31','00:39:22',0,'01:13:09',14.28,0.00000,0.00000,0.00,0.00,22.18,NULL,56.80,45.47,0.00,100.00,2.27,0.00,3.46,0.00,0.00,0.00,0.00,0.00,9,0,100,0,3,3,0,0),(108,22,0,0,1,'2020-04-24 00:00:56','2020-04-24 09:15:45','00:27:48','08:47:01','00:36:02',0,'09:14:49',7.8,0.00000,0.00000,0.00,0.00,16.83,NULL,100.00,0.00,0.00,100.00,0.00,0.00,0.00,13.32,8.00,0.00,0.00,8.00,1,0,100,0,3,3,0,0),(109,22,4,1,1,'2020-04-24 09:15:45','2020-04-24 09:17:05','00:01:20','00:00:00','00:01:20',12,'00:01:20',0.42,0.25000,0.25000,0.00,0.00,18.9,NULL,100.00,0.00,0.00,100.00,0.00,0.00,0.00,0.00,0.00,0.00,0.00,0.00,1,1,100,0,3,3,0,0),(110,22,0,0,1,'2020-04-24 09:17:05','2020-04-24 09:20:47','00:03:42','00:00:00','00:03:42',0,'00:03:42',0.74,0.00000,0.00000,0.00,0.00,12,NULL,100.00,0.00,0.00,100.00,0.00,0.00,0.00,0.00,0.00,0.00,0.00,0.00,1,0,100,0,3,3,0,0),(111,22,3,2,1,'2020-04-24 09:20:47','2020-04-24 09:27:12','00:06:25','00:00:00','00:06:25',12,'00:06:25',1.09,0.65000,0.39000,0.00,0.00,10.19,NULL,100.00,0.00,0.00,100.00,0.00,0.00,0.00,14.03,1.50,0.00,3.85,1.50,1,1,100,0,3,3,0,0),(112,22,0,0,1,'2020-04-24 09:27:12','2020-04-24 09:46:00','00:11:21','00:07:27','00:18:48',0,'00:18:48',1.72,0.00000,0.00000,0.00,0.00,9.09,NULL,100.00,0.00,0.00,100.00,0.00,0.00,0.00,3.19,0.50,0.50,0.00,1.00,1,0,100,0,3,3,0,0),(113,22,3,2,1,'2020-04-24 09:46:00','2020-04-24 11:38:15','01:32:47','00:19:28','01:52:15',12,'01:52:15',16.98,10.19000,9.23000,0.00,0.00,10.98,NULL,100.00,0.00,0.00,98.80,1.20,0.13,0.64,52.65,96.50,2.00,10.67,98.50,1,1,100,0,3,3,0,0),(114,22,0,0,1,'2020-04-24 11:38:15','2020-04-24 11:44:46','00:06:31','00:00:00','00:06:31',0,'00:06:31',0.86,0.00000,0.00000,0.00,0.00,7.92,NULL,98.80,0.00,0.00,100.00,-1.20,0.00,-11.05,46.04,5.00,0.00,0.00,5.00,1,0,100,0,3,3,0,0),(115,22,3,2,1,'2020-04-24 11:44:46','2020-04-24 13:07:44','00:55:27','00:27:31','00:58:53',12,'01:22:58',9.39,5.63000,5.45000,0.00,0.00,10.16,NULL,100.00,0.00,0.00,80.00,20.00,3.67,20.38,54.01,53.00,0.00,9.72,53.00,1,1,100,0,3,3,0,0),(116,22,0,0,1,'2020-04-24 13:07:44','2020-04-24 23:58:57','07:11:17','03:39:56','07:59:50',0,'10:51:13',83.71,0.00000,0.00000,0.00,0.00,11.65,NULL,80.00,54.81,10.58,100.00,34.81,0.00,4.35,52.77,414.50,7.50,0.00,422.00,1,0,100,0,3,3,0,0),(117,23,0,0,1,'2020-04-24 00:00:29','2020-04-24 10:33:00','00:45:42','09:46:49','01:33:36',0,'10:32:31',14.35,0.00000,0.00000,0.00,0.00,18.84,NULL,100.00,0.00,0.00,100.00,0.00,0.00,0.00,0.00,0.00,0.00,0.00,0.00,9,0,100,0,3,3,0,0),(118,23,10,6,1,'2020-04-24 10:33:00','2020-04-24 10:35:09','00:02:09','00:00:00','00:02:09',13,'00:02:09',0.16,0.58000,0.58000,0.00,0.00,4.47,NULL,100.00,0.00,0.00,100.00,0.00,0.00,0.00,0.00,0.00,0.00,0.00,0.00,9,1,100,0,3,3,0,0),(119,23,0,0,1,'2020-04-24 10:35:09','2020-04-24 10:36:40','00:01:31','00:00:00','00:01:31',0,'00:01:31',0.31,0.00000,0.00000,0.00,0.00,12.26,NULL,100.00,0.00,0.00,100.00,0.00,0.00,0.00,0.00,0.00,0.00,0.00,0.00,9,0,100,0,3,3,0,0),(120,23,10,6,1,'2020-04-24 10:36:40','2020-04-24 10:56:40','00:18:19','00:01:41','00:20:00',13,'00:20:00',3.5,12.60000,11.49000,0.00,0.00,11.46,NULL,100.00,0.00,0.00,98.80,1.20,0.10,3.60,0.00,0.00,0.00,0.00,0.00,9,1,100,0,3,3,0,0),(121,23,7,5,1,'2020-04-24 10:56:40','2020-04-24 13:38:12','02:08:15','00:33:17','02:41:32',13,'02:41:32',25.38,91.37000,71.02000,0.00,0.00,11.87,NULL,98.80,0.00,0.00,96.00,2.80,0.04,1.04,0.00,0.00,0.00,0.00,0.00,9,1,100,0,3,3,0,0),(122,23,0,0,1,'2020-04-24 13:38:12','2020-04-24 16:36:05','01:45:09','01:12:44','02:57:53',0,'02:57:53',19.59,0.00000,0.00000,0.00,0.00,11.18,NULL,96.00,0.00,0.00,80.00,16.00,0.00,5.40,0.00,0.00,0.00,0.00,0.00,9,0,100,0,3,3,0,0),(123,23,9,3,1,'2020-04-24 16:36:05','2020-04-24 16:37:54','00:01:49','00:00:00','00:01:49',13,'00:01:49',0.57,2.05000,1.36000,0.00,0.00,18.83,NULL,80.00,0.00,0.00,80.00,0.00,0.00,0.00,0.00,0.00,0.00,0.00,0.00,9,1,100,0,3,3,0,0),(124,23,0,0,1,'2020-04-24 16:37:54','2020-04-24 16:42:03','00:04:09','00:00:00','00:04:09',0,'00:04:09',0.89,0.00000,0.00000,0.00,0.00,12.87,NULL,80.00,0.00,0.00,80.80,-0.80,0.00,-11.57,0.00,0.00,0.00,0.00,0.00,9,0,100,0,3,3,0,0),(125,23,6,9,1,'2020-04-24 16:42:03','2020-04-24 19:12:41','01:55:57','00:34:41','02:30:38',13,'02:30:38',22.74,81.86000,57.20000,0.00,0.00,11.77,NULL,80.80,0.00,0.00,64.00,16.80,0.29,6.69,0.00,0.00,0.00,0.00,0.00,9,1,100,0,3,3,0,0),(126,23,5,8,1,'2020-04-24 19:12:41','2020-04-24 19:16:41','00:04:00','00:00:00','00:04:00',13,'00:04:00',1.12,4.03000,1.61000,0.00,0.00,16.8,NULL,64.00,0.00,0.00,66.80,-2.80,-1.74,-42.00,0.00,0.00,0.00,0.00,0.00,9,1,100,0,3,3,0,0),(127,23,0,0,1,'2020-04-24 19:16:41','2020-04-24 23:58:35','01:37:22','03:04:32','01:41:23',0,'04:41:54',23.36,0.00000,0.00000,0.00,0.00,14.4,NULL,66.80,38.26,0.00,100.00,5.06,0.00,2.99,0.00,0.00,0.00,0.00,0.00,9,0,100,0,3,3,0,0),(133,27,0,0,1,'2020-04-18 15:26:41','2020-04-18 23:58:15','00:03:51','08:27:43','00:00:00',0,'08:31:34',0.02,0.00000,0.00000,0.00,0.00,0.31,NULL,0.00,0.00,0.00,0.00,0.00,0.00,0.00,0.00,0.00,0.00,0.00,0.00,9,0,100,0,3,3,0,0),(134,28,0,0,1,'2020-04-19 00:00:15','2020-04-19 23:58:47','00:00:00','23:58:32','00:00:00',0,'23:58:32',0.02,0.00000,0.00000,0.00,0.00,0,NULL,0.00,0.00,0.00,0.00,0.00,0.00,0.00,0.00,0.00,0.00,0.00,0.00,9,0,100,0,3,3,0,0),(135,29,0,0,1,'2020-04-20 00:00:47','2020-04-20 23:58:54','00:00:00','23:58:07','00:00:00',0,'23:58:07',0.02,0.00000,0.00000,0.00,0.00,0,NULL,0.00,0.00,0.00,0.00,0.00,0.00,0.00,0.00,0.00,0.00,0.00,0.00,9,0,100,0,3,3,0,0),(136,30,0,0,1,'2020-04-21 00:00:54','2020-04-21 23:58:28','00:02:00','23:55:34','00:10:47',0,'23:57:34',0.08,0.00000,0.00000,0.00,0.00,2.4,NULL,6.00,0.00,0.00,10.00,-4.00,0.00,-22.26,0.00,0.00,0.00,0.00,0.00,9,0,100,0,3,3,0,0),(137,31,0,0,1,'2020-04-25 00:00:35','2020-04-25 12:42:02','00:08:05','12:33:22','00:11:30',0,'12:41:27',1.88,0.00000,0.00000,0.00,0.00,13.95,NULL,100.00,0.00,0.00,100.00,0.00,0.00,0.00,0.00,0.00,0.00,0.00,0.00,9,0,100,0,3,3,0,0),(138,31,13,11,1,'2020-04-25 12:42:02','2020-04-25 12:59:30','00:07:50','00:09:38','00:17:28',13,'00:17:28',2.79,10.04000,3.24000,0.00,0.00,21.37,NULL,100.00,0.00,0.00,100.00,0.00,0.00,0.00,0.00,0.00,0.00,0.00,0.00,9,1,100,0,3,3,0,0),(139,31,0,0,1,'2020-04-25 12:59:30','2020-04-25 14:45:36','01:01:03','00:45:03','01:33:29',0,'01:46:06',12.07,0.00000,0.00000,0.00,0.00,11.86,NULL,100.00,0.00,0.00,100.00,0.00,0.00,0.00,0.00,0.00,0.00,0.00,0.00,9,0,100,0,3,3,0,0),(140,31,12,10,1,'2020-04-25 14:45:36','2020-04-25 14:48:55','00:03:19','00:00:00','00:03:19',13,'00:03:19',0.85,3.06000,3.01000,0.00,0.00,15.38,NULL,100.00,0.00,0.00,100.00,0.00,0.00,0.00,0.00,0.00,0.00,0.00,0.00,9,1,100,0,3,3,0,0),(141,31,0,0,1,'2020-04-25 14:48:55','2020-04-25 15:33:43','00:34:34','00:10:14','00:44:48',0,'00:44:48',7.68,0.00000,0.00000,0.00,0.00,13.33,NULL,100.00,0.00,0.00,100.00,0.00,0.00,0.00,0.00,0.00,0.00,0.00,0.00,9,0,100,0,3,3,0,0),(142,31,12,10,1,'2020-04-25 15:33:43','2020-04-25 15:39:32','00:05:49','00:00:00','00:05:49',13,'00:05:49',1.18,4.25000,3.90000,0.00,0.00,12.17,NULL,100.00,0.00,0.00,98.80,1.20,0.31,12.38,0.00,0.00,0.00,0.00,0.00,9,1,100,0,3,3,0,0),(143,31,0,0,1,'2020-04-25 15:39:32','2020-04-25 19:06:29','02:32:45','00:54:12','03:12:20',0,'03:26:57',34.41,0.00000,0.00000,0.00,0.00,13.52,NULL,98.80,0.00,0.00,88.80,10.00,0.00,3.12,0.00,0.00,0.00,0.00,0.00,9,0,100,0,3,3,0,0),(144,31,13,11,1,'2020-04-25 19:06:29','2020-04-25 19:10:21','00:03:52','00:00:00','00:03:52',13,'00:03:52',1.28,4.61000,2.86000,0.00,0.00,19.86,NULL,88.80,0.00,0.00,86.80,2.00,0.70,31.03,0.00,0.00,0.00,0.00,0.00,9,1,100,0,3,3,0,0),(145,31,0,0,1,'2020-04-25 19:10:21','2020-04-25 20:52:41','00:43:56','00:58:24','00:47:55',0,'01:42:20',9.74,0.00000,0.00000,0.00,0.00,13.3,NULL,86.80,0.00,0.00,86.80,0.00,0.00,0.00,0.00,0.00,0.00,0.00,0.00,9,0,100,0,3,3,0,0),(146,31,12,10,1,'2020-04-25 20:52:41','2020-04-25 20:55:43','00:03:02','00:00:00','00:03:02',13,'00:03:02',0.87,3.13000,3.03000,0.00,0.00,17.21,NULL,86.80,0.00,0.00,82.80,4.00,1.32,79.12,0.00,0.00,0.00,0.00,0.00,9,1,100,0,3,3,0,0),(147,31,0,0,1,'2020-04-25 20:55:43','2020-04-25 23:58:38','00:38:39','02:24:16','00:39:13',0,'03:02:55',10.38,0.00000,0.00000,0.00,0.00,16.11,NULL,82.80,0.00,0.00,100.00,-17.20,0.00,-26.32,0.00,0.00,0.00,0.00,0.00,9,0,100,0,3,3,0,0),(148,32,0,0,1,'2020-04-26 00:00:38','2020-04-26 23:58:35','00:00:00','23:57:57','00:00:00',0,'23:57:57',0.01,0.00000,0.00000,0.00,0.00,0,NULL,100.00,0.00,0.00,100.00,0.00,0.00,0.00,0.00,0.00,0.00,0.00,0.00,9,0,100,0,3,3,0,0),(189,38,0,0,1,'2020-04-29 00:00:12','2020-04-29 00:19:07','00:17:40','00:01:15','00:18:55',0,'00:18:55',3.95,0.00000,0.00000,0.00,0.00,13.42,NULL,70.00,0.00,0.00,70.80,-0.80,0.00,-2.54,0.00,0.00,0.00,0.00,0.00,9,0,100,0,3,3,0,0),(190,38,22,12,1,'2020-04-29 00:19:07','2020-04-29 00:20:11','00:01:04','00:00:00','00:01:04',13,'00:01:04',0.33,1.19000,0.76000,0.00,0.00,18.56,NULL,70.80,0.00,0.00,66.80,4.00,5.26,225.00,0.00,0.00,0.00,0.00,0.00,9,1,100,0,3,3,0,0),(191,38,9,3,1,'2020-04-29 00:20:11','2020-04-29 00:22:05','00:01:54','00:00:00','00:01:54',13,'00:01:54',0.59,2.12000,1.43000,0.00,0.00,18.63,NULL,66.80,0.00,0.00,66.00,0.80,0.56,25.26,0.00,0.00,0.00,0.00,0.00,9,1,100,0,3,3,0,0),(192,38,0,0,1,'2020-04-29 00:22:05','2020-04-29 10:34:53','02:28:11','07:44:37','03:41:20',0,'10:12:48',40.83,0.00000,0.00000,0.00,0.00,16.53,NULL,66.00,41.80,0.00,100.00,7.80,0.00,2.11,0.00,0.00,0.00,0.00,0.00,9,0,100,0,3,3,0,0),(193,38,23,23,1,'2020-04-29 10:34:53','2020-04-29 11:16:18','00:41:25','00:00:00','00:41:25',13,'00:41:25',9.89,35.60000,29.16000,0.00,0.00,14.33,NULL,100.00,0.00,0.00,100.00,0.00,0.00,0.00,0.00,0.00,0.00,0.00,0.00,9,1,100,0,3,3,0,0),(194,38,0,0,1,'2020-04-29 11:16:18','2020-04-29 11:24:25','00:02:04','00:06:03','00:08:07',0,'00:08:07',0.13,0.00000,0.00000,0.00,0.00,3.77,NULL,100.00,0.00,0.00,100.00,0.00,0.00,0.00,0.00,0.00,0.00,0.00,0.00,9,0,100,0,3,3,0,0),(195,38,23,23,1,'2020-04-29 11:24:25','2020-04-29 11:59:37','00:33:12','00:02:00','00:35:12',13,'00:35:12',7.89,28.40000,22.94000,0.00,0.00,14.26,NULL,100.00,0.00,0.00,100.00,0.00,0.00,0.00,0.00,0.00,0.00,0.00,0.00,9,1,100,0,3,3,0,0),(196,38,24,24,1,'2020-04-29 11:59:37','2020-04-29 14:11:52','01:11:15','01:01:00','01:25:08',13,'02:12:15',17.96,64.66000,47.79000,0.00,0.00,15.12,NULL,100.00,0.00,0.00,100.00,0.00,0.00,0.00,0.00,0.00,0.00,0.00,0.00,9,1,100,0,3,3,0,0),(197,38,0,0,1,'2020-04-29 14:11:52','2020-04-29 16:20:52','01:14:23','00:54:37','01:26:47',0,'02:09:00',18.12,0.00000,0.00000,0.00,0.00,14.62,NULL,100.00,0.00,0.00,100.00,0.00,0.00,0.00,0.00,0.00,0.00,0.00,0.00,9,0,100,0,3,3,0,0),(202,40,0,0,1,'2020-05-01 00:00:59','2020-05-01 10:57:46','00:16:02','10:40:45','00:36:56',0,'10:56:47',2.56,0.00000,0.00000,0.00,0.00,9.58,NULL,100.00,0.00,0.00,100.00,0.00,0.00,0.00,0.00,0.00,0.00,0.00,0.00,9,0,100,0,3,3,0,0),(203,40,25,25,1,'2020-05-01 10:57:46','2020-05-01 17:22:36','02:23:46','04:01:04','06:24:50',13,'06:24:50',26.5,95.40000,26.69000,0.00,0.00,11.06,NULL,100.00,0.00,0.00,98.80,1.20,0.04,0.19,0.00,0.00,0.00,0.00,0.00,9,1,100,0,3,3,0,0),(204,40,0,0,1,'2020-05-01 17:22:36','2020-05-01 18:58:08','00:36:23','00:59:09','01:01:05',0,'01:35:32',8.61,0.00000,0.00000,0.00,0.00,14.2,NULL,98.80,0.00,0.00,92.00,6.80,0.00,6.68,0.00,0.00,0.00,0.00,0.00,9,0,100,0,3,3,0,0),(205,40,27,27,1,'2020-05-01 18:58:08','2020-05-01 20:43:32','01:10:38','00:34:46','01:45:24',13,'01:45:24',12.62,45.43000,39.94000,0.00,0.00,10.72,NULL,92.00,0.00,0.00,86.80,5.20,0.13,2.96,0.00,0.00,0.00,0.00,0.00,9,1,100,0,3,3,0,0),(206,41,0,0,1,'2020-05-04 00:00:23','2020-05-04 16:26:01','00:37:16','15:48:22','01:19:34',0,'16:25:38',8.65,0.00000,0.00000,0.00,0.00,13.93,NULL,100.00,0.00,0.00,100.00,0.00,0.00,0.00,0.00,0.00,0.00,0.00,0.00,9,0,100,0,3,3,0,0),(207,41,22,12,1,'2020-05-04 16:26:01','2020-05-04 16:47:52','00:20:28','00:01:23','00:21:51',13,'00:21:51',3.84,13.82000,12.16000,0.00,0.00,11.26,NULL,100.00,0.00,0.00,100.00,0.00,0.00,0.00,0.00,0.00,0.00,0.00,0.00,9,1,100,0,3,3,0,0),(212,44,0,0,1,'2020-05-12 00:00:36','2020-05-12 20:30:35','01:17:55','19:12:04','11:21:53',0,'20:29:59',13.88,0.00000,0.00000,0.00,0.00,10.69,NULL,82.80,28.55,0.00,100.00,11.35,0.00,1.00,0.00,0.00,0.00,0.00,0.00,9,0,100,0,3,3,0,0),(213,44,28,28,1,'2020-05-12 20:30:35','2020-05-12 23:11:17','02:13:44','00:26:58','02:40:42',13,'02:40:42',23.62,85.03000,68.29000,0.00,0.00,10.6,NULL,100.00,0.00,0.00,98.00,2.00,0.03,0.75,0.00,0.00,0.00,0.00,0.00,9,1,100,0,3,3,0,0),(214,44,0,0,1,'2020-05-12 23:11:17','2020-05-12 23:14:52','00:03:35','00:00:00','00:03:35',0,'00:03:35',0.53,0.00000,0.00000,0.00,0.00,8.87,NULL,98.00,0.00,0.00,100.00,-2.00,0.00,-33.49,0.00,0.00,0.00,0.00,0.00,9,0,100,0,3,3,0,0),(215,44,29,29,1,'2020-05-12 23:14:52','2020-05-12 23:58:42','00:28:03','00:15:47','00:43:50',13,'00:43:50',3.92,14.11000,13.86000,0.00,0.00,8.39,NULL,100.00,0.00,0.00,90.00,10.00,0.72,13.69,0.00,0.00,0.00,0.00,0.00,9,1,100,0,3,3,0,0),(216,45,29,29,1,'2020-05-13 00:00:04','2020-05-13 00:29:23','00:29:19','00:00:00','00:29:19',13,'00:29:19',4.52,16.27000,16.04000,0.00,0.00,9.25,NULL,88.80,0.00,0.00,86.00,2.80,0.17,5.73,0.00,0.00,0.00,0.00,0.00,9,1,100,0,3,3,0,0),(222,46,0,0,1,'2023-08-12 00:00:22','2023-08-12 08:55:29','00:10:34','08:44:33','00:41:42',0,'08:55:07',2.86,0.00000,0.00000,0.00,0.00,16.24,NULL,100.00,0.00,0.00,100.00,0.00,0.00,0.00,5.76,3.00,1.00,0.00,4.00,1,0,100,0,1,1,0,0),(223,46,28,28,1,'2023-08-12 08:55:29','2023-08-12 09:05:41','00:10:12','00:00:00','00:10:12',12,'00:10:12',2.41,1.45000,1.21000,0.00,0.00,14.18,NULL,100.00,0.00,0.00,100.00,0.00,0.00,0.00,35.29,6.00,0.00,4.96,6.00,1,1,100,0,1,1,0,0),(224,46,0,0,1,'2023-08-12 09:05:41','2023-08-12 09:29:14','00:23:33','00:00:00','00:23:33',0,'00:23:33',5.19,0.00000,0.00000,0.00,0.00,13.22,NULL,100.00,0.00,0.00,100.00,0.00,0.00,0.00,35.67,14.00,0.00,0.00,14.00,1,0,100,0,1,1,0,0),(225,46,28,28,1,'2023-08-12 09:29:14','2023-08-12 09:50:41','00:17:27','00:04:00','00:21:27',12,'00:21:27',3.88,2.33000,1.55000,0.00,0.00,13.34,NULL,100.00,0.00,0.00,96.00,4.00,2.58,11.19,30.77,10.50,0.50,7.10,11.00,1,1,100,0,1,1,0,0),(226,46,0,0,1,'2023-08-12 09:50:41','2023-08-12 10:39:43','00:44:33','00:04:29','00:49:02',0,'00:49:02',9.84,0.00000,0.00000,0.00,0.00,13.25,NULL,96.00,0.00,0.00,94.80,1.20,0.00,1.47,33.65,27.00,0.50,0.00,27.50,1,0,100,0,1,1,0,0),(242,49,0,0,1,'2023-11-07 00:00:22','2023-11-07 15:06:13','02:16:38','12:49:13','03:42:14',0,'15:05:51',27.01,0.00000,0.00000,0.00,0.00,11.86,NULL,12.80,43.08,0.00,36.80,19.08,0.00,5.15,25.65,89.00,6.00,0.00,95.00,1,0,100,0,3,3,0,0),(243,49,25,25,1,'2023-11-07 15:06:13','2023-11-07 17:57:32','02:32:37','00:18:42','02:51:19',12,'02:51:19',27.88,16.73000,13.19000,0.00,0.00,10.96,NULL,36.80,0.00,0.00,6.80,30.00,2.27,10.51,56.56,159.00,2.50,12.24,161.50,1,1,100,0,3,3,0,0),(244,49,0,0,1,'2023-11-07 17:57:32','2023-11-07 23:58:58','00:06:27','05:54:59','00:06:27',0,'06:01:26',2.25,0.00000,0.00000,0.00,0.00,20.93,NULL,6.80,0.00,0.00,10.80,-4.00,0.00,-37.21,9.30,1.00,0.00,0.00,1.00,1,0,100,0,3,3,0,0),(245,50,0,0,1,'2023-11-08 00:00:58','2023-11-08 10:03:00','00:08:57','09:53:05','00:02:06',0,'10:02:02',2.64,0.00000,0.00000,0.00,0.00,17.7,NULL,10.80,53.62,0.00,64.80,-0.38,0.00,-10.86,100.00,3.50,0.00,0.00,3.50,1,0,100,0,3,3,0,0),(246,50,25,25,1,'2023-11-08 10:03:00','2023-11-08 16:09:46','05:04:49','01:01:57','00:00:00',12,'06:06:46',54.75,32.85000,28.95000,0.00,0.00,10.78,NULL,64.80,0.00,0.00,4.00,60.80,2.10,0.00,0.00,288.50,45.50,11.54,334.00,1,1,100,0,3,3,0,0),(247,50,0,0,1,'2023-11-08 16:09:46','2023-11-08 23:58:10','00:10:27','07:37:57','00:00:00',0,'07:48:24',3,0.00000,0.00000,0.00,0.00,17.22,NULL,4.00,0.00,0.00,4.80,-0.80,0.00,0.00,0.00,2.00,0.00,0.00,2.00,1,0,100,0,3,3,0,0),(250,53,0,0,1,'2023-11-09 00:00:10','2023-11-09 10:46:16','00:09:37','10:36:29','00:20:22',0,'10:46:06',2.82,0.00000,0.00000,0.00,0.00,17.59,NULL,4.80,99.20,0.00,100.00,4.00,0.00,11.78,10.31,3.50,0.00,0.00,3.50,1,0,100,0,3,3,0,0),(252,55,0,0,1,'2023-11-09 00:00:06','2023-11-09 10:46:53','00:05:14','10:41:33','00:00:00',0,'10:46:47',0.19,0.00000,0.00000,0.00,0.00,2.18,NULL,0.00,0.00,0.00,0.00,0.00,0.00,0.00,0.00,0.00,0.00,0.00,0.00,19,0,100,0,3,3,0,0),(253,56,0,0,1,'2023-11-09 00:00:21','2023-11-09 10:46:59','00:03:38','10:43:00','00:33:20',0,'10:46:38',0.16,0.00000,0.00000,0.00,0.00,2.64,NULL,12.00,0.00,0.00,28.80,-16.80,0.00,-30.24,0.00,0.00,0.00,0.00,0.00,9,0,100,0,3,3,0,0),(254,57,0,0,1,'2023-11-09 00:00:35','2023-11-09 10:46:40','00:00:00','10:46:05','00:00:00',0,'10:46:05',0.01,0.00000,0.00000,0.00,0.00,0,NULL,0.00,0.00,0.00,0.00,0.00,0.00,0.00,0.00,0.00,0.00,0.00,0.00,19,0,100,0,3,3,0,0),(255,58,0,0,1,'2025-07-24 00:00:16','2025-07-24 17:59:18','00:05:34','17:53:28','00:00:00',0,'17:59:02',1.81,0.00000,0.00000,0.00,0.00,19.51,NULL,0.00,0.00,0.00,0.00,0.00,0.00,0.00,0.00,0.00,0.00,0.00,0.00,20,0,100,0,3,3,0,0),(256,58,13,11,1,'2025-07-24 17:59:18','2025-07-24 18:01:20','00:02:02','00:00:00','00:00:00',13,'00:02:02',1.42,5.11000,2.83000,0.00,0.00,41.9,NULL,0.00,0.00,0.00,0.00,0.00,0.00,0.00,0.00,0.00,0.00,0.00,0.00,20,1,100,0,3,3,0,0),(257,58,0,0,1,'2025-07-24 18:01:20','2025-07-24 18:04:54','00:03:34','00:00:00','00:00:00',0,'00:03:34',2.55,0.00000,0.00000,0.00,0.00,42.9,NULL,0.00,0.00,0.00,0.00,0.00,0.00,0.00,0.00,0.00,0.00,0.00,0.00,20,0,100,0,3,3,0,0),(258,58,12,10,1,'2025-07-24 18:04:54','2025-07-24 21:18:43','00:32:25','02:41:24','00:00:00',13,'03:13:49',6.19,22.28000,10.70000,0.00,0.00,11.46,NULL,0.00,0.00,0.00,0.00,0.00,0.00,0.00,0.00,0.00,0.00,0.00,0.00,20,1,100,0,3,3,0,0),(259,58,0,0,1,'2025-07-24 21:18:43','2025-07-24 21:38:35','00:09:38','00:10:14','00:00:00',0,'00:19:52',2.54,0.00000,0.00000,0.00,0.00,15.82,NULL,0.00,0.00,0.00,0.00,0.00,0.00,0.00,0.00,0.00,0.00,0.00,0.00,20,0,100,0,3,3,0,0),(260,58,13,11,1,'2025-07-24 21:38:35','2025-07-24 21:42:52','00:04:17','00:00:00','00:00:00',13,'00:04:17',1.42,5.11000,3.10000,0.00,0.00,19.89,NULL,0.00,0.00,0.00,0.00,0.00,0.00,0.00,0.00,0.00,0.00,0.00,0.00,20,1,100,0,3,3,0,0),(261,58,0,0,1,'2025-07-24 21:42:52','2025-07-24 23:58:20','00:09:38','02:05:50','00:00:00',0,'02:15:28',2,0.00000,0.00000,0.00,0.00,12.46,NULL,0.00,0.00,0.00,0.00,0.00,0.00,0.00,0.00,0.00,0.00,0.00,0.00,20,0,100,0,3,3,0,0),(262,59,0,0,1,'2025-07-24 00:00:52','2025-07-24 17:31:40','00:15:37','17:15:11','00:00:00',0,'17:30:48',2.27,0.00000,0.00000,0.00,0.00,8.72,NULL,0.00,0.00,0.00,0.00,0.00,0.00,0.00,0.00,0.00,0.00,0.00,0.00,20,0,100,0,3,3,0,0),(263,59,13,11,1,'2025-07-24 17:31:40','2025-07-24 17:33:56','00:02:16','00:00:00','00:00:00',13,'00:02:16',1.18,4.25000,2.31000,0.00,0.00,31.24,NULL,0.00,0.00,0.00,0.00,0.00,0.00,0.00,0.00,0.00,0.00,0.00,0.00,20,1,100,0,3,3,0,0),(264,59,0,0,1,'2025-07-24 17:33:56','2025-07-24 17:40:32','00:06:36','00:00:00','00:00:00',0,'00:06:36',2.93,0.00000,0.00000,0.00,0.00,26.64,NULL,0.00,0.00,0.00,0.00,0.00,0.00,0.00,0.00,0.00,0.00,0.00,0.00,20,0,100,0,3,3,0,0),(265,59,12,10,1,'2025-07-24 17:40:32','2025-07-24 19:05:23','00:08:25','01:16:26','00:00:00',13,'01:24:51',0.94,3.38000,3.38000,0.00,0.00,6.7,NULL,0.00,0.00,0.00,0.00,0.00,0.00,0.00,0.00,0.00,0.00,0.00,0.00,20,1,100,0,3,3,0,0),(266,59,0,0,1,'2025-07-24 19:05:23','2025-07-24 19:22:30','00:01:21','00:15:46','00:00:00',0,'00:17:07',0.12,0.00000,0.00000,0.00,0.00,5.33,NULL,0.00,0.00,0.00,0.00,0.00,0.00,0.00,0.00,0.00,0.00,0.00,0.00,20,0,100,0,3,3,0,0),(267,59,12,10,1,'2025-07-24 19:22:30','2025-07-24 21:17:21','00:45:07','01:09:44','00:00:00',13,'01:54:51',5.92,21.31000,12.05000,0.00,0.00,7.87,NULL,0.00,0.00,0.00,0.00,0.00,0.00,0.00,0.00,0.00,0.00,0.00,0.00,20,1,100,0,3,3,0,0),(268,59,0,0,1,'2025-07-24 21:17:21','2025-07-24 21:36:22','00:09:03','00:09:58','00:00:00',0,'00:19:01',2.59,0.00000,0.00000,0.00,0.00,17.17,NULL,0.00,0.00,0.00,0.00,0.00,0.00,0.00,0.00,0.00,0.00,0.00,0.00,20,0,100,0,3,3,0,0),(269,59,13,11,1,'2025-07-24 21:36:22','2025-07-24 21:40:05','00:03:43','00:00:00','00:00:00',13,'00:03:43',1.42,5.11000,3.25000,0.00,0.00,22.92,NULL,0.00,0.00,0.00,0.00,0.00,0.00,0.00,0.00,0.00,0.00,0.00,0.00,20,1,100,0,3,3,0,0),(270,59,0,0,1,'2025-07-24 21:40:05','2025-07-24 23:58:04','00:09:20','02:08:39','00:00:00',0,'02:17:59',1.95,0.00000,0.00000,0.00,0.00,12.54,NULL,0.00,0.00,0.00,0.00,0.00,0.00,0.00,0.00,0.00,0.00,0.00,0.00,20,0,100,0,3,3,0,0),(271,60,0,0,1,'2025-07-24 00:00:06','2025-07-24 23:58:23','00:01:05','23:57:12','00:00:00',0,'23:58:17',0.1,0.00000,0.00000,0.00,0.00,5.54,NULL,0.00,0.00,0.00,0.00,0.00,0.00,0.00,0.00,0.00,0.00,0.00,0.00,20,0,100,0,3,3,0,0),(272,61,0,0,1,'2025-07-24 00:00:36','2025-07-24 23:58:22','00:07:07','23:50:39','00:13:33',0,'23:57:46',0.79,0.00000,0.00000,0.00,0.00,6.66,NULL,98.00,0.00,0.00,96.80,1.20,0.00,5.31,0.00,0.00,0.00,0.00,0.00,20,0,100,0,3,3,0,0),(273,62,0,0,1,'2025-07-24 00:00:41','2025-07-24 09:17:18','00:12:21','09:04:16','00:00:00',0,'09:16:37',2.14,0.00000,0.00000,0.00,0.00,10.4,NULL,0.00,0.00,0.00,0.00,0.00,0.00,0.00,0.00,0.00,0.00,0.00,0.00,20,0,100,0,3,3,0,0),(274,62,13,11,1,'2025-07-24 09:17:18','2025-07-24 09:22:01','00:04:43','00:00:00','00:00:00',13,'00:04:43',1.42,5.11000,3.46000,0.00,0.00,18.06,NULL,0.00,0.00,0.00,0.00,0.00,0.00,0.00,0.00,0.00,0.00,0.00,0.00,20,1,100,0,3,3,0,0),(275,62,0,0,1,'2025-07-24 09:22:01','2025-07-24 20:51:47','00:13:17','11:16:29','00:00:00',0,'11:29:46',3.5,0.00000,0.00000,0.00,0.00,15.81,NULL,0.00,0.00,0.00,0.00,0.00,0.00,0.00,0.00,0.00,0.00,0.00,0.00,20,0,100,0,3,3,0,0),(276,62,13,11,1,'2025-07-24 20:51:47','2025-07-24 20:55:32','00:03:45','00:00:00','00:00:00',13,'00:03:45',1.42,5.11000,3.02000,0.00,0.00,22.72,NULL,0.00,0.00,0.00,0.00,0.00,0.00,0.00,0.00,0.00,0.00,0.00,0.00,20,1,100,0,3,3,0,0),(277,62,0,0,1,'2025-07-24 20:55:32','2025-07-24 23:58:44','00:07:12','02:56:00','00:00:00',0,'03:03:12',1.82,0.00000,0.00000,0.00,0.00,15.17,NULL,0.00,0.00,0.00,0.00,0.00,0.00,0.00,0.00,0.00,0.00,0.00,0.00,20,0,100,0,3,3,0,0),(278,63,0,0,1,'2025-07-24 08:11:24','2025-07-24 09:58:00','00:14:56','01:31:40','00:00:00',0,'01:46:36',2.46,0.00000,0.00000,0.00,0.00,9.88,NULL,0.00,0.00,0.00,0.00,0.00,0.00,0.00,0.00,0.00,0.00,0.00,0.00,20,0,100,0,3,3,0,0),(279,63,13,11,1,'2025-07-24 09:58:00','2025-07-24 10:01:26','00:03:26','00:00:00','00:00:00',13,'00:03:26',1.42,5.11000,3.04000,0.00,0.00,24.82,NULL,0.00,0.00,0.00,0.00,0.00,0.00,0.00,0.00,0.00,0.00,0.00,0.00,20,1,100,0,3,3,0,0),(280,63,0,0,1,'2025-07-24 10:01:26','2025-07-24 14:58:33','03:39:02','01:18:05','00:00:00',0,'04:57:07',18.65,0.00000,0.00000,0.00,0.00,5.11,NULL,0.00,0.00,0.00,0.00,0.00,0.00,0.00,0.00,0.00,0.00,0.00,0.00,20,0,100,0,3,3,0,0),(281,63,13,11,1,'2025-07-24 14:58:33','2025-07-24 15:01:14','00:02:41','00:00:00','00:00:00',13,'00:02:41',1.42,5.11000,3.62000,0.00,0.00,31.75,NULL,0.00,0.00,0.00,0.00,0.00,0.00,0.00,0.00,0.00,0.00,0.00,0.00,20,1,100,0,3,3,0,0),(282,63,0,0,1,'2025-07-24 15:01:14','2025-07-24 16:13:42','00:16:35','00:55:53','00:00:00',0,'01:12:28',3.85,0.00000,0.00000,0.00,0.00,13.93,NULL,0.00,0.00,0.00,0.00,0.00,0.00,0.00,0.00,0.00,0.00,0.00,0.00,20,0,100,0,3,3,0,0),(283,63,13,11,1,'2025-07-24 16:13:42','2025-07-24 16:16:31','00:02:49','00:00:00','00:00:00',13,'00:02:49',1.42,5.11000,3.57000,0.00,0.00,30.25,NULL,0.00,0.00,0.00,0.00,0.00,0.00,0.00,0.00,0.00,0.00,0.00,0.00,20,1,100,0,3,3,0,0),(284,63,0,0,1,'2025-07-24 16:16:31','2025-07-24 19:04:54','02:40:33','00:07:50','00:00:00',0,'02:48:23',13.86,0.00000,0.00000,0.00,0.00,5.18,NULL,0.00,0.00,0.00,0.00,0.00,0.00,0.00,0.00,0.00,0.00,0.00,0.00,20,0,100,0,3,3,0,0),(285,63,12,10,1,'2025-07-24 19:04:54','2025-07-24 21:08:19','01:27:11','00:36:14','00:00:00',13,'02:03:25',5.18,18.65000,14.49000,0.00,0.00,3.56,NULL,0.00,0.00,0.00,0.00,0.00,0.00,0.00,0.00,0.00,0.00,0.00,0.00,20,1,100,0,3,3,0,0),(286,63,0,0,1,'2025-07-24 21:08:19','2025-07-24 21:32:02','00:14:55','00:08:48','00:00:00',0,'00:23:43',2.87,0.00000,0.00000,0.00,0.00,11.54,NULL,0.00,0.00,0.00,0.00,0.00,0.00,0.00,0.00,0.00,0.00,0.00,0.00,20,0,100,0,3,3,0,0),(287,63,13,11,1,'2025-07-24 21:32:02','2025-07-24 21:35:59','00:03:57','00:00:00','00:00:00',13,'00:03:57',1.42,5.11000,3.28000,0.00,0.00,21.57,NULL,0.00,0.00,0.00,0.00,0.00,0.00,0.00,0.00,0.00,0.00,0.00,0.00,20,1,100,0,3,3,0,0),(288,63,0,0,1,'2025-07-24 21:35:59','2025-07-24 22:45:58','00:10:18','00:59:41','00:00:00',0,'01:09:59',1.88,0.00000,0.00000,0.00,0.00,10.95,NULL,0.00,0.00,0.00,0.00,0.00,0.00,0.00,0.00,0.00,0.00,0.00,0.00,20,0,100,0,3,3,0,0),(289,64,0,0,1,'2025-07-03 00:00:52','2025-07-03 20:45:57','01:36:51','19:08:14','00:00:00',0,'20:45:05',19.84,0.00000,0.00000,0.00,0.00,12.29,NULL,100.00,0.00,0.00,100.00,0.00,0.00,0.00,0.00,0.00,0.00,0.00,0.00,1,0,100,0,3,3,0,0),(290,64,12,10,1,'2025-07-03 20:45:57','2025-07-03 20:58:53','00:09:56','00:03:00','00:00:00',12,'00:12:56',1.75,1.05000,1.05000,0.00,0.00,10.57,NULL,100.00,0.00,0.00,100.00,0.00,0.00,0.00,0.00,0.00,0.00,0.00,0.00,1,1,100,0,3,3,0,0),(291,64,0,0,1,'2025-07-03 20:58:53','2025-07-03 21:01:44','00:02:51','00:00:00','00:00:00',0,'00:02:51',0.4,0.00000,0.00000,0.00,0.00,8.42,NULL,100.00,0.00,0.00,100.00,0.00,0.00,0.00,0.00,0.00,0.00,0.00,0.00,1,0,100,0,3,3,0,0),(292,64,12,10,1,'2025-07-03 21:01:44','2025-07-03 23:33:57','02:29:13','00:03:00','00:00:00',12,'02:32:13',28.73,17.24000,17.24000,0.00,0.00,11.55,NULL,100.00,0.00,0.00,100.00,0.00,0.00,0.00,0.00,0.00,0.00,0.00,0.00,1,1,100,0,3,3,0,0),(293,64,0,0,1,'2025-07-03 23:33:57','2025-07-03 23:58:13','00:10:11','00:14:05','00:00:00',0,'00:24:16',2.61,0.00000,0.00000,0.00,0.00,15.38,NULL,100.00,0.00,0.00,100.00,0.00,0.00,0.00,0.00,0.00,0.00,0.00,0.00,1,0,100,0,3,3,0,0);

--
-- Table structure for table `agro_ordert_control`
--

CREATE TABLE `agro_ordert_control` (
  `Id` int(11) NOT NULL AUTO_INCREMENT,
  `Id_main` int(11) NOT NULL DEFAULT '0' COMMENT 'Ссылка на наряд',
  `Id_object` int(11) NOT NULL DEFAULT '0' COMMENT 'Код объекта управления',
  `Type_object` tinyint(4) NOT NULL DEFAULT '0' COMMENT 'Тип объекта управления',
  `TimeStart` datetime NOT NULL COMMENT 'Факт время начала работы',
  `TimeEnd` datetime NOT NULL COMMENT 'Факт время окончания работ',
  PRIMARY KEY (`Id`),
  KEY `FK_agro_ordert_control_agro_order_Id` (`Id_main`),
  CONSTRAINT `FK_agro_ordert_control_agro_order_Id` FOREIGN KEY (`Id_main`) REFERENCES `agro_order` (`Id`) ON DELETE CASCADE ON UPDATE CASCADE
) ENGINE=InnoDB AUTO_INCREMENT=420 DEFAULT CHARSET=cp1251 COMMENT='Управляющие данные для наряда';

--
-- Dumping data for table `agro_ordert_control`
--

INSERT INTO `agro_ordert_control` VALUES (86,16,9,2,'2020-04-22 00:00:28','2020-04-22 23:58:29'),(87,16,1,1,'2020-04-22 00:00:28','2020-04-22 23:58:29'),(88,16,0,3,'2020-04-22 00:00:28','2020-04-22 23:58:29'),(127,20,1,2,'2020-04-23 00:00:42','2020-04-23 22:32:16'),(128,20,1,1,'2020-04-23 00:00:42','2020-04-23 22:32:16'),(129,20,0,3,'2020-04-23 00:00:42','2020-04-23 08:55:39'),(130,20,4,3,'2020-04-23 08:55:39','2020-04-23 08:56:50'),(131,20,0,3,'2020-04-23 08:56:50','2020-04-23 09:27:04'),(132,20,4,3,'2020-04-23 09:27:04','2020-04-23 09:35:59'),(133,20,3,3,'2020-04-23 09:35:59','2020-04-23 21:11:45'),(134,20,0,3,'2020-04-23 21:11:45','2020-04-23 22:32:16'),(135,21,9,2,'2020-04-23 00:00:29','2020-04-23 22:34:29'),(136,21,1,1,'2020-04-23 00:00:29','2020-04-23 22:34:29'),(137,21,0,3,'2020-04-23 00:00:29','2020-04-23 12:58:15'),(138,21,10,3,'2020-04-23 12:58:15','2020-04-23 13:49:52'),(139,21,0,3,'2020-04-23 13:49:52','2020-04-23 13:54:48'),(140,21,9,3,'2020-04-23 13:54:48','2020-04-23 13:56:36'),(141,21,0,3,'2020-04-23 13:56:36','2020-04-23 13:59:40'),(142,21,5,3,'2020-04-23 13:59:40','2020-04-23 15:35:36'),(143,21,0,3,'2020-04-23 15:35:36','2020-04-23 15:37:36'),(144,21,9,3,'2020-04-23 15:37:36','2020-04-23 18:33:49'),(145,21,0,3,'2020-04-23 18:33:49','2020-04-23 18:37:08'),(146,21,8,3,'2020-04-23 18:37:08','2020-04-23 20:05:32'),(147,21,7,3,'2020-04-23 20:05:32','2020-04-23 20:10:20'),(148,21,10,3,'2020-04-23 20:10:20','2020-04-23 21:21:20'),(149,21,0,3,'2020-04-23 21:21:20','2020-04-23 22:34:29'),(150,22,1,2,'2020-04-24 00:00:56','2020-04-24 23:58:57'),(151,22,1,1,'2020-04-24 00:00:56','2020-04-24 23:58:57'),(152,22,0,3,'2020-04-24 00:00:56','2020-04-24 09:15:45'),(153,22,4,3,'2020-04-24 09:15:45','2020-04-24 09:17:05'),(154,22,0,3,'2020-04-24 09:17:05','2020-04-24 09:20:47'),(155,22,3,3,'2020-04-24 09:20:47','2020-04-24 09:27:12'),(156,22,0,3,'2020-04-24 09:27:12','2020-04-24 09:46:00'),(157,22,3,3,'2020-04-24 09:46:00','2020-04-24 11:38:15'),(158,22,0,3,'2020-04-24 11:38:15','2020-04-24 11:44:46'),(159,22,3,3,'2020-04-24 11:44:46','2020-04-24 13:07:44'),(160,22,0,3,'2020-04-24 13:07:44','2020-04-24 23:58:57'),(161,23,9,2,'2020-04-24 00:00:29','2020-04-24 23:58:35'),(162,23,1,1,'2020-04-24 00:00:29','2020-04-24 23:58:35'),(163,23,0,3,'2020-04-24 00:00:29','2020-04-24 10:33:00'),(164,23,10,3,'2020-04-24 10:33:00','2020-04-24 10:35:09'),(165,23,0,3,'2020-04-24 10:35:09','2020-04-24 10:36:40'),(166,23,10,3,'2020-04-24 10:36:40','2020-04-24 10:56:40'),(167,23,7,3,'2020-04-24 10:56:40','2020-04-24 13:38:12'),(168,23,0,3,'2020-04-24 13:38:12','2020-04-24 16:36:05'),(169,23,9,3,'2020-04-24 16:36:05','2020-04-24 16:37:54'),(170,23,0,3,'2020-04-24 16:37:54','2020-04-24 16:42:03'),(171,23,6,3,'2020-04-24 16:42:03','2020-04-24 19:12:41'),(172,23,5,3,'2020-04-24 19:12:41','2020-04-24 19:16:41'),(173,23,0,3,'2020-04-24 19:16:41','2020-04-24 23:58:35'),(185,27,9,2,'2020-04-18 15:26:41','2020-04-18 23:58:15'),(186,27,1,1,'2020-04-18 15:26:41','2020-04-18 23:58:15'),(187,27,0,3,'2020-04-18 15:26:41','2020-04-18 23:58:15'),(188,28,9,2,'2020-04-19 00:00:15','2020-04-19 23:58:47'),(189,28,1,1,'2020-04-19 00:00:15','2020-04-19 23:58:47'),(190,28,0,3,'2020-04-19 00:00:15','2020-04-19 23:58:47'),(191,29,9,2,'2020-04-20 00:00:47','2020-04-20 23:58:54'),(192,29,1,1,'2020-04-20 00:00:47','2020-04-20 23:58:54'),(193,29,0,3,'2020-04-20 00:00:47','2020-04-20 23:58:54'),(194,30,9,2,'2020-04-21 00:00:54','2020-04-21 23:58:28'),(195,30,1,1,'2020-04-21 00:00:54','2020-04-21 23:58:28'),(196,30,0,3,'2020-04-21 00:00:54','2020-04-21 23:58:28'),(197,31,9,2,'2020-04-25 00:00:35','2020-04-25 23:58:38'),(198,31,1,1,'2020-04-25 00:00:35','2020-04-25 23:58:38'),(199,31,0,3,'2020-04-25 00:00:35','2020-04-25 12:42:02'),(200,31,13,3,'2020-04-25 12:42:02','2020-04-25 12:59:30'),(201,31,0,3,'2020-04-25 12:59:30','2020-04-25 14:45:36'),(202,31,12,3,'2020-04-25 14:45:36','2020-04-25 14:48:55'),(203,31,0,3,'2020-04-25 14:48:55','2020-04-25 15:33:43'),(204,31,12,3,'2020-04-25 15:33:43','2020-04-25 15:39:32'),(205,31,0,3,'2020-04-25 15:39:32','2020-04-25 19:06:29'),(206,31,13,3,'2020-04-25 19:06:29','2020-04-25 19:10:21'),(207,31,0,3,'2020-04-25 19:10:21','2020-04-25 20:52:41'),(208,31,12,3,'2020-04-25 20:52:41','2020-04-25 20:55:43'),(209,31,0,3,'2020-04-25 20:55:43','2020-04-25 23:58:38'),(210,32,9,2,'2020-04-26 00:00:38','2020-04-26 23:58:35'),(211,32,1,1,'2020-04-26 00:00:38','2020-04-26 23:58:35'),(212,32,0,3,'2020-04-26 00:00:38','2020-04-26 23:58:35'),(263,38,9,2,'2020-04-29 00:00:12','2020-04-29 16:20:52'),(264,38,1,1,'2020-04-29 00:00:12','2020-04-29 16:20:52'),(265,38,0,3,'2020-04-29 00:00:12','2020-04-29 00:19:07'),(266,38,22,3,'2020-04-29 00:19:07','2020-04-29 00:20:11'),(267,38,9,3,'2020-04-29 00:20:11','2020-04-29 00:22:05'),(268,38,0,3,'2020-04-29 00:22:05','2020-04-29 10:34:53'),(269,38,23,3,'2020-04-29 10:34:53','2020-04-29 11:16:18'),(270,38,0,3,'2020-04-29 11:16:18','2020-04-29 11:24:25'),(271,38,23,3,'2020-04-29 11:24:25','2020-04-29 11:59:37'),(272,38,24,3,'2020-04-29 11:59:37','2020-04-29 14:11:52'),(273,38,0,3,'2020-04-29 14:11:52','2020-04-29 16:20:52'),(280,40,9,2,'2020-05-01 00:00:59','2020-05-01 20:43:32'),(281,40,1,1,'2020-05-01 00:00:59','2020-05-01 20:43:32'),(282,40,0,3,'2020-05-01 00:00:59','2020-05-01 10:57:46'),(283,40,25,3,'2020-05-01 10:57:46','2020-05-01 17:22:36'),(284,40,0,3,'2020-05-01 17:22:36','2020-05-01 18:58:08'),(285,40,27,3,'2020-05-01 18:58:08','2020-05-01 20:43:32'),(286,41,9,2,'2020-05-04 00:00:23','2020-05-04 16:47:52'),(287,41,1,1,'2020-05-04 00:00:23','2020-05-04 16:47:52'),(288,41,0,3,'2020-05-04 00:00:23','2020-05-04 16:26:01'),(289,41,22,3,'2020-05-04 16:26:01','2020-05-04 16:47:52'),(298,44,9,2,'2020-05-12 00:00:36','2020-05-12 23:58:42'),(299,44,1,1,'2020-05-12 00:00:36','2020-05-12 23:58:42'),(300,44,0,3,'2020-05-12 00:00:36','2020-05-12 20:30:35'),(301,44,28,3,'2020-05-12 20:30:35','2020-05-12 23:11:17'),(302,44,0,3,'2020-05-12 23:11:17','2020-05-12 23:14:52'),(303,44,29,3,'2020-05-12 23:14:52','2020-05-12 23:58:42'),(304,45,9,2,'2020-05-13 00:00:04','2020-05-13 00:29:23'),(305,45,1,1,'2020-05-13 00:00:04','2020-05-13 00:29:23'),(306,45,29,3,'2020-05-13 00:00:04','2020-05-13 00:29:23'),(307,46,1,2,'2023-08-12 00:00:22','2023-08-12 10:39:43'),(308,46,1,1,'2023-08-12 00:00:22','2023-08-12 10:39:43'),(309,46,0,3,'2023-08-12 00:00:22','2023-08-12 08:55:29'),(310,46,28,3,'2023-08-12 08:55:29','2023-08-12 09:05:41'),(311,46,0,3,'2023-08-12 09:05:41','2023-08-12 09:29:14'),(312,46,28,3,'2023-08-12 09:29:14','2023-08-12 09:50:41'),(313,46,0,3,'2023-08-12 09:50:41','2023-08-12 10:39:43'),(314,46,1,4,'2023-08-12 08:55:29','2023-08-12 09:05:41'),(315,46,1,4,'2023-08-12 09:29:14','2023-08-12 09:50:41'),(336,49,1,2,'2023-11-07 00:00:22','2023-11-07 23:58:58'),(337,49,1,1,'2023-11-07 00:00:22','2023-11-07 23:58:58'),(338,49,0,3,'2023-11-07 00:00:22','2023-11-07 15:06:13'),(339,49,25,3,'2023-11-07 15:06:13','2023-11-07 17:57:32'),(340,49,0,3,'2023-11-07 17:57:32','2023-11-07 23:58:58'),(341,50,1,2,'2023-11-08 00:00:58','2023-11-08 23:58:10'),(342,50,1,1,'2023-11-08 00:00:58','2023-11-08 23:58:10'),(343,50,0,3,'2023-11-08 00:00:58','2023-11-08 10:03:00'),(344,50,25,3,'2023-11-08 10:03:00','2023-11-08 16:09:46'),(345,50,0,3,'2023-11-08 16:09:46','2023-11-08 23:58:10'),(352,53,1,2,'2023-11-09 00:00:10','2023-11-09 10:46:16'),(353,53,1,1,'2023-11-09 00:00:10','2023-11-09 10:46:16'),(354,53,0,3,'2023-11-09 00:00:10','2023-11-09 10:46:16'),(358,55,19,2,'2023-11-09 00:00:06','2023-11-09 10:46:53'),(359,55,1,1,'2023-11-09 00:00:06','2023-11-09 10:46:53'),(360,55,0,3,'2023-11-09 00:00:06','2023-11-09 10:46:53'),(361,56,9,2,'2023-11-09 00:00:21','2023-11-09 10:46:59'),(362,56,1,1,'2023-11-09 00:00:21','2023-11-09 10:46:59'),(363,56,0,3,'2023-11-09 00:00:21','2023-11-09 10:46:59'),(364,57,19,2,'2023-11-09 00:00:35','2023-11-09 10:46:40'),(365,57,1,1,'2023-11-09 00:00:35','2023-11-09 10:46:40'),(366,57,0,3,'2023-11-09 00:00:35','2023-11-09 10:46:40'),(367,58,20,2,'2025-07-24 00:00:16','2025-07-24 23:58:20'),(368,58,1,1,'2025-07-24 00:00:16','2025-07-24 23:58:20'),(369,58,0,3,'2025-07-24 00:00:16','2025-07-24 17:59:18'),(370,58,13,3,'2025-07-24 17:59:18','2025-07-24 18:01:20'),(371,58,0,3,'2025-07-24 18:01:20','2025-07-24 18:04:54'),(372,58,12,3,'2025-07-24 18:04:54','2025-07-24 21:18:43'),(373,58,0,3,'2025-07-24 21:18:43','2025-07-24 21:38:35'),(374,58,13,3,'2025-07-24 21:38:35','2025-07-24 21:42:52'),(375,58,0,3,'2025-07-24 21:42:52','2025-07-24 23:58:20'),(376,59,20,2,'2025-07-24 00:00:52','2025-07-24 23:58:04'),(377,59,1,1,'2025-07-24 00:00:52','2025-07-24 23:58:04'),(378,59,0,3,'2025-07-24 00:00:52','2025-07-24 17:31:40'),(379,59,13,3,'2025-07-24 17:31:40','2025-07-24 17:33:56'),(380,59,0,3,'2025-07-24 17:33:56','2025-07-24 17:40:32'),(381,59,12,3,'2025-07-24 17:40:32','2025-07-24 19:05:23'),(382,59,0,3,'2025-07-24 19:05:23','2025-07-24 19:22:30'),(383,59,12,3,'2025-07-24 19:22:30','2025-07-24 21:17:21'),(384,59,0,3,'2025-07-24 21:17:21','2025-07-24 21:36:22'),(385,59,13,3,'2025-07-24 21:36:22','2025-07-24 21:40:05'),(386,59,0,3,'2025-07-24 21:40:05','2025-07-24 23:58:04'),(387,60,20,2,'2025-07-24 00:00:06','2025-07-24 23:58:23'),(388,60,1,1,'2025-07-24 00:00:06','2025-07-24 23:58:23'),(389,60,0,3,'2025-07-24 00:00:06','2025-07-24 23:58:23'),(390,61,20,2,'2025-07-24 00:00:36','2025-07-24 23:58:22'),(391,61,1,1,'2025-07-24 00:00:36','2025-07-24 23:58:22'),(392,61,0,3,'2025-07-24 00:00:36','2025-07-24 23:58:22'),(393,62,20,2,'2025-07-24 00:00:41','2025-07-24 23:58:44'),(394,62,1,1,'2025-07-24 00:00:41','2025-07-24 23:58:44'),(395,62,0,3,'2025-07-24 00:00:41','2025-07-24 09:17:18'),(396,62,13,3,'2025-07-24 09:17:18','2025-07-24 09:22:01'),(397,62,0,3,'2025-07-24 09:22:01','2025-07-24 20:51:47'),(398,62,13,3,'2025-07-24 20:51:47','2025-07-24 20:55:32'),(399,62,0,3,'2025-07-24 20:55:32','2025-07-24 23:58:44'),(400,63,20,2,'2025-07-24 08:11:24','2025-07-24 22:45:58'),(401,63,1,1,'2025-07-24 08:11:24','2025-07-24 22:45:58'),(402,63,0,3,'2025-07-24 08:11:24','2025-07-24 09:58:00'),(403,63,13,3,'2025-07-24 09:58:00','2025-07-24 10:01:26'),(404,63,0,3,'2025-07-24 10:01:26','2025-07-24 14:58:33'),(405,63,13,3,'2025-07-24 14:58:33','2025-07-24 15:01:14'),(406,63,0,3,'2025-07-24 15:01:14','2025-07-24 16:13:42'),(407,63,13,3,'2025-07-24 16:13:42','2025-07-24 16:16:31'),(408,63,0,3,'2025-07-24 16:16:31','2025-07-24 19:04:54'),(409,63,12,3,'2025-07-24 19:04:54','2025-07-24 21:08:19'),(410,63,0,3,'2025-07-24 21:08:19','2025-07-24 21:32:02'),(411,63,13,3,'2025-07-24 21:32:02','2025-07-24 21:35:59'),(412,63,0,3,'2025-07-24 21:35:59','2025-07-24 22:45:58'),(413,64,1,2,'2025-07-03 00:00:52','2025-07-03 23:58:13'),(414,64,1,1,'2025-07-03 00:00:52','2025-07-03 23:58:13'),(415,64,0,3,'2025-07-03 00:00:52','2025-07-03 20:45:57'),(416,64,12,3,'2025-07-03 20:45:57','2025-07-03 20:58:53'),(417,64,0,3,'2025-07-03 20:58:53','2025-07-03 21:01:44'),(418,64,12,3,'2025-07-03 21:01:44','2025-07-03 23:33:57'),(419,64,0,3,'2025-07-03 23:33:57','2025-07-03 23:58:13');

--
-- Table structure for table `agro_params`
--

CREATE TABLE `agro_params` (
  `Id` int(11) NOT NULL AUTO_INCREMENT,
  `Number` int(11) NOT NULL COMMENT 'Номер параметра',
  `Value` varchar(100) DEFAULT NULL COMMENT 'Значение',
  `Description` varchar(50) DEFAULT NULL COMMENT 'Описание',
  PRIMARY KEY (`Id`)
) ENGINE=InnoDB AUTO_INCREMENT=14 DEFAULT CHARSET=cp1251 COMMENT='Таблица параметров';

--
-- Dumping data for table `agro_params`
--

INSERT INTO `agro_params` VALUES (1,12,'00:00',NULL),(2,1,'2',NULL),(3,2,'5',NULL),(4,8,'0',NULL),(5,10,'1',NULL),(6,11,'1',NULL),(7,13,'15',NULL),(8,9,'0',NULL),(9,3,'-256',NULL),(10,4,'-16744448',NULL),(11,5,'-65536',NULL),(12,7,'5',NULL),(13,6,'20',NULL);

--
-- Table structure for table `agro_plan`
--

CREATE TABLE `agro_plan` (
  `Id` int(11) NOT NULL AUTO_INCREMENT,
  `PlanDate` datetime NOT NULL COMMENT 'Дата планового задания',
  `Id_mobitel` int(11) NOT NULL DEFAULT '0' COMMENT 'Транспортное средство',
  `SquarePlanned` double NOT NULL DEFAULT '0' COMMENT 'Планируемая для обработки площадь',
  `FuelAtStart` double NOT NULL DEFAULT '0' COMMENT 'Топливо на начало планового задания',
  `FuelForWork` double NOT NULL DEFAULT '0' COMMENT 'Объем топлива, которое разрешено отпустить данной технике для выполнения планового задания, л',
  `IdStatus` tinyint(4) DEFAULT NULL COMMENT 'Режим наряд -ручной,автоматический, закрыт,простой',
  `Id_order` int(11) DEFAULT NULL COMMENT 'Связь с нарядом',
  `PlanComment` text COMMENT 'Комментарий',
  `UserCreated` varchar(127) DEFAULT NULL COMMENT 'Пользователь, создавший план',
  `IsDownTime` bit(1) NOT NULL DEFAULT b'0' COMMENT 'Техника не учавствует в полевых работах',
  `IdDowntimeReason` int(11) DEFAULT NULL COMMENT 'Причина простоя техники',
  `DowntimeStart` date DEFAULT NULL COMMENT 'Дата начала простоя',
  `DowntimeEnd` date DEFAULT NULL COMMENT 'Дата ввода в эксплуатацию',
  PRIMARY KEY (`Id`),
  UNIQUE KEY `Id` (`Id`),
  KEY `FK_agro_plan_agro_plan_downtimereasons_Id` (`IdDowntimeReason`),
  KEY `FK_agro_plan_agro_plan_status_Id` (`IdStatus`),
  CONSTRAINT `FK_agro_plan_agro_plan_downtimereasons_Id` FOREIGN KEY (`IdDowntimeReason`) REFERENCES `agro_plan_downtimereason` (`Id`),
  CONSTRAINT `FK_agro_plan_agro_plan_status_Id` FOREIGN KEY (`IdStatus`) REFERENCES `agro_plan_state` (`Id`)
) ENGINE=InnoDB AUTO_INCREMENT=54 DEFAULT CHARSET=cp1251 COMMENT='Заголовок планового задания';

--
-- Dumping data for table `agro_plan`
--

INSERT INTO `agro_plan` VALUES (6,'2020-04-23 00:00:00',101,66,0,0,1,0,NULL,'admin',_binary '\0',NULL,NULL,NULL),(7,'2020-04-22 00:00:00',101,0,100,0,1,0,NULL,'admin',_binary '\0',NULL,NULL,NULL),(10,'2020-04-24 00:00:00',101,0,0,0,1,0,NULL,'admin',_binary '\0',NULL,NULL,NULL),(11,'2020-04-24 00:00:00',102,0,0,0,1,0,NULL,'admin',_binary '\0',NULL,NULL,NULL),(12,'2020-04-27 00:00:00',102,0,100,0,1,0,NULL,'admin',_binary '\0',NULL,NULL,NULL),(14,'2020-04-28 00:00:00',101,0,100,0,1,0,NULL,'admin',_binary '\0',NULL,NULL,NULL),(15,'2020-04-29 00:00:00',102,0,66,0,1,0,NULL,'admin',_binary '\0',NULL,NULL,NULL),(16,'2020-05-01 00:00:00',102,0,100,0,1,0,NULL,'admin',_binary '\0',NULL,NULL,NULL),(17,'2020-05-02 00:00:00',102,0,100,0,1,0,NULL,'admin',_binary '\0',NULL,NULL,NULL),(18,'2020-05-02 00:00:00',101,0,100,0,1,0,NULL,'admin',_binary '\0',NULL,NULL,NULL),(19,'2020-05-04 00:00:00',102,0,100,0,1,0,NULL,'admin',_binary '\0',NULL,NULL,NULL),(20,'2020-05-12 00:00:00',102,0,82.8,0,1,0,NULL,'admin',_binary '\0',NULL,NULL,NULL),(21,'2020-05-13 00:00:00',102,0,86,0,1,0,NULL,'admin',_binary '\0',NULL,NULL,NULL),(22,'2020-07-19 00:00:00',98,0,0,0,1,0,NULL,'admin',_binary '\0',NULL,NULL,NULL),(23,'2020-07-20 00:00:00',98,0,0,0,1,0,NULL,'admin',_binary '\0',NULL,NULL,NULL),(24,'2020-07-20 00:00:00',97,0,0,0,1,0,NULL,'admin',_binary '\0',NULL,NULL,NULL),(25,'2020-07-23 00:00:00',98,40,0,0,1,0,'','admin',_binary '\0',NULL,NULL,NULL),(26,'2020-07-23 00:00:00',100,40,0,0,1,0,'','admin',_binary '\0',NULL,NULL,NULL),(27,'2020-07-23 00:00:00',97,40,0,0,1,0,'','admin',_binary '\0',NULL,NULL,NULL),(28,'2020-07-23 00:00:00',102,70,100,0,1,0,'','admin',_binary '\0',NULL,'2020-07-23',NULL),(29,'2020-07-24 00:00:00',98,40,0,0,1,0,'','admin',_binary '\0',NULL,NULL,NULL),(30,'2020-07-24 00:00:00',97,40,0,0,1,0,'','admin',_binary '\0',NULL,NULL,NULL),(31,'2020-07-24 00:00:00',100,40,0,0,1,0,'','admin',_binary '\0',NULL,NULL,NULL),(32,'2020-07-24 00:00:00',102,100,78,0,1,0,NULL,'admin',_binary '\0',NULL,NULL,NULL),(33,'2020-07-25 00:00:00',103,50,0,0,1,0,NULL,'admin',_binary '\0',NULL,NULL,NULL),(34,'2020-07-25 00:00:00',97,50,0,0,1,0,NULL,'admin',_binary '\0',NULL,NULL,NULL),(35,'2020-07-25 00:00:00',102,50,98.8,0,1,0,NULL,'admin',_binary '\0',NULL,NULL,NULL),(36,'2020-07-25 00:00:00',101,65,100,0,1,0,NULL,'admin',_binary '\0',NULL,NULL,NULL),(37,'2020-08-09 00:00:00',101,60,100,0,1,0,NULL,'admin',_binary '\0',NULL,NULL,NULL),(38,'2020-08-09 00:00:00',98,0,0,0,1,0,NULL,'admin',_binary '\0',NULL,NULL,NULL),(39,'2023-08-12 00:00:00',101,50,100,0,1,0,NULL,'admin',_binary '\0',NULL,'2023-08-12','2023-08-12'),(40,'2023-08-12 00:00:00',859124537,0,0,0,1,0,NULL,'admin',_binary '',NULL,NULL,NULL),(44,'2023-11-08 00:00:00',909324599,0,0,0,1,0,'','admin',_binary '',NULL,NULL,NULL),(46,'2023-11-09 00:00:00',909324599,0,0,0,1,0,NULL,'admin',_binary '',NULL,NULL,NULL),(48,'2023-11-09 00:00:00',859124537,0,0,0,1,0,'','admin',_binary '\0',NULL,NULL,NULL),(49,'2023-11-09 00:00:00',102,0,12,0,1,56,'','admin',_binary '\0',NULL,NULL,NULL),(51,'2024-02-23 00:00:00',102,0,0,0,1,0,'','admin',_binary '\0',NULL,NULL,NULL),(52,'2025-07-08 00:00:00',859124537,0,0,0,1,0,NULL,'admin',_binary '',NULL,NULL,NULL),(53,'2025-08-03 00:00:00',101,50,0,0,1,0,NULL,'admin',_binary '\0',NULL,NULL,NULL);

--
-- Table structure for table `agro_plan_downtimereason`
--

CREATE TABLE `agro_plan_downtimereason` (
  `Id` int(11) NOT NULL AUTO_INCREMENT,
  `ReasonName` varchar(255) NOT NULL COMMENT 'Причина простоя',
  `ReasonComment` text COMMENT 'Комментарий',
  PRIMARY KEY (`Id`)
) ENGINE=InnoDB DEFAULT CHARSET=cp1251 COMMENT='Причины простоя транспортного средства';

--
-- Dumping data for table `agro_plan_downtimereason`
--


--
-- Table structure for table `agro_plan_state`
--

CREATE TABLE `agro_plan_state` (
  `Id` tinyint(4) NOT NULL AUTO_INCREMENT,
  `StatusName` varchar(50) NOT NULL COMMENT 'Причина простоя',
  `StatusComment` text COMMENT 'Комментарий',
  PRIMARY KEY (`Id`),
  UNIQUE KEY `Id` (`Id`)
) ENGINE=InnoDB AUTO_INCREMENT=4 DEFAULT CHARSET=cp1251 COMMENT='Статусы планового задания';

--
-- Dumping data for table `agro_plan_state`
--

INSERT INTO `agro_plan_state` VALUES (1,'Активный',NULL),(2,'Закрыт',NULL),(3,'Отменен',NULL);

--
-- Table structure for table `agro_plant`
--

CREATE TABLE `agro_plant` (
  `Id` int(11) NOT NULL AUTO_INCREMENT,
  `Id_main` int(11) NOT NULL DEFAULT '0' COMMENT 'Ссылка на план',
  `Id_field` int(11) DEFAULT '0' COMMENT 'Ссылка на поле',
  `Id_driver` int(11) DEFAULT '0' COMMENT 'Водитель',
  `Id_work` int(11) DEFAULT '0' COMMENT 'Ссылка на работу',
  `Id_agregat` int(11) DEFAULT '0' COMMENT 'Навесное оборудование',
  `Remark` text COMMENT 'Комментарий',
  `TimeStart` datetime DEFAULT NULL COMMENT 'Время начала работы',
  PRIMARY KEY (`Id`),
  KEY `FK_agro_plant_agro_plan_Id` (`Id_main`),
  CONSTRAINT `FK_agro_plant_agro_plan_Id` FOREIGN KEY (`Id_main`) REFERENCES `agro_plan` (`Id`) ON DELETE CASCADE ON UPDATE CASCADE
) ENGINE=InnoDB AUTO_INCREMENT=134 DEFAULT CHARSET=cp1251 COMMENT='Содержимое планового задания';

--
-- Dumping data for table `agro_plant`
--

INSERT INTO `agro_plant` VALUES (3,6,3,3,12,1,'','2020-04-24 08:00:00'),(4,7,1,3,12,1,NULL,'2020-04-22 00:00:00'),(25,10,3,3,12,1,NULL,'2020-04-24 08:00:00'),(26,11,10,4,13,9,NULL,'2020-04-24 08:00:00'),(27,11,7,4,13,9,NULL,'2020-04-24 08:00:00'),(28,11,6,4,13,9,NULL,'2020-04-24 08:00:00'),(29,11,11,4,13,9,NULL,'2020-04-24 08:00:00'),(30,12,14,4,13,9,NULL,'2020-04-27 00:00:00'),(33,14,22,3,12,1,NULL,'2020-04-27 00:00:00'),(34,15,23,7,1,10,'36м.','2020-04-29 00:00:00'),(35,15,24,7,1,10,'36 м.','2020-04-29 00:00:00'),(36,16,27,4,13,9,'','2020-05-01 00:00:00'),(37,17,4,4,13,9,NULL,'2020-05-02 00:00:00'),(38,17,18,4,13,9,NULL,'2020-05-02 00:00:00'),(39,17,27,4,13,9,NULL,'2020-05-02 00:00:00'),(40,18,22,3,12,1,NULL,'2020-05-02 00:00:00'),(41,19,22,4,13,9,NULL,'2020-05-04 00:00:00'),(50,21,29,4,13,9,NULL,'2020-05-12 00:00:00'),(51,21,20,4,13,9,NULL,'2020-05-13 00:00:00'),(58,22,21,9,15,11,NULL,'2020-07-19 00:00:00'),(73,22,20,9,15,11,NULL,'2020-07-19 00:00:00'),(78,24,28,10,15,13,NULL,'2020-07-20 00:00:00'),(79,24,20,10,15,13,NULL,'2020-07-20 00:00:00'),(80,23,28,9,15,11,NULL,'2020-07-20 00:00:00'),(81,23,20,9,15,11,NULL,'2020-07-20 00:00:00'),(82,25,30,9,15,11,'','2020-07-23 00:00:00'),(83,26,30,4,15,11,NULL,'2020-07-23 00:00:00'),(84,27,30,10,15,13,NULL,'2020-07-23 00:00:00'),(85,28,30,7,16,15,'','2020-07-23 00:00:00'),(86,29,9,9,15,11,NULL,'2020-07-24 00:00:00'),(87,29,6,9,15,11,NULL,'2020-07-24 00:00:00'),(88,25,6,9,15,11,NULL,'2020-07-23 00:00:00'),(89,26,6,4,15,11,NULL,'2020-07-23 00:00:00'),(90,27,6,10,15,11,NULL,'2020-07-23 00:00:00'),(91,28,6,7,16,15,NULL,'2020-07-23 00:00:00'),(92,30,6,10,15,13,NULL,'2020-07-24 00:00:00'),(93,30,9,10,15,13,NULL,'2020-07-24 00:00:00'),(94,31,6,4,15,11,NULL,'2020-07-24 00:00:00'),(95,31,9,4,15,11,NULL,'2020-07-24 00:00:00'),(96,32,6,7,16,15,NULL,'2020-07-24 00:00:00'),(97,32,9,7,16,15,NULL,'2020-07-24 00:00:00'),(98,33,9,4,15,11,NULL,'2020-07-25 00:00:00'),(99,33,8,4,15,11,NULL,'2020-07-25 00:00:00'),(100,34,8,10,15,13,NULL,'2020-07-25 00:00:00'),(101,34,9,10,15,13,NULL,'2020-07-25 00:00:00'),(102,35,9,7,16,15,NULL,'2020-07-25 00:00:00'),(103,35,8,7,16,15,NULL,'2020-07-25 00:00:00'),(104,36,6,3,17,17,'','2020-07-25 00:00:00'),(105,36,9,3,17,17,NULL,'2020-07-25 00:00:00'),(106,37,14,3,17,17,NULL,'2020-08-09 00:00:00'),(107,38,NULL,9,0,0,NULL,'2020-08-09 00:00:00'),(108,39,28,3,17,17,NULL,'2023-08-12 00:00:00'),(113,44,25,3,12,19,NULL,'2023-11-08 00:00:00'),(114,44,-1,3,12,19,'','2023-11-08 00:00:00'),(120,44,NULL,1,0,0,NULL,'2023-11-09 00:00:00'),(122,48,25,7,17,17,'','2023-11-09 00:00:00'),(123,49,9,7,13,20,'','2023-11-09 00:00:00'),(124,49,11,7,13,20,'','2023-11-09 00:00:00'),(129,51,12,9,1,10,NULL,'2024-02-23 00:00:00'),(130,51,13,9,1,10,NULL,'2024-02-23 00:00:00'),(131,52,13,11,13,9,NULL,'2025-07-08 00:00:00'),(132,53,0,1,0,0,'','2025-08-02 00:00:00'),(133,53,NULL,12,0,0,NULL,'2025-08-02 00:00:00');

--
-- Table structure for table `agro_price`
--

CREATE TABLE `agro_price` (
  `Id` int(11) NOT NULL AUTO_INCREMENT,
  `DateInit` date DEFAULT NULL COMMENT 'Дата приказа ',
  `DateComand` date DEFAULT NULL COMMENT 'Дата ,с котрой действуют цены ',
  `Name` char(50) NOT NULL COMMENT 'Название',
  `Comment` text COMMENT 'Комментарий',
  PRIMARY KEY (`Id`)
) ENGINE=InnoDB AUTO_INCREMENT=2 DEFAULT CHARSET=cp1251 COMMENT='Приказы о введении цен';

--
-- Dumping data for table `agro_price`
--

INSERT INTO `agro_price` VALUES (1,'2009-09-20','2009-07-01','Додаток 3 до Наказу № 15 від 05.07.09 р.','Типові норми та розцінки на польові роботи в ТОВ ІПК \"Полтавазернопродукт\", з 01.09.2009 року');

--
-- Table structure for table `agro_pricet`
--

CREATE TABLE `agro_pricet` (
  `Id` int(11) NOT NULL AUTO_INCREMENT,
  `Id_main` int(11) NOT NULL COMMENT 'Ссылка на приказ',
  `Id_work` int(11) NOT NULL COMMENT 'Ссылка на работу',
  `Price` double(10,2) DEFAULT '0.00' COMMENT 'Расценка',
  `Id_unit` int(11) NOT NULL COMMENT 'Ссылка на единицу измерения',
  `Id_mobitel` int(11) NOT NULL COMMENT 'Транспортное средство',
  `Id_agregat` int(11) DEFAULT '0' COMMENT 'Навесное оборудование',
  `Comment` text COMMENT 'Комментарий',
  PRIMARY KEY (`Id`),
  KEY `Id_main_FK1` (`Id_main`) USING BTREE,
  KEY `Id_work_FK2` (`Id_work`) USING BTREE,
  KEY `Id_mobitel_FK3` (`Id_mobitel`) USING BTREE,
  KEY `Id_unit_FK4` (`Id_unit`) USING BTREE,
  KEY `Id_agregat_Price_FK5` (`Id_agregat`) USING BTREE,
  CONSTRAINT `Id_agregat_Price_FK5` FOREIGN KEY (`Id_agregat`) REFERENCES `agro_agregat` (`Id`),
  CONSTRAINT `Id_main_FK1` FOREIGN KEY (`Id_main`) REFERENCES `agro_price` (`Id`),
  CONSTRAINT `Id_mobitel_FK3` FOREIGN KEY (`Id_mobitel`) REFERENCES `mobitels` (`Mobitel_ID`),
  CONSTRAINT `Id_unit_FK4` FOREIGN KEY (`Id_unit`) REFERENCES `agro_unit` (`Id`),
  CONSTRAINT `Id_work_FK2` FOREIGN KEY (`Id_work`) REFERENCES `agro_work` (`Id`)
) ENGINE=InnoDB DEFAULT CHARSET=cp1251 COMMENT='Расценки';

--
-- Dumping data for table `agro_pricet`
--


--
-- Table structure for table `agro_season`
--

CREATE TABLE `agro_season` (
  `Id` int(11) NOT NULL AUTO_INCREMENT,
  `DateStart` date NOT NULL COMMENT 'Дата начала сезона',
  `DateEnd` date NOT NULL COMMENT 'Дата окончания сезона',
  `Id_culture` int(11) NOT NULL COMMENT 'Культура',
  `SquarePlan` decimal(10,2) NOT NULL DEFAULT '0.00' COMMENT 'Запланированная посевная площадь, га',
  `Comment` text COMMENT 'Комментарий',
  `IsClosed` tinyint(1) NOT NULL DEFAULT '0' COMMENT 'Сезон закрыт',
  PRIMARY KEY (`Id`),
  KEY `FK_agro_season_agro_culture_Id` (`Id_culture`),
  CONSTRAINT `FK_agro_season_agro_culture_Id` FOREIGN KEY (`Id_culture`) REFERENCES `agro_culture` (`Id`) ON DELETE CASCADE ON UPDATE CASCADE
) ENGINE=InnoDB DEFAULT CHARSET=cp1251;

--
-- Dumping data for table `agro_season`
--


--
-- Table structure for table `agro_sensorkoefficients`
--

CREATE TABLE `agro_sensorkoefficients` (
  `ID` bigint(20) unsigned NOT NULL AUTO_INCREMENT,
  `AgregatID` bigint(20) unsigned NOT NULL,
  `UserValue` double NOT NULL,
  `SensorValue` double NOT NULL,
  `K` double NOT NULL,
  `b` double NOT NULL,
  PRIMARY KEY (`ID`)
) ENGINE=InnoDB DEFAULT CHARSET=cp1251;

--
-- Dumping data for table `agro_sensorkoefficients`
--


--
-- Table structure for table `agro_unit`
--

CREATE TABLE `agro_unit` (
  `Id` int(11) NOT NULL AUTO_INCREMENT,
  `Name` char(100) NOT NULL COMMENT 'Название',
  `NameShort` char(50) NOT NULL COMMENT 'Название краткое',
  `Factor` double DEFAULT '0' COMMENT 'Коэфициент пересчета к базовой',
  `Comment` text COMMENT 'Комментарий',
  PRIMARY KEY (`Id`)
) ENGINE=InnoDB AUTO_INCREMENT=8 DEFAULT CHARSET=cp1251 COMMENT='Единицы измерения площади';

--
-- Dumping data for table `agro_unit`
--

INSERT INTO `agro_unit` VALUES (1,'Квадратный метр (м2, m2 ), square meter.','м2',1000000,'По определению, принятому во Франции в 1791, метр был равен 1*10-7 части четверти длины парижского меридиана и в 1799 году Ленуаром был изготовлен платиновый «архивный метр».\r\n	C 1983 года метр равен расстоянию, которое проходит в вакууме свет за 1/299792458 доли секунды.'),(2,'Квадратный фут (ft2, sq ft ), square foot.','фт2',10763910.4,'Равен 0,09290304 квадратных метра (точно).\r\n	Имперские (английские, американские) единицы площади:\r\n	1 кв. миля = 640 акров\r\n	1 акр = 160 кв. род = 43560 кв. футов\r\n	1 кв. род = 272,25 кв. футов\r\n	1 кв. ярд = 9 кв. футов = 1296 кв. дюймов\r\n	1 кв. фут = 144 кв. дюймов \r\n	'),(3,'Акр, acre','акр',247.1,'Равен 4046,8564224 квадратных метра (точно).\r\n	Земельная мера, применяемая в ряде стран, использующих английскую систему мер (Великобритания, США, Канада, Австралия и др.)\r\n	'),(4,'Гектар (га, ha), hectare.','га',100,'1 гектар равен площади квадрата со стороной 100 м. Наименование «гектар» образовано добавлением приставки «гекто» к наименованию единицы площади «ар». Равен 10000 м2 \r\n	'),(5,'ар, are, сотка','ар',10000,'Происходит от латинского area - площадь, равен площади квадрата со стороной в 10 м то есть 100 м2 (точно).\r\n	Сотка - тот же ар, применяется обычно к дачным участкам и международного обозначения не имеет.\r\n	'),(6,'Квадратный километр (км2, km2 ), square kilometer.','км2',1,'Равен 1000000 квадратных метров \r\n	'),(7,'Квадратная миля (mi2, sq mi), square mile.','мл2',0.4,'Равна 2,589988110336 квадратных километров (точно)\r\n	Имеется в виду имперская (английская, американская) миля равная 1609,344 метра\r\n	');

--
-- Table structure for table `agro_work`
--

CREATE TABLE `agro_work` (
  `Id` int(11) NOT NULL AUTO_INCREMENT,
  `Name` char(50) NOT NULL COMMENT 'Название',
  `SpeedBottom` double DEFAULT '0' COMMENT 'Нижний предел скорости',
  `SpeedTop` double DEFAULT '0' COMMENT 'Верхний предел скорости',
  `Comment` text COMMENT 'Комментарий',
  `OutLinkId` varchar(20) DEFAULT NULL COMMENT 'Код внешней базы',
  `TypeWork` int(11) NOT NULL DEFAULT '1' COMMENT 'Работа в поле, переезд вне поля,переезд по полю',
  `Id_main` int(11) DEFAULT NULL COMMENT 'Группа видов работ',
  `TrackColor` int(11) NOT NULL DEFAULT '0' COMMENT 'Цвет трека работы на карте',
  PRIMARY KEY (`Id`),
  KEY `FK_agro_work_agro_work_types_Id` (`TypeWork`),
  KEY `FK_agro_work_agro_workgroup_Id` (`Id_main`),
  CONSTRAINT `FK_agro_work_agro_work_types_Id` FOREIGN KEY (`TypeWork`) REFERENCES `agro_work_types` (`Id`) ON DELETE NO ACTION ON UPDATE NO ACTION,
  CONSTRAINT `FK_agro_work_agro_workgroup_Id` FOREIGN KEY (`Id_main`) REFERENCES `agro_workgroup` (`Id`) ON DELETE NO ACTION ON UPDATE NO ACTION
) ENGINE=InnoDB AUTO_INCREMENT=18 DEFAULT CHARSET=cp1251 COMMENT='Виды работ';

--
-- Dumping data for table `agro_work`
--

INSERT INTO `agro_work` VALUES (1,'Внесення добрив',0,0,'',NULL,1,NULL,0),(2,'Подрібнення пожнивних решток',0,0,'',NULL,1,NULL,0),(3,'Боронування',0,0,'',NULL,1,NULL,0),(4,'Соняшник - обмолот',0,0,'',NULL,1,NULL,0),(5,'Соя - обмолот',0,0,'',NULL,1,NULL,0),(6,'Цукровий буряк - збирання гички',0,0,'',NULL,1,NULL,0),(7,'Цукровий буряк - копання',0,0,'',NULL,1,NULL,0),(8,'Цукровий буряк - навантаження',0,0,'',NULL,1,NULL,0),(9,'Силос - трамбування',0,0,'',NULL,1,NULL,0),(10,'Силос - підгортання бульдозером',0,0,'',NULL,1,NULL,0),(11,'Силос - перевезення',0,0,'',NULL,1,NULL,0),(12,'Культивація',0,0,'','',1,NULL,0),(13,'Внесення ЗЗР',0,0,'','',1,NULL,0),(15,'молотіння',0,0,'','',1,NULL,0),(16,'перевантаження зерна выд комбайна',0,0,'','',1,NULL,0),(17,'дискування',0,0,'','',1,NULL,0);

--
-- Table structure for table `agro_work_types`
--

CREATE TABLE `agro_work_types` (
  `Id` int(11) NOT NULL AUTO_INCREMENT,
  `Name` varchar(50) NOT NULL,
  PRIMARY KEY (`Id`)
) ENGINE=InnoDB AUTO_INCREMENT=4 DEFAULT CHARSET=cp1251 COMMENT='Работа в поле, переезд вне поля,переезд по полю';

--
-- Dumping data for table `agro_work_types`
--

INSERT INTO `agro_work_types` VALUES (1,'Работа в поле'),(2,'Переезд вне поля'),(3,'Переезд по полю');

--
-- Table structure for table `agro_workgroup`
--

CREATE TABLE `agro_workgroup` (
  `Id` int(11) NOT NULL AUTO_INCREMENT,
  `Name` char(50) NOT NULL COMMENT 'Название',
  `Comment` text COMMENT 'Комментарий',
  `IsSpeedControl` tinyint(1) NOT NULL DEFAULT '0' COMMENT 'Контролировать скорость группы операций',
  `IsDepthControl` tinyint(1) NOT NULL DEFAULT '0' COMMENT 'Контролировать скорость группы операций',
  PRIMARY KEY (`Id`)
) ENGINE=InnoDB DEFAULT CHARSET=cp1251 COMMENT='Группы видов работ';

--
-- Dumping data for table `agro_workgroup`
--


--
-- Table structure for table `commands`
--

CREATE TABLE `commands` (
  `ID` int(11) DEFAULT '0',
  `Name` char(50) DEFAULT NULL,
  `Descr` char(200) DEFAULT NULL
) ENGINE=InnoDB DEFAULT CHARSET=cp1251;

--
-- Dumping data for table `commands`
--

INSERT INTO `commands` VALUES (10,'DRIVER_MESSAGE_SET_D',NULL),(11,'CONFIG_SMS_SET_D',NULL),(12,'CONFIG_TEL_SET_D',NULL),(13,'CONFIG_EVENT_SET_D',NULL),(14,'CONFIG_UNIQUE_SET_D',NULL),(15,'CONFIG_ZONE_SET_D',NULL),(17,'CONFIG_ID_SET_D',NULL),(18,'CONFIG_OTHER_SET_D',NULL),(20,'DRIVER_MESSAGE_SET_M',NULL),(21,'CONFIG_SMS_SET_M',NULL),(22,'CONFIG_TEL_SET_M',NULL),(23,'CONFIG_EVENT_SET_M',NULL),(24,'CONFIG_UNIQUE_SET_M',NULL),(25,'CONFIG_ZONE_SET_M',NULL),(27,'CONFIG_ID_SET_M',NULL),(28,'CONFIG_OTHER_SET_M',NULL),(31,'CONFIG_SMS_GET_D',NULL),(32,'CONFIG_TEL_GET_D',NULL),(33,'CONFIG_EVENT_GET_D',NULL),(34,'CONFIG_UNIQUE_GET_D',NULL),(35,'CONFIG_ZONE_GET_D',NULL),(36,'DATA_GPS_GET_D',NULL),(37,'CONFIG_ID_GET_D',NULL),(38,'CONFIG_OTHER_GET_D',NULL),(41,'CONFIG_SMS_GET_M',NULL),(42,'CONFIG_TEL_GET_M',NULL),(43,'CONFIG_EVENT_GET_M',NULL),(44,'CONFIG_UNIQUE_GET_M',NULL),(45,'CONFIG_ZONE_GET_M',NULL),(46,'DATA_GPS_GET_M',NULL),(47,'CONFIG_ID_GET_M',NULL),(48,'CONFIG_OTHER_GET_M',NULL),(49,'AUTO_SEND_GET_M',NULL),(99,'ERROR_COMMAND','Невозможно раскодировать входящее сообщение'),(102,'MOBITEL_SERVICE_SEND',NULL),(103,'INTERNAL_1',NULL),(104,'INTERNAL_2',NULL),(105,'INTERNAL_3',NULL),(50,'CONFIG_GPRS_MAIN_SET_D',NULL),(51,'CONFIG_GPRS_EMAIL_SET_D',NULL),(52,'CONFIG_GPRS_SOCKET_SET_D',NULL),(53,'CONFIG_GPRS_FTP_SET_D',NULL),(60,'CONFIG_GPRS_MAIN_SET_M',NULL),(61,'CONFIG_GPRS_EMAIL_SET_M',NULL),(62,'CONFIG_GPRS_SOCKET_SET_M',NULL),(63,'CONFIG_GPRS_FTP_SET_M',NULL),(70,'CONFIG_GPRS_MAIN_GET_D',NULL),(71,'CONFIG_GPRS_EMAIL_GET_D',NULL),(72,'CONFIG_GPRS_SOCKET_GET_D',NULL),(73,'CONFIG_GPRS_FTP_GET_D',NULL),(80,'CONFIG_GPRS_MAIN_GET_M',NULL),(81,'CONFIG_GPRS_EMAIL_GET_M',NULL),(82,'CONFIG_GPRS_SOCKET_GET_M',NULL),(83,'CONFIG_GPRS_FTP_GET_M',NULL),(54,'CONFIG_GPRS_INIT_SET_D',NULL),(64,'CONFIG_GPRS_INIT_SET_M',NULL),(74,'CONFIG_GPRS_INIT_GET_D',NULL),(84,'CONFIG_GPRS_INIT_GET_M',NULL);

--
-- Table structure for table `configdrivermessage`
--

CREATE TABLE `configdrivermessage` (
  `ConfigDriverMessage_ID` int(11) NOT NULL AUTO_INCREMENT,
  `Name` char(50) DEFAULT NULL,
  `Descr` char(200) DEFAULT NULL,
  `ID` int(11) DEFAULT '0',
  `Flags` int(11) DEFAULT '0',
  `Message_ID` int(11) DEFAULT '0',
  `DriverMessage` char(200) DEFAULT NULL,
  PRIMARY KEY (`ConfigDriverMessage_ID`),
  KEY `Index_2` (`ID`)
) ENGINE=InnoDB AUTO_INCREMENT=217 DEFAULT CHARSET=cp1251;

--
-- Dumping data for table `configdrivermessage`
--

INSERT INTO `configdrivermessage` VALUES (216,'Record 22.09.2005 12:14:57','Description for record created at 22.09.2005 12:14:57',216,0,0,NULL);

--
-- Table structure for table `configevent`
--

CREATE TABLE `configevent` (
  `ConfigEvent_ID` int(11) NOT NULL AUTO_INCREMENT,
  `Name` char(50) DEFAULT NULL,
  `Descr` char(200) DEFAULT NULL,
  `ID` int(11) DEFAULT '0',
  `Flags` int(11) DEFAULT '0',
  `Message_ID` int(11) DEFAULT '0',
  `tmr1Log` int(11) DEFAULT '0',
  `tmr2Send` int(11) DEFAULT '0',
  `tmr3Zone` int(11) DEFAULT '0',
  `dist1Log` int(11) DEFAULT '0',
  `dist2Send` int(11) DEFAULT '0',
  `dist3Zone` int(11) DEFAULT '0',
  `deltaTimeZone` int(11) DEFAULT '0',
  `gprsEmail` int(11) NOT NULL DEFAULT '0',
  `gprsFtp` int(11) NOT NULL DEFAULT '0',
  `gprsSocket` int(11) NOT NULL DEFAULT '0',
  `maskSensor` char(50) DEFAULT NULL,
  `maskEvent1` int(11) DEFAULT '0',
  `maskEvent2` int(11) DEFAULT '0',
  `maskEvent3` int(11) DEFAULT '0',
  `maskEvent4` int(11) DEFAULT '0',
  `maskEvent5` int(11) DEFAULT '0',
  `maskEvent6` int(11) DEFAULT '0',
  `maskEvent7` int(11) DEFAULT '0',
  `maskEvent8` int(11) DEFAULT '0',
  `maskEvent9` int(11) DEFAULT '0',
  `maskEvent10` int(11) DEFAULT '0',
  `maskEvent11` int(11) DEFAULT '0',
  `maskEvent12` int(11) DEFAULT '0',
  `maskEvent13` int(11) DEFAULT '0',
  `maskEvent14` int(11) DEFAULT '0',
  `maskEvent15` int(11) DEFAULT '0',
  `maskEvent16` int(11) DEFAULT '0',
  `maskEvent17` int(11) DEFAULT '0',
  `maskEvent18` int(11) DEFAULT '0',
  `maskEvent19` int(11) DEFAULT '0',
  `maskEvent20` int(11) DEFAULT '0',
  `maskEvent21` int(11) DEFAULT '0',
  `maskEvent22` int(11) DEFAULT '0',
  `maskEvent23` int(11) DEFAULT '0',
  `maskEvent24` int(11) DEFAULT '0',
  `maskEvent25` int(11) DEFAULT '0',
  `maskEvent26` int(11) DEFAULT '0',
  `maskEvent27` int(11) DEFAULT '0',
  `maskEvent28` int(11) DEFAULT '0',
  `maskEvent29` int(11) DEFAULT '0',
  `maskEvent30` int(11) DEFAULT '0',
  `maskEvent31` int(11) DEFAULT '0',
  PRIMARY KEY (`ConfigEvent_ID`),
  KEY `Index_2` (`ID`)
) ENGINE=InnoDB AUTO_INCREMENT=1811 DEFAULT CHARSET=cp1251;

--
-- Dumping data for table `configevent`
--

INSERT INTO `configevent` VALUES (1785,'Record 22.09.2005 12:14:57','Description for record created at 22.09.2005 12:14:57',1785,0,0,0,0,0,0,0,0,0,0,0,0,NULL,0,0,0,0,0,0,0,0,0,0,0,0,0,0,0,0,0,0,0,0,0,0,0,0,0,0,0,0,0,0,0),(1786,'Default','Настройки по умолчанию',1785,0,200799,3,120,600,100,1000,5000,2,162,104,225,'',1,1,1,1,1,1,1,1,1,1,1,1,25,25,25,25,273,273,1,1,1,1,1,1,0,0,0,0,0,0,0),(1787,'Default','Настройки по умолчанию',1785,0,200800,0,3600,300,30,5000,5000,3,1,104,225,'',1,1,1,1,1,1,0,1,1,1,1,1,25,25,25,25,273,273,1,0,0,0,1,1,0,0,0,0,0,0,0),(1788,'Default','Настройки по умолчанию',1785,0,200804,0,3600,300,30,5000,5000,3,1,104,225,'',1,5,5,1,5,1,0,1,1,1,1,0,25,25,25,25,273,273,0,0,0,0,5,1,0,0,0,0,0,0,0),(1789,'Default','Настройки по умолчанию',1785,0,200805,0,3600,300,30,5000,5000,3,1,104,225,'',1,5,5,1,5,1,0,1,1,1,1,0,25,25,25,25,273,273,0,0,0,0,5,1,0,0,0,0,0,0,0),(1790,'','',1785,0,200806,0,3600,300,30,5000,5000,3,1,10,10,'----',1,5,5,1,5,1,0,1,1,1,1,0,25,25,25,25,273,273,0,0,0,0,5,0,0,0,0,0,0,0,0),(1791,'Default','Настройки по умолчанию',1785,0,200968,0,3600,300,30,5000,5000,3,1,104,225,'',1,5,0,1,5,1,0,1,1,1,1,0,25,25,25,25,273,273,0,0,0,0,5,1,0,0,0,0,0,0,0),(1792,'','',1785,0,200969,0,3600,300,30,5000,5000,3,1,10,10,'----',1,5,0,1,5,1,0,1,1,1,1,0,25,25,25,25,273,273,0,0,0,0,5,0,0,0,0,0,0,0,0),(1793,'0641','Desctiption for Teletrack registered at 25.07.2017 9:23:17',1793,0,0,0,0,0,0,0,0,0,0,0,0,NULL,0,0,0,0,0,0,0,0,0,0,0,0,0,0,0,0,0,0,0,0,0,0,0,0,0,0,0,0,0,0,0),(1794,'0781','Desctiption for Teletrack registered at 25.07.2017 9:23:47',1794,0,0,0,0,0,0,0,0,0,0,0,0,NULL,0,0,0,0,0,0,0,0,0,0,0,0,0,0,0,0,0,0,0,0,0,0,0,0,0,0,0,0,0,0,0),(1795,'0906','Desctiption for Teletrack registered at 25.07.2017 9:24:17',1795,0,0,0,0,0,0,0,0,0,0,0,0,NULL,0,0,0,0,0,0,0,0,0,0,0,0,0,0,0,0,0,0,0,0,0,0,0,0,0,0,0,0,0,0,0),(1796,'5180','Desctiption for Teletrack registered at 22.04.2020 10:10:00',1796,0,0,0,0,0,0,0,0,0,0,0,0,NULL,0,0,0,0,0,0,0,0,0,0,0,0,0,0,0,0,0,0,0,0,0,0,0,0,0,0,0,0,0,0,0),(1797,'6269','Desctiption for Teletrack registered at 22.04.2020 10:10:11',1797,0,0,0,0,0,0,0,0,0,0,0,0,NULL,0,0,0,0,0,0,0,0,0,0,0,0,0,0,0,0,0,0,0,0,0,0,0,0,0,0,0,0,0,0,0),(1798,'7049','Desctiption for Teletrack registered at 23.07.2020 18:06:09',1798,0,0,0,0,0,0,0,0,0,0,0,0,NULL,0,0,0,0,0,0,0,0,0,0,0,0,0,0,0,0,0,0,0,0,0,0,0,0,0,0,0,0,0,0,0),(1799,'','',1799,0,0,0,0,0,0,0,0,0,0,0,0,NULL,0,0,0,0,0,0,0,0,0,0,0,0,0,0,0,0,0,0,0,0,0,0,0,0,0,0,0,0,0,0,0),(1800,'','',1800,0,0,0,0,0,0,0,0,0,0,0,0,NULL,0,0,0,0,0,0,0,0,0,0,0,0,0,0,0,0,0,0,0,0,0,0,0,0,0,0,0,0,0,0,0),(1801,'','',1801,0,0,0,0,0,0,0,0,0,0,0,0,NULL,0,0,0,0,0,0,0,0,0,0,0,0,0,0,0,0,0,0,0,0,0,0,0,0,0,0,0,0,0,0,0),(1802,'','',1802,0,0,0,0,0,0,0,0,0,0,0,0,NULL,0,0,0,0,0,0,0,0,0,0,0,0,0,0,0,0,0,0,0,0,0,0,0,0,0,0,0,0,0,0,0),(1803,'','',1803,0,0,0,0,0,0,0,0,0,0,0,0,NULL,0,0,0,0,0,0,0,0,0,0,0,0,0,0,0,0,0,0,0,0,0,0,0,0,0,0,0,0,0,0,0),(1804,'','',1804,0,0,0,0,0,0,0,0,0,0,0,0,NULL,0,0,0,0,0,0,0,0,0,0,0,0,0,0,0,0,0,0,0,0,0,0,0,0,0,0,0,0,0,0,0),(1805,'','',1805,0,0,0,0,0,0,0,0,0,0,0,0,NULL,0,0,0,0,0,0,0,0,0,0,0,0,0,0,0,0,0,0,0,0,0,0,0,0,0,0,0,0,0,0,0),(1806,'','',1806,0,0,0,0,0,0,0,0,0,0,0,0,NULL,0,0,0,0,0,0,0,0,0,0,0,0,0,0,0,0,0,0,0,0,0,0,0,0,0,0,0,0,0,0,0),(1807,'','',1807,0,0,0,0,0,0,0,0,0,0,0,0,NULL,0,0,0,0,0,0,0,0,0,0,0,0,0,0,0,0,0,0,0,0,0,0,0,0,0,0,0,0,0,0,0),(1808,'','',1808,0,0,0,0,0,0,0,0,0,0,0,0,NULL,0,0,0,0,0,0,0,0,0,0,0,0,0,0,0,0,0,0,0,0,0,0,0,0,0,0,0,0,0,0,0),(1809,'','',1809,0,0,0,0,0,0,0,0,0,0,0,0,NULL,0,0,0,0,0,0,0,0,0,0,0,0,0,0,0,0,0,0,0,0,0,0,0,0,0,0,0,0,0,0,0),(1810,'','',1810,0,0,0,0,0,0,0,0,0,0,0,0,NULL,0,0,0,0,0,0,0,0,0,0,0,0,0,0,0,0,0,0,0,0,0,0,0,0,0,0,0,0,0,0,0);

--
-- Table structure for table `configgprsemail`
--

CREATE TABLE `configgprsemail` (
  `ConfigGprsEmail_ID` int(11) NOT NULL AUTO_INCREMENT,
  `Name` varchar(50) DEFAULT NULL,
  `Descr` varchar(200) DEFAULT NULL,
  `ID` int(11) DEFAULT '0',
  `Flags` int(11) DEFAULT '0',
  `Message_ID` int(11) DEFAULT '0',
  `Smtpserv` varchar(50) NOT NULL DEFAULT '',
  `Smtpun` varchar(50) NOT NULL DEFAULT '',
  `Smtppw` varchar(50) NOT NULL DEFAULT '',
  `Pop3serv` varchar(50) NOT NULL DEFAULT '',
  `Pop3un` varchar(50) NOT NULL DEFAULT '',
  `Pop3pw` varchar(50) NOT NULL DEFAULT '',
  PRIMARY KEY (`ConfigGprsEmail_ID`),
  KEY `Index_2` (`ID`)
) ENGINE=InnoDB AUTO_INCREMENT=371 DEFAULT CHARSET=cp1251;

--
-- Dumping data for table `configgprsemail`
--

INSERT INTO `configgprsemail` VALUES (341,'Record 22.09.2005 12:14:57','Description for record created at 22.09.2005 12:14:57',341,0,0,'','','','','',''),(342,'Record 22.09.2005 12:14:57','Description for record created at 22.09.2005 12:14:57',341,0,200887,'smtp.p314.net','','','pop.p314.net','3051@','1%NDzZnt'),(343,'','',341,0,200888,'smtp.p314.net','','','pop.p314.net','3051@','1%NDzZnt'),(352,'','',341,0,218876,'','','','','',''),(353,'0641','Desctiption for Teletrack registered at 25.07.2017 9:23:17',353,0,0,'','','','','',''),(354,'0781','Desctiption for Teletrack registered at 25.07.2017 9:23:47',354,0,0,'','','','','',''),(355,'0906','Desctiption for Teletrack registered at 25.07.2017 9:24:17',355,0,0,'','','','','',''),(356,'5180','Desctiption for Teletrack registered at 22.04.2020 10:10:00',356,0,0,'','','','','',''),(357,'6269','Desctiption for Teletrack registered at 22.04.2020 10:10:11',357,0,0,'','','','','',''),(358,'7049','Desctiption for Teletrack registered at 23.07.2020 18:06:09',358,0,0,'','','','','',''),(359,'','',359,0,0,'','','','','',''),(360,'','',360,0,0,'','','','','',''),(361,'','',361,0,0,'','','','','',''),(362,'','',362,0,0,'','','','','',''),(363,'','',363,0,0,'','','','','',''),(364,'','',364,0,0,'','','','','',''),(365,'','',365,0,0,'','','','','',''),(366,'','',366,0,0,'','','','','',''),(367,'','',367,0,0,'','','','','',''),(368,'','',368,0,0,'','','','','',''),(369,'','',369,0,0,'','','','','',''),(370,'','',370,0,0,'','','','','','');

--
-- Table structure for table `configgprsinit`
--

CREATE TABLE `configgprsinit` (
  `ConfigGprsInit_ID` int(11) NOT NULL AUTO_INCREMENT,
  `Name` varchar(50) DEFAULT NULL,
  `Descr` varchar(200) DEFAULT NULL,
  `ID` int(11) DEFAULT '0',
  `Flags` int(11) DEFAULT '0',
  `Message_ID` int(11) DEFAULT '0',
  `Domain` varchar(50) NOT NULL DEFAULT '0',
  `InitString` varchar(200) NOT NULL DEFAULT '',
  PRIMARY KEY (`ConfigGprsInit_ID`),
  KEY `Index_2` (`ID`)
) ENGINE=InnoDB AUTO_INCREMENT=311 DEFAULT CHARSET=cp1251;

--
-- Dumping data for table `configgprsinit`
--

INSERT INTO `configgprsinit` VALUES (299,'Record 22.09.2005 12:14:57','Description for record created at 22.09.2005 12:14:57',299,0,0,'0',''),(300,'Record 22.09.2005 12:14:57','Description for record created at 22.09.2005 12:14:57',299,0,200889,'smtp.p314.net',''),(301,'','',299,0,200890,'smtp.p314.net',''),(310,'','',299,0,218877,'','');

--
-- Table structure for table `configgprsmain`
--

CREATE TABLE `configgprsmain` (
  `ConfigGprsMain_ID` int(11) NOT NULL AUTO_INCREMENT,
  `Name` varchar(50) DEFAULT NULL,
  `Descr` varchar(200) DEFAULT NULL,
  `ID` int(11) DEFAULT '0',
  `Flags` int(11) DEFAULT '0',
  `Message_ID` int(11) DEFAULT '0',
  `Mode` int(11) NOT NULL DEFAULT '0',
  `Apnserv` varchar(50) NOT NULL DEFAULT '',
  `Apnun` varchar(50) NOT NULL DEFAULT '',
  `Apnpw` varchar(50) NOT NULL DEFAULT '',
  `Dnsserv1` varchar(50) NOT NULL DEFAULT '',
  `Dialn1` varchar(50) NOT NULL DEFAULT '',
  `Ispun` varchar(50) NOT NULL DEFAULT '',
  `Isppw` varchar(50) NOT NULL DEFAULT '',
  PRIMARY KEY (`ConfigGprsMain_ID`)
) ENGINE=InnoDB AUTO_INCREMENT=415 DEFAULT CHARSET=cp1251;

--
-- Dumping data for table `configgprsmain`
--

INSERT INTO `configgprsmain` VALUES (382,'Record 22.09.2005 12:14:57','Description for record created at 22.09.2005 12:14:57',382,0,0,0,'','','','','','',''),(383,'Record 22.09.2005 12:14:57','Description for record created at 22.09.2005 12:14:57',382,0,200882,1,'www.kyivstar.net','igprs','internet','193.41.60.55','80672222901','internet','kyivstar'),(384,'','',382,0,200883,1,'www.kyivstar.net','igprs','internet','193.41.60.55','Ђg\"\"ђ000?0','internet','kyivstar'),(396,'','',382,0,218875,1,'www.kyivstar.net','igprs','internet','193.41.60.55','','internet','kyivstar'),(397,'0641','Desctiption for Teletrack registered at 25.07.2017 9:23:17',397,0,0,0,'','','','','','',''),(398,'0781','Desctiption for Teletrack registered at 25.07.2017 9:23:47',398,0,0,0,'','','','','','',''),(399,'0906','Desctiption for Teletrack registered at 25.07.2017 9:24:17',399,0,0,0,'','','','','','',''),(400,'5180','Desctiption for Teletrack registered at 22.04.2020 10:10:00',400,0,0,0,'','','','','','',''),(401,'6269','Desctiption for Teletrack registered at 22.04.2020 10:10:11',401,0,0,0,'','','','','','',''),(402,'7049','Desctiption for Teletrack registered at 23.07.2020 18:06:09',402,0,0,0,'','','','','','',''),(403,'','',403,0,0,0,'','','','','','',''),(404,'','',404,0,0,0,'','','','','','',''),(405,'','',405,0,0,0,'','','','','','',''),(406,'','',406,0,0,0,'','','','','','',''),(407,'','',407,0,0,0,'','','','','','',''),(408,'','',408,0,0,0,'','','','','','',''),(409,'','',409,0,0,0,'','','','','','',''),(410,'','',410,0,0,0,'','','','','','',''),(411,'','',411,0,0,0,'','','','','','',''),(412,'','',412,0,0,0,'','','','','','',''),(413,'','',413,0,0,0,'','','','','','',''),(414,'','',414,0,0,0,'','','','','','','');

--
-- Table structure for table `configmain`
--

CREATE TABLE `configmain` (
  `ConfigMain_ID` int(11) NOT NULL AUTO_INCREMENT,
  `Name` char(50) DEFAULT NULL,
  `Descr` char(200) DEFAULT NULL,
  `ID` int(11) DEFAULT '0',
  `Flags` int(11) DEFAULT '0',
  `ConfigOther_ID` int(11) DEFAULT '0',
  `ConfigDriverMessage_ID` int(11) DEFAULT '0',
  `ConfigEvent_ID` int(11) DEFAULT '0',
  `ConfigUnique_ID` int(11) DEFAULT '0',
  `ConfigZoneSet_ID` int(11) DEFAULT '0',
  `ConfigSensorSet_ID` int(11) DEFAULT '0',
  `ConfigTel_ID` int(11) DEFAULT '0',
  `ConfigSms_ID` int(11) DEFAULT '0',
  `Mobitel_ID` int(11) DEFAULT '0',
  `ConfigGprsMain_ID` int(11) NOT NULL DEFAULT '0',
  `ConfigGprsEmail_ID` int(11) NOT NULL DEFAULT '0',
  `ConfigGprsInit_ID` int(11) NOT NULL DEFAULT '0',
  PRIMARY KEY (`ConfigMain_ID`),
  KEY `Index_2` (`Mobitel_ID`)
) ENGINE=InnoDB AUTO_INCREMENT=113 DEFAULT CHARSET=cp1251;

--
-- Dumping data for table `configmain`
--

INSERT INTO `configmain` VALUES (94,'Mobitel1','Descr',0,0,115,216,1785,128,247,103,514,708,97,382,341,299),(95,'mobitel','mca4',0,0,50,50,1793,50,50,50,528,721,98,397,353,50),(96,'mobitel','mca4',0,0,50,50,1794,50,50,50,529,722,99,398,354,50),(97,'mobitel','mca4',0,0,50,50,1795,50,50,50,530,723,100,399,355,50),(98,'mobitel','mca4',0,0,50,50,1796,50,50,50,531,724,101,400,356,50),(99,'mobitel','mca4',0,0,50,50,1797,50,50,50,532,725,102,401,357,50),(100,'mobitel','mca4',0,0,50,50,1798,50,50,50,533,726,103,402,358,50),(101,'','',0,0,50,50,1799,50,50,50,534,727,808464436,403,359,50),(102,'','',0,0,50,50,1800,50,50,50,535,728,859124537,404,360,50),(103,'','',0,0,50,50,1801,50,50,50,536,729,842281778,405,361,50),(104,'','',0,0,50,50,1802,50,50,50,537,730,909324599,406,362,50),(105,'','',0,0,50,50,1803,50,50,50,538,731,842478133,407,363,50),(106,'','',0,0,50,50,1804,50,50,50,539,732,926037045,408,364,50),(107,'','',0,0,50,50,1805,50,50,50,540,733,808857912,409,365,50),(108,'','',0,0,50,50,1806,50,50,50,541,734,876164145,410,366,50),(109,'','',0,0,50,50,1807,50,50,50,542,735,892483379,411,367,50),(110,'','',0,0,50,50,1808,50,50,50,543,736,925907255,412,368,50),(111,'','',0,0,50,50,1809,50,50,50,544,737,825242674,413,369,50),(112,'','',0,0,50,50,1810,50,50,50,545,738,808990515,414,370,50);

--
-- Table structure for table `configother`
--

CREATE TABLE `configother` (
  `ConfigOther_ID` int(11) NOT NULL AUTO_INCREMENT,
  `Name` char(50) DEFAULT NULL,
  `Descr` char(200) DEFAULT NULL,
  `ID` int(11) DEFAULT '0',
  `Flags` int(11) DEFAULT '0',
  `Pin` int(11) DEFAULT '0',
  `Lang` int(11) DEFAULT '0',
  `Message_ID` int(11) DEFAULT '0',
  PRIMARY KEY (`ConfigOther_ID`),
  KEY `Index_2` (`ID`)
) ENGINE=InnoDB AUTO_INCREMENT=116 DEFAULT CHARSET=cp1251;

--
-- Dumping data for table `configother`
--

INSERT INTO `configother` VALUES (115,'Record 22.09.2005 12:14:57','Description for record created at 22.09.2005 12:14:57',115,0,0,0,0);

--
-- Table structure for table `configsensorset`
--

CREATE TABLE `configsensorset` (
  `ConfigSensorSet_ID` int(11) NOT NULL AUTO_INCREMENT,
  `Name` char(50) DEFAULT NULL,
  `Descr` char(200) DEFAULT NULL,
  `ID` int(11) DEFAULT '0',
  `Flags` int(11) DEFAULT '0',
  `Message_ID` int(11) DEFAULT '0',
  PRIMARY KEY (`ConfigSensorSet_ID`)
) ENGINE=InnoDB AUTO_INCREMENT=104 DEFAULT CHARSET=cp1251;

--
-- Dumping data for table `configsensorset`
--

INSERT INTO `configsensorset` VALUES (103,'Record 22.09.2005 12:14:57','Description for record created at 22.09.2005 12:14:57',103,0,0);

--
-- Table structure for table `configsms`
--

CREATE TABLE `configsms` (
  `ConfigSms_ID` int(11) NOT NULL AUTO_INCREMENT,
  `Name` char(50) DEFAULT NULL,
  `Descr` char(200) DEFAULT NULL,
  `ID` int(11) DEFAULT '0',
  `Flags` int(11) DEFAULT '0',
  `Message_ID` int(11) DEFAULT '0',
  `smsCenter_ID` int(11) DEFAULT '0',
  `smsDspt_ID` int(11) DEFAULT '0',
  `smsEmailGate_ID` int(11) DEFAULT '0',
  `dsptEmail` char(14) DEFAULT NULL,
  `dsptGprsEmail` char(50) DEFAULT NULL,
  PRIMARY KEY (`ConfigSms_ID`),
  KEY `Index_2` (`ID`)
) ENGINE=InnoDB AUTO_INCREMENT=739 DEFAULT CHARSET=cp1251;

--
-- Dumping data for table `configsms`
--

INSERT INTO `configsms` VALUES (708,'Record 22.09.2005 12:14:57','Description for record created at 22.09.2005 12:14:57',708,0,0,0,0,0,NULL,NULL),(709,'Record 22.09.2005 12:14:57','Description for record created at 22.09.2005 12:14:57',708,0,200809,9,62,74,'d000@p314.net','d000@p314.net'),(710,'Record 22.09.2005 12:14:57','Description for record created at 22.09.2005 12:14:57',708,0,200810,9,62,74,'d000@p314.net','d000@p314.net'),(711,'','',708,0,200811,-1,62,74,'d000@p314.net','d000@p314.net'),(720,'','',708,0,218874,0,0,0,'',''),(721,'0641','Desctiption for Teletrack registered at 25.07.2017 9:23:17',721,0,0,0,0,0,NULL,NULL),(722,'0781','Desctiption for Teletrack registered at 25.07.2017 9:23:47',722,0,0,0,0,0,NULL,NULL),(723,'0906','Desctiption for Teletrack registered at 25.07.2017 9:24:17',723,0,0,0,0,0,NULL,NULL),(724,'5180','Desctiption for Teletrack registered at 22.04.2020 10:10:00',724,0,0,0,0,0,NULL,NULL),(725,'6269','Desctiption for Teletrack registered at 22.04.2020 10:10:11',725,0,0,0,0,0,NULL,NULL),(726,'7049','Desctiption for Teletrack registered at 23.07.2020 18:06:09',726,0,0,0,0,0,NULL,NULL),(727,'','',727,0,0,0,0,0,NULL,NULL),(728,'','',728,0,0,0,0,0,NULL,NULL),(729,'','',729,0,0,0,0,0,NULL,NULL),(730,'','',730,0,0,0,0,0,NULL,NULL),(731,'','',731,0,0,0,0,0,NULL,NULL),(732,'','',732,0,0,0,0,0,NULL,NULL),(733,'','',733,0,0,0,0,0,NULL,NULL),(734,'','',734,0,0,0,0,0,NULL,NULL),(735,'','',735,0,0,0,0,0,NULL,NULL),(736,'','',736,0,0,0,0,0,NULL,NULL),(737,'','',737,0,0,0,0,0,NULL,NULL),(738,'','',738,0,0,0,0,0,NULL,NULL);

--
-- Table structure for table `configtel`
--

CREATE TABLE `configtel` (
  `ConfigTel_ID` int(11) NOT NULL AUTO_INCREMENT,
  `Name` char(50) DEFAULT NULL,
  `Descr` char(200) DEFAULT NULL,
  `ID` int(11) DEFAULT '0',
  `Flags` int(11) DEFAULT '0',
  `Message_ID` int(11) DEFAULT '0',
  `telSOS` int(11) DEFAULT '0',
  `telDspt` int(11) DEFAULT '0',
  `telAccept1` int(11) DEFAULT '0',
  `telAccept2` int(11) DEFAULT '0',
  `telAccept3` int(11) DEFAULT '0',
  `telAnswer` int(11) DEFAULT '0',
  PRIMARY KEY (`ConfigTel_ID`),
  KEY `Index_2` (`ID`)
) ENGINE=InnoDB AUTO_INCREMENT=546 DEFAULT CHARSET=cp1251;

--
-- Dumping data for table `configtel`
--

INSERT INTO `configtel` VALUES (514,'Record 22.09.2005 12:14:57','Description for record created at 22.09.2005 12:14:57',514,0,0,0,0,0,0,0,0),(515,'Record 22.09.2005 12:14:57','Description for record created at 22.09.2005 12:14:57',514,0,200807,57,57,71,89,75,0),(516,'','',514,0,200808,57,57,71,89,75,0),(527,'','',514,0,218873,58,58,58,58,58,0),(528,'0641','Desctiption for Teletrack registered at 25.07.2017 9:23:17',528,0,0,0,0,0,0,0,0),(529,'0781','Desctiption for Teletrack registered at 25.07.2017 9:23:47',529,0,0,0,0,0,0,0,0),(530,'0906','Desctiption for Teletrack registered at 25.07.2017 9:24:17',530,0,0,0,0,0,0,0,0),(531,'5180','Desctiption for Teletrack registered at 22.04.2020 10:10:00',531,0,0,0,0,0,0,0,0),(532,'6269','Desctiption for Teletrack registered at 22.04.2020 10:10:11',532,0,0,0,0,0,0,0,0),(533,'7049','Desctiption for Teletrack registered at 23.07.2020 18:06:09',533,0,0,0,0,0,0,0,0),(534,'','',534,0,0,0,0,0,0,0,0),(535,'','',535,0,0,0,0,0,0,0,0),(536,'','',536,0,0,0,0,0,0,0,0),(537,'','',537,0,0,0,0,0,0,0,0),(538,'','',538,0,0,0,0,0,0,0,0),(539,'','',539,0,0,0,0,0,0,0,0),(540,'','',540,0,0,0,0,0,0,0,0),(541,'','',541,0,0,0,0,0,0,0,0),(542,'','',542,0,0,0,0,0,0,0,0),(543,'','',543,0,0,0,0,0,0,0,0),(544,'','',544,0,0,0,0,0,0,0,0),(545,'','',545,0,0,0,0,0,0,0,0);

--
-- Table structure for table `configunique`
--

CREATE TABLE `configunique` (
  `ConfigUnique_ID` int(11) NOT NULL AUTO_INCREMENT,
  `Name` char(50) DEFAULT NULL,
  `Descr` char(200) DEFAULT NULL,
  `ID` int(11) DEFAULT '0',
  `Flags` int(11) DEFAULT '0',
  `Message_ID` int(11) DEFAULT '0',
  `pswd` char(8) DEFAULT NULL,
  `tmpPswd` char(8) DEFAULT NULL,
  `dsptId` char(4) DEFAULT NULL,
  PRIMARY KEY (`ConfigUnique_ID`),
  KEY `Index_2` (`ID`)
) ENGINE=InnoDB AUTO_INCREMENT=129 DEFAULT CHARSET=cp1251;

--
-- Dumping data for table `configunique`
--

INSERT INTO `configunique` VALUES (128,'Record 22.09.2005 12:14:57','Description for record created at 22.09.2005 12:14:57',128,0,0,NULL,NULL,NULL);

--
-- Table structure for table `configzoneset`
--

CREATE TABLE `configzoneset` (
  `ConfigZoneSet_ID` int(11) NOT NULL AUTO_INCREMENT,
  `Name` char(50) DEFAULT NULL,
  `Descr` char(200) DEFAULT NULL,
  `ID` int(11) DEFAULT '0',
  `Flags` int(11) DEFAULT '0',
  `Message_ID` int(11) DEFAULT '0',
  PRIMARY KEY (`ConfigZoneSet_ID`)
) ENGINE=InnoDB AUTO_INCREMENT=250 DEFAULT CHARSET=cp1251;

--
-- Dumping data for table `configzoneset`
--

INSERT INTO `configzoneset` VALUES (247,'Record 22.09.2005 12:14:57','Description for record created at 22.09.2005 12:14:57',247,0,0),(248,'','',247,0,200812),(249,'','',247,0,200847);

--
-- Table structure for table `data_zones`
--

CREATE TABLE `data_zones` (
  `ID` int(11) NOT NULL AUTO_INCREMENT,
  `DataGps_ID` int(11) DEFAULT NULL,
  `Zone_ID` int(11) DEFAULT NULL,
  `Zone_IO` int(11) DEFAULT NULL,
  PRIMARY KEY (`ID`)
) ENGINE=InnoDB DEFAULT CHARSET=cp1251;

--
-- Dumping data for table `data_zones`
--


--
-- Table structure for table `datagps`
--

CREATE TABLE `datagps` (
  `DataGps_ID` int(11) NOT NULL AUTO_INCREMENT,
  `Mobitel_ID` int(11) DEFAULT '0',
  `Message_ID` int(11) DEFAULT '0',
  `Latitude` int(11) DEFAULT '0',
  `Longitude` int(11) DEFAULT '0',
  `Altitude` int(11) DEFAULT NULL,
  `UnixTime` int(11) DEFAULT '0',
  `Speed` smallint(6) DEFAULT '0',
  `Direction` int(11) NOT NULL DEFAULT '0',
  `Valid` tinyint(4) DEFAULT '1',
  `InMobitelID` int(11) DEFAULT NULL,
  `Events` int(10) unsigned DEFAULT '0',
  `Sensor1` tinyint(4) unsigned DEFAULT '0',
  `Sensor2` tinyint(4) unsigned DEFAULT '0',
  `Sensor3` tinyint(4) unsigned DEFAULT '0',
  `Sensor4` tinyint(4) unsigned DEFAULT '0',
  `Sensor5` tinyint(4) unsigned DEFAULT '0',
  `Sensor6` tinyint(4) unsigned DEFAULT '0',
  `Sensor7` tinyint(4) unsigned DEFAULT '0',
  `Sensor8` tinyint(4) unsigned DEFAULT '0',
  `LogID` int(11) DEFAULT '0',
  `isShow` tinyint(4) DEFAULT '0',
  `whatIs` smallint(6) unsigned DEFAULT '0',
  `Counter1` int(11) NOT NULL DEFAULT '-1',
  `Counter2` int(11) NOT NULL DEFAULT '-1',
  `Counter3` int(11) NOT NULL DEFAULT '-1',
  `Counter4` int(11) NOT NULL DEFAULT '-1',
  `SrvPacketID` bigint(20) NOT NULL DEFAULT '0' COMMENT 'ID серверного пакета в состав которого входит эта запись',
  PRIMARY KEY (`DataGps_ID`),
  UNIQUE KEY `BMC_MobitelID_LogID_UnixTime_UNIQUE` (`Mobitel_ID`,`LogID`,`UnixTime`),
  KEY `Index_3` (`Mobitel_ID`,`UnixTime`,`Valid`),
  KEY `IDX_MobitelIDSrvPacketID` (`Mobitel_ID`,`SrvPacketID`)
) ENGINE=InnoDB DEFAULT CHARSET=cp1251;

--
-- Dumping data for table `datagps`
--


--
-- Table structure for table `datagps64`
--

CREATE TABLE `datagps64` (
  `DataGps_ID` bigint(20) NOT NULL AUTO_INCREMENT,
  `Mobitel_ID` int(11) NOT NULL DEFAULT '0' COMMENT 'РљРѕРґ РўРµР»РµС‚СЂРµРєР°',
  `Latitude` int(11) NOT NULL DEFAULT '0' COMMENT 'РЁРёСЂРѕС‚Р°',
  `Longitude` int(11) NOT NULL DEFAULT '0' COMMENT 'Р”РѕР»РіРѕС‚Р°',
  `Direction` tinyint(1) unsigned NOT NULL DEFAULT '0' COMMENT 'РіСЂР°РґСѓСЃС‹/1.5',
  `Acceleration` int(11) NOT NULL DEFAULT '0' COMMENT 'РР·РјРµРЅРµРЅРёРµ СЃРєРѕСЂРѕСЃС‚Рё РїРѕ GPS Р·Р° РїРѕСЃР»РµРґРЅСЋСЋ СЃРµРєСѓРЅРґСѓ',
  `UnixTime` int(11) NOT NULL DEFAULT '0',
  `Speed` smallint(6) NOT NULL DEFAULT '0' COMMENT 'РЎРѕС‚РµРЅ РјРµС‚СЂРѕРІ РІ С‡Р°СЃ (0,1 РєРј/С‡)',
  `Valid` tinyint(1) NOT NULL DEFAULT '1',
  `Satellites` tinyint(1) unsigned NOT NULL DEFAULT '0' COMMENT 'РљРѕР»РёС‡РµСЃС‚РІРѕ СЃРїСѓС‚РЅРёРєРѕРІ ',
  `RssiGsm` tinyint(1) unsigned NOT NULL DEFAULT '0' COMMENT 'РЈСЂРѕРІРµРЅСЊ GSM СЃРёРіРЅР°Р»Р°',
  `Events` int(11) NOT NULL DEFAULT '0' COMMENT 'Р¤Р»Р°РіРё СЃРѕР±С‹С‚РёР№',
  `SensorsSet` tinyint(1) unsigned NOT NULL DEFAULT '0' COMMENT 'РљРѕРґ РЅР°Р±РѕСЂР° РґР°С‚С‡РёРєРѕРІ',
  `Sensors` varbinary(50) NOT NULL DEFAULT '0' COMMENT 'Р—РЅР°С‡РµРЅРёСЏ РґР°С‚С‡РёРєРѕРІ',
  `Voltage` tinyint(4) unsigned NOT NULL DEFAULT '0' COMMENT 'РќР°РїСЂСЏР¶РµРЅРёРµ РїРёС‚Р°РЅРёСЏ С‚РµРєСѓС‰РµРіРѕ РёСЃС‚РѕС‡РЅРёРєР°/1.5 РѕС‚ 0 РґРѕ 38,2',
  `DGPS` varchar(32) DEFAULT NULL,
  `LogID` int(11) NOT NULL DEFAULT '0' COMMENT 'РРґРµРЅС‚РёС„РёРєР°С‚РѕСЂ Р·Р°РїРёСЃРё РІ Р¶СѓСЂРЅР°Р»Рµ РўРµР»РµС‚СЂРµРєР°',
  `SrvPacketID` bigint(20) NOT NULL DEFAULT '0' COMMENT 'ID СЃРµСЂРІРµСЂРЅРѕРіРѕ РїР°РєРµС‚Р° РІ СЃРѕСЃС‚Р°РІ РєРѕС‚РѕСЂРѕРіРѕ РІС…РѕРґРёС‚ СЌС‚Р° Р·Р°РїРёСЃСЊ',
  PRIMARY KEY (`DataGps_ID`),
  UNIQUE KEY `BMC_MobitelID_LogID_UnixTime_UNIQUE` (`Mobitel_ID`,`LogID`,`UnixTime`),
  KEY `IDX_MobitelIDSrvPacketID64` (`Mobitel_ID`,`SrvPacketID`),
  KEY `Index_3_64` (`Mobitel_ID`,`UnixTime`,`Valid`),
  CONSTRAINT `FK_datagps64_mobitels_Mobitel_ID` FOREIGN KEY (`Mobitel_ID`) REFERENCES `mobitels` (`Mobitel_ID`) ON DELETE CASCADE ON UPDATE CASCADE
) ENGINE=InnoDB DEFAULT CHARSET=cp1251;

--
-- Dumping data for table `datagps64`
--


--
-- Table structure for table `datagpsbuffer`
--

CREATE TABLE `datagpsbuffer` (
  `DataGps_ID` int(11) NOT NULL AUTO_INCREMENT,
  `Mobitel_ID` int(11) DEFAULT '0',
  `Message_ID` int(11) DEFAULT '0',
  `Latitude` int(11) DEFAULT '0',
  `Longitude` int(11) DEFAULT '0',
  `Altitude` int(11) DEFAULT NULL,
  `UnixTime` int(11) DEFAULT '0',
  `Speed` smallint(6) DEFAULT '0',
  `Direction` int(11) NOT NULL DEFAULT '0',
  `Valid` tinyint(4) DEFAULT '1',
  `InMobitelID` int(11) DEFAULT NULL,
  `Events` int(10) unsigned DEFAULT '0',
  `Sensor1` tinyint(4) unsigned DEFAULT '0',
  `Sensor2` tinyint(4) unsigned DEFAULT '0',
  `Sensor3` tinyint(4) unsigned DEFAULT '0',
  `Sensor4` tinyint(4) unsigned DEFAULT '0',
  `Sensor5` tinyint(4) unsigned DEFAULT '0',
  `Sensor6` tinyint(4) unsigned DEFAULT '0',
  `Sensor7` tinyint(4) unsigned DEFAULT '0',
  `Sensor8` tinyint(4) unsigned DEFAULT '0',
  `LogID` int(11) DEFAULT '0',
  `isShow` tinyint(4) DEFAULT '0',
  `whatIs` smallint(6) DEFAULT '0',
  `Counter1` int(11) NOT NULL DEFAULT '-1',
  `Counter2` int(11) NOT NULL DEFAULT '-1',
  `Counter3` int(11) NOT NULL DEFAULT '-1',
  `Counter4` int(11) NOT NULL DEFAULT '-1',
  PRIMARY KEY (`DataGps_ID`),
  KEY `IDX_MobitelIDLogID` (`Mobitel_ID`,`LogID`)
) ENGINE=InnoDB DEFAULT CHARSET=cp1251;

--
-- Dumping data for table `datagpsbuffer`
--


--
-- Table structure for table `datagpsbuffer_dr`
--

CREATE TABLE `datagpsbuffer_dr` (
  `Mobitel_ID` int(11) DEFAULT '0',
  `Message_ID` int(11) DEFAULT '0',
  `Latitude` int(11) NOT NULL DEFAULT '0',
  `Longitude` int(11) NOT NULL DEFAULT '0',
  `Altitude` int(11) DEFAULT '0',
  `UnixTime` int(11) NOT NULL DEFAULT '0',
  `Speed` smallint(6) NOT NULL DEFAULT '0',
  `Direction` int(11) NOT NULL DEFAULT '0',
  `Valid` tinyint(4) NOT NULL DEFAULT '1',
  `InMobitelID` int(11) DEFAULT '0',
  `Events` int(10) unsigned DEFAULT '0',
  `Sensor1` tinyint(4) unsigned DEFAULT '0',
  `Sensor2` tinyint(4) unsigned DEFAULT '0',
  `Sensor3` tinyint(4) unsigned DEFAULT '0',
  `Sensor4` tinyint(4) unsigned DEFAULT '0',
  `Sensor5` tinyint(4) unsigned DEFAULT '0',
  `Sensor6` tinyint(4) unsigned DEFAULT '0',
  `Sensor7` tinyint(4) unsigned DEFAULT '0',
  `Sensor8` tinyint(4) unsigned DEFAULT '0',
  `LogID` int(11) DEFAULT '0',
  `isShow` tinyint(4) DEFAULT '0',
  `whatIs` smallint(6) unsigned NOT NULL DEFAULT '0',
  `Counter1` int(11) NOT NULL DEFAULT '-1',
  `Counter2` int(11) NOT NULL DEFAULT '-1',
  `Counter3` int(11) NOT NULL DEFAULT '-1',
  `Counter4` int(11) NOT NULL DEFAULT '-1',
  KEY `IDX_MobitelIDLogID` (`Mobitel_ID`,`LogID`) USING BTREE,
  KEY `IDX_MobitelidUnixtime` (`Mobitel_ID`,`UnixTime`) USING BTREE,
  KEY `IDX_MobitelidUnixtimeValid` (`Mobitel_ID`,`UnixTime`,`Valid`) USING BTREE
) ENGINE=MEMORY DEFAULT CHARSET=cp1251 COMMENT='Буфер приема данных поступающих по socket-ам от телетреков';

--
-- Dumping data for table `datagpsbuffer_dr`
--


--
-- Table structure for table `datagpsbuffer_on`
--

CREATE TABLE `datagpsbuffer_on` (
  `Mobitel_ID` int(11) NOT NULL DEFAULT '0',
  `Message_ID` int(11) DEFAULT '0',
  `Latitude` int(11) NOT NULL DEFAULT '0',
  `Longitude` int(11) NOT NULL DEFAULT '0',
  `Altitude` int(11) DEFAULT NULL,
  `UnixTime` int(11) NOT NULL DEFAULT '0',
  `Speed` smallint(6) NOT NULL DEFAULT '0',
  `Direction` int(11) NOT NULL DEFAULT '0',
  `Valid` tinyint(4) NOT NULL DEFAULT '1',
  `InMobitelID` int(11) DEFAULT NULL,
  `Events` int(10) unsigned DEFAULT '0',
  `Sensor1` tinyint(4) unsigned DEFAULT '0',
  `Sensor2` tinyint(4) unsigned DEFAULT '0',
  `Sensor3` tinyint(4) unsigned DEFAULT '0',
  `Sensor4` tinyint(4) unsigned DEFAULT '0',
  `Sensor5` tinyint(4) unsigned DEFAULT '0',
  `Sensor6` tinyint(4) unsigned DEFAULT '0',
  `Sensor7` tinyint(4) unsigned DEFAULT '0',
  `Sensor8` tinyint(4) unsigned DEFAULT '0',
  `LogID` int(11) NOT NULL DEFAULT '0',
  `isShow` tinyint(4) DEFAULT '0',
  `whatIs` smallint(6) NOT NULL DEFAULT '0',
  `Counter1` int(11) NOT NULL DEFAULT '-1',
  `Counter2` int(11) NOT NULL DEFAULT '-1',
  `Counter3` int(11) NOT NULL DEFAULT '-1',
  `Counter4` int(11) NOT NULL DEFAULT '-1',
  `SrvPacketID` bigint(20) NOT NULL DEFAULT '0',
  KEY `IDX_MobitelidLogid` (`Mobitel_ID`,`LogID`) USING BTREE,
  KEY `IDX_MobitelidUnixtime` (`Mobitel_ID`,`UnixTime`) USING BTREE,
  KEY `IDX_MobitelidUnixtimeValid` (`Mobitel_ID`,`UnixTime`,`Valid`) USING BTREE,
  KEY `IDX_SrvPacketID` (`SrvPacketID`) USING BTREE
) ENGINE=MEMORY DEFAULT CHARSET=cp1251 COMMENT='Буфер онлайн данных';

--
-- Dumping data for table `datagpsbuffer_on`
--


--
-- Table structure for table `datagpsbuffer_on64`
--

CREATE TABLE `datagpsbuffer_on64` (
  `Mobitel_ID` int(11) NOT NULL DEFAULT '0' COMMENT 'РљРѕРґ РўРµР»РµС‚СЂРµРєР°',
  `Latitude` int(11) NOT NULL DEFAULT '0' COMMENT 'РЁРёСЂРѕС‚Р°',
  `Longitude` int(11) NOT NULL DEFAULT '0' COMMENT 'Р”РѕР»РіРѕС‚Р°',
  `Direction` tinyint(1) unsigned NOT NULL DEFAULT '0' COMMENT 'РіСЂР°РґСѓСЃС‹/1.5',
  `Acceleration` int(11) NOT NULL DEFAULT '0' COMMENT 'РР·РјРµРЅРµРЅРёРµ СЃРєРѕСЂРѕСЃС‚Рё РїРѕ GPS Р·Р° РїРѕСЃР»РµРґРЅСЋСЋ СЃРµРєСѓРЅРґСѓ',
  `UnixTime` int(11) NOT NULL DEFAULT '0',
  `Speed` smallint(6) NOT NULL DEFAULT '0' COMMENT 'РЎРѕС‚РµРЅ РјРµС‚СЂРѕРІ РІ С‡Р°СЃ (0,1 РєРј/С‡)',
  `Valid` tinyint(1) NOT NULL DEFAULT '1',
  `Satellites` tinyint(1) unsigned NOT NULL DEFAULT '0' COMMENT 'РљРѕР»РёС‡РµСЃС‚РІРѕ СЃРїСѓС‚РЅРёРєРѕРІ ',
  `RssiGsm` tinyint(1) unsigned NOT NULL DEFAULT '0' COMMENT 'РЈСЂРѕРІРµРЅСЊ GSM СЃРёРіРЅР°Р»Р°',
  `Events` int(11) NOT NULL DEFAULT '0' COMMENT 'Р¤Р»Р°РіРё СЃРѕР±С‹С‚РёР№',
  `SensorsSet` tinyint(1) unsigned NOT NULL DEFAULT '0' COMMENT 'РљРѕРґ РЅР°Р±РѕСЂР° РґР°С‚С‡РёРєРѕРІ',
  `Sensors` varbinary(50) NOT NULL DEFAULT '0' COMMENT 'Р—РЅР°С‡РµРЅРёСЏ РґР°С‚С‡РёРєРѕРІ',
  `Voltage` tinyint(4) unsigned NOT NULL DEFAULT '0' COMMENT 'РќР°РїСЂСЏР¶РµРЅРёРµ РїРёС‚Р°РЅРёСЏ С‚РµРєСѓС‰РµРіРѕ РёСЃС‚РѕС‡РЅРёРєР°/1.5 РѕС‚ 0 РґРѕ 38,2',
  `DGPS` varchar(32) NOT NULL DEFAULT '0' COMMENT 'Р”Р°РЅРЅС‹Рµ РґРёС„С„РµСЂРµРЅС†РёР°Р»СЊРЅРѕР№ СЃРёСЃС‚РµРјС‹ GPS - РІС‹СЃРѕС‚Р°,С€РёСЂРѕС‚Р°,РґРѕР»РіРѕС‚Р°',
  `LogID` int(11) NOT NULL DEFAULT '0' COMMENT 'РРґРµРЅС‚РёС„РёРєР°С‚РѕСЂ Р·Р°РїРёСЃРё РІ Р¶СѓСЂРЅР°Р»Рµ РўРµР»РµС‚СЂРµРєР°',
  `SrvPacketID` bigint(20) NOT NULL DEFAULT '0' COMMENT 'ID СЃРµСЂРІРµСЂРЅРѕРіРѕ РїР°РєРµС‚Р° РІ СЃРѕСЃС‚Р°РІ РєРѕС‚РѕСЂРѕРіРѕ РІС…РѕРґРёС‚ СЌС‚Р° Р·Р°РїРёСЃСЊ',
  KEY `IDX_MobitelidLogid_64` (`Mobitel_ID`,`LogID`) USING BTREE,
  KEY `IDX_MobitelidUnixtime_64` (`Mobitel_ID`,`UnixTime`) USING BTREE,
  KEY `IDX_MobitelidUnixtimeValid_64` (`Mobitel_ID`,`UnixTime`,`Valid`) USING BTREE,
  KEY `IDX_SrvPacketID_64` (`SrvPacketID`) USING BTREE,
  CONSTRAINT `FK_datagps64_mobitels_Mobitel_ID_1` FOREIGN KEY (`Mobitel_ID`) REFERENCES `mobitels` (`Mobitel_ID`) ON DELETE CASCADE ON UPDATE CASCADE
) ENGINE=InnoDB DEFAULT CHARSET=cp1251;

--
-- Dumping data for table `datagpsbuffer_on64`
--


--
-- Table structure for table `datagpsbuffer_ontmp`
--

CREATE TABLE `datagpsbuffer_ontmp` (
  `Mobitel_ID` int(11) NOT NULL DEFAULT '0',
  `LogID` int(11) NOT NULL DEFAULT '0',
  `SrvPacketID` bigint(20) NOT NULL DEFAULT '0',
  KEY `IDX_MobitelidSrvpacketid` (`Mobitel_ID`,`SrvPacketID`) USING BTREE,
  KEY `IDX_Mobitelid` (`Mobitel_ID`) USING BTREE
) ENGINE=MEMORY DEFAULT CHARSET=cp1251 COMMENT='Временный вспомогательный буфер онлайн данных';

--
-- Dumping data for table `datagpsbuffer_ontmp`
--


--
-- Table structure for table `datagpsbuffer_ontmp64`
--

CREATE TABLE `datagpsbuffer_ontmp64` (
  `Mobitel_ID` int(11) NOT NULL DEFAULT '0' COMMENT 'РљРѕРґ РўРµР»РµС‚СЂРµРєР°',
  `LogID` int(11) unsigned DEFAULT '0' COMMENT 'РРґРµРЅС‚РёС„РёРєР°С‚РѕСЂ Р·Р°РїРёСЃРё РІ Р¶СѓСЂРЅР°Р»Рµ РўРµР»РµС‚СЂРµРєР°',
  `SrvPacketID` bigint(20) unsigned NOT NULL DEFAULT '0' COMMENT 'ID СЃРµСЂРІРµСЂРЅРѕРіРѕ РїР°РєРµС‚Р° РІ СЃРѕСЃС‚Р°РІ РєРѕС‚РѕСЂРѕРіРѕ РІС…РѕРґРёС‚ СЌС‚Р° Р·Р°РїРёСЃСЊ',
  KEY `IDX_Mobitelid64` (`Mobitel_ID`),
  KEY `IDX_MobitelidSrvpacketid64` (`Mobitel_ID`,`SrvPacketID`),
  CONSTRAINT `FK_datagps64_mobitels_Mobitel_ID_2` FOREIGN KEY (`Mobitel_ID`) REFERENCES `mobitels` (`Mobitel_ID`) ON DELETE CASCADE ON UPDATE CASCADE
) ENGINE=InnoDB DEFAULT CHARSET=cp1251;

--
-- Dumping data for table `datagpsbuffer_ontmp64`
--


--
-- Table structure for table `datagpsbuffer_pop`
--

CREATE TABLE `datagpsbuffer_pop` (
  `Mobitel_ID` int(11) DEFAULT '0',
  `Message_ID` int(11) DEFAULT '0',
  `Latitude` int(11) NOT NULL DEFAULT '0',
  `Longitude` int(11) NOT NULL DEFAULT '0',
  `Altitude` int(11) DEFAULT '0',
  `UnixTime` int(11) NOT NULL DEFAULT '0',
  `Speed` smallint(6) NOT NULL DEFAULT '0',
  `Direction` int(11) NOT NULL DEFAULT '0',
  `Valid` tinyint(4) NOT NULL DEFAULT '1',
  `InMobitelID` int(11) DEFAULT '0',
  `Events` int(10) unsigned DEFAULT '0',
  `Sensor1` tinyint(4) unsigned DEFAULT '0',
  `Sensor2` tinyint(4) unsigned DEFAULT '0',
  `Sensor3` tinyint(4) unsigned DEFAULT '0',
  `Sensor4` tinyint(4) unsigned DEFAULT '0',
  `Sensor5` tinyint(4) unsigned DEFAULT '0',
  `Sensor6` tinyint(4) unsigned DEFAULT '0',
  `Sensor7` tinyint(4) unsigned DEFAULT '0',
  `Sensor8` tinyint(4) unsigned DEFAULT '0',
  `LogID` int(11) DEFAULT '0',
  `isShow` tinyint(4) DEFAULT '0',
  `whatIs` smallint(6) unsigned NOT NULL DEFAULT '0',
  `Counter1` int(11) NOT NULL DEFAULT '-1',
  `Counter2` int(11) NOT NULL DEFAULT '-1',
  `Counter3` int(11) NOT NULL DEFAULT '-1',
  `Counter4` int(11) NOT NULL DEFAULT '-1',
  KEY `IDX_MobitelIDLogID` (`Mobitel_ID`,`LogID`) USING BTREE,
  KEY `IDX_MobitelidUnixtime` (`Mobitel_ID`,`UnixTime`) USING BTREE,
  KEY `IDX_MobitelidUnixtimeValid` (`Mobitel_ID`,`UnixTime`,`Valid`) USING BTREE
) ENGINE=MEMORY DEFAULT CHARSET=cp1251 COMMENT='Буфер приема данных поступающих по POP3 протоколу';

--
-- Dumping data for table `datagpsbuffer_pop`
--


--
-- Table structure for table `datagpsbufferlite`
--

CREATE TABLE `datagpsbufferlite` (
  `DataGps_ID` int(11) NOT NULL AUTO_INCREMENT,
  `Mobitel_ID` int(11) DEFAULT '0',
  `Message_ID` int(11) DEFAULT '0',
  `Latitude` int(11) DEFAULT '0',
  `Longitude` int(11) DEFAULT '0',
  `Altitude` int(11) DEFAULT NULL,
  `UnixTime` int(11) DEFAULT '0',
  `Speed` smallint(6) DEFAULT '0',
  `Direction` int(11) NOT NULL DEFAULT '0',
  `Valid` tinyint(4) DEFAULT '1',
  `InMobitelID` int(11) DEFAULT NULL,
  `Events` int(10) unsigned DEFAULT '0',
  `Sensor1` tinyint(4) unsigned DEFAULT '0',
  `Sensor2` tinyint(4) unsigned DEFAULT '0',
  `Sensor3` tinyint(4) unsigned DEFAULT '0',
  `Sensor4` tinyint(4) unsigned DEFAULT '0',
  `Sensor5` tinyint(4) unsigned DEFAULT '0',
  `Sensor6` tinyint(4) unsigned DEFAULT '0',
  `Sensor7` tinyint(4) unsigned DEFAULT '0',
  `Sensor8` tinyint(4) unsigned DEFAULT '0',
  `LogID` int(11) DEFAULT '0',
  `isShow` tinyint(4) DEFAULT '0',
  `whatIs` smallint(6) DEFAULT '0',
  `Counter1` int(11) NOT NULL DEFAULT '-1',
  `Counter2` int(11) NOT NULL DEFAULT '-1',
  `Counter3` int(11) NOT NULL DEFAULT '-1',
  `Counter4` int(11) NOT NULL DEFAULT '-1',
  PRIMARY KEY (`DataGps_ID`)
) ENGINE=InnoDB DEFAULT CHARSET=cp1251;

--
-- Dumping data for table `datagpsbufferlite`
--


--
-- Table structure for table `datagpslost`
--

CREATE TABLE `datagpslost` (
  `Mobitel_ID` int(11) NOT NULL DEFAULT '0',
  `Begin_LogID` int(11) NOT NULL DEFAULT '0' COMMENT 'Значение LogID после которого начинается разрыв',
  `End_LogID` int(11) NOT NULL DEFAULT '0' COMMENT 'Значение LogID перед которым завершается разрыв',
  PRIMARY KEY (`Mobitel_ID`,`Begin_LogID`),
  KEY `IDX_MobitelID` (`Mobitel_ID`)
) ENGINE=InnoDB DEFAULT CHARSET=cp1251 COMMENT='Список пропусков в данных DataGPS пришодящих от RF-модемов';

--
-- Dumping data for table `datagpslost`
--


--
-- Table structure for table `datagpslost_on`
--

CREATE TABLE `datagpslost_on` (
  `Mobitel_ID` int(11) NOT NULL DEFAULT '0',
  `Begin_LogID` int(11) NOT NULL DEFAULT '0' COMMENT 'Значение LogID после которого начинается разрыв',
  `End_LogID` int(11) NOT NULL DEFAULT '0' COMMENT 'Значение LogID перед которым завершается разрыв',
  `Begin_SrvPacketID` bigint(20) NOT NULL DEFAULT '0',
  `End_SrvPacketID` bigint(20) NOT NULL DEFAULT '0',
  `Id` bigint(20) unsigned NOT NULL AUTO_INCREMENT,
  PRIMARY KEY (`Mobitel_ID`,`Begin_LogID`),
  UNIQUE KEY `IDX_MobitelID_BeginSrvPacketID` (`Mobitel_ID`,`Begin_SrvPacketID`),
  UNIQUE KEY `Id` (`Id`),
  KEY `IDX_MobitelID` (`Mobitel_ID`)
) ENGINE=InnoDB DEFAULT CHARSET=cp1251 COMMENT='Пропуски в данных DataGPS, приходящих от Online сервера';

--
-- Dumping data for table `datagpslost_on`
--


--
-- Table structure for table `datagpslost_ontmp`
--

CREATE TABLE `datagpslost_ontmp` (
  `LogID` int(11) NOT NULL DEFAULT '0',
  `SrvPacketID` bigint(20) NOT NULL
) ENGINE=MEMORY DEFAULT CHARSET=cp1251 COMMENT='Используется исключительно процедурой OnLostDataGPS';

--
-- Dumping data for table `datagpslost_ontmp`
--


--
-- Table structure for table `datagpslost_rftmp`
--

CREATE TABLE `datagpslost_rftmp` (
  `LogID` int(11) DEFAULT '0'
) ENGINE=MEMORY DEFAULT CHARSET=cp1251 COMMENT='Используется исключительно процедурой LostDataGPS';

--
-- Dumping data for table `datagpslost_rftmp`
--


--
-- Table structure for table `datagpslosted`
--

CREATE TABLE `datagpslosted` (
  `Mobitel_ID` int(11) NOT NULL DEFAULT '0',
  `Begin_LogID` int(11) NOT NULL DEFAULT '0',
  `End_LogID` int(11) NOT NULL DEFAULT '0',
  PRIMARY KEY (`Mobitel_ID`,`Begin_LogID`)
) ENGINE=InnoDB DEFAULT CHARSET=cp1251;

--
-- Dumping data for table `datagpslosted`
--


--
-- Temporary view structure for view `datavalue1`
--

/*!50001 DROP VIEW IF EXISTS `datavalue1`*/;
/*!50001 CREATE VIEW `datavalue1` AS SELECT 
 1 AS `lon`,
 1 AS `lat`,
 1 AS `Mobitel_ID`,
 1 AS `Value`,
 1 AS `speed`,
 1 AS `time`,
 1 AS `sensor_id`,
 1 AS `datavalue_id`*/;

--
-- Temporary view structure for view `dataview`
--

/*!50001 DROP VIEW IF EXISTS `dataview`*/;
/*!50001 CREATE VIEW `dataview` AS SELECT 
 1 AS `DataGps_ID`,
 1 AS `Mobitel_ID`,
 1 AS `Lat`,
 1 AS `Lon`,
 1 AS `Altitude`,
 1 AS `time`,
 1 AS `speed`,
 1 AS `direction`,
 1 AS `Valid`,
 1 AS `sensor`,
 1 AS `Events`,
 1 AS `LogID`*/;

--
-- Temporary view structure for view `deviceview`
--

/*!50001 DROP VIEW IF EXISTS `deviceview`*/;
/*!50001 CREATE VIEW `deviceview` AS SELECT 
 1 AS `Mobitel_ID`,
 1 AS `Name`,
 1 AS `Descr`,
 1 AS `devIdShort`,
 1 AS `DeviceType`,
 1 AS `ConfirmedID`,
 1 AS `moduleIdRf`*/;

--
-- Table structure for table `driver`
--

CREATE TABLE `driver` (
  `id` int(11) NOT NULL AUTO_INCREMENT,
  `Family` char(40) DEFAULT NULL COMMENT 'Фамилия',
  `Name` char(40) DEFAULT NULL COMMENT 'Имя',
  `ByrdDay` date DEFAULT NULL COMMENT 'Дата рождения',
  `Category` char(5) DEFAULT NULL COMMENT 'Категория',
  `Permis` char(20) DEFAULT NULL COMMENT 'Права',
  `foto` blob COMMENT 'фото',
  `Identifier` smallint(5) unsigned DEFAULT NULL COMMENT '10 битный идентификатор водителя',
  `OutLinkId` varchar(20) DEFAULT NULL COMMENT 'Код внешней базы',
  `idType` int(11) DEFAULT '0' COMMENT 'Код специализации водителя',
  `numTelephone` varchar(32) DEFAULT '' COMMENT 'Телефон водителя для связи',
  `Department` varchar(40) DEFAULT NULL COMMENT 'Организация водителя',
  PRIMARY KEY (`id`),
  UNIQUE KEY `id` (`id`) USING BTREE,
  UNIQUE KEY `UQ_Identifier` (`Identifier`)
) ENGINE=InnoDB AUTO_INCREMENT=14 DEFAULT CHARSET=cp1251;

--
-- Dumping data for table `driver`
--

INSERT INTO `driver` VALUES (1,'','','2009-01-01','с','1111',NULL,NULL,NULL,0,'',NULL),(3,'Вакульчук','Павло',NULL,'','механізатор',NULL,NULL,'Вакульчук',0,'',''),(4,'Сосницький','Олександр',NULL,'','механізатор',NULL,NULL,'',0,'',''),(5,'Кобець','Дмитро',NULL,'','механізатор',NULL,NULL,'',0,'',''),(6,'Збирун','Микола',NULL,'','механізатор',NULL,NULL,'',0,'',''),(7,'Жакун','Богдан',NULL,'','механізатор',NULL,NULL,'',0,'',''),(8,'Дмитро','Довган',NULL,'','механізатор',NULL,NULL,'',0,'',''),(9,'Федоришин','Олександр',NULL,'','комбайнер',NULL,NULL,'',0,'',''),(10,'Більський','Олександр',NULL,'','комбайнер',NULL,NULL,'',0,'',''),(11,'-- Прізвище --','Володимир',NULL,'','',NULL,NULL,'Яковлєв',0,'',''),(12,'Лінник Андрій','-- Им\'я --',NULL,'водій','',NULL,NULL,'Лінник Андрій',0,'',''),(13,'-- Прізвище --','-- Им\'я --',NULL,'','Механізатор',NULL,NULL,'Яштух Микола',0,'','');

--
-- Table structure for table `driver_types`
--

CREATE TABLE `driver_types` (
  `Id` int(11) NOT NULL AUTO_INCREMENT,
  `TypeName` varchar(50) DEFAULT NULL COMMENT 'Специализация водителя',
  PRIMARY KEY (`Id`),
  UNIQUE KEY `id` (`Id`)
) ENGINE=InnoDB AUTO_INCREMENT=4 DEFAULT CHARSET=cp1251;

--
-- Dumping data for table `driver_types`
--

INSERT INTO `driver_types` VALUES (1,'механізатор'),(2,'Комбайнер'),(3,'Водій вантажного автомобіля');

--
-- Table structure for table `gpsmasks`
--

CREATE TABLE `gpsmasks` (
  `GpsMask_ID` int(11) NOT NULL AUTO_INCREMENT,
  `ID` int(11) DEFAULT '0',
  `Name` char(200) DEFAULT NULL,
  `Descr` char(200) DEFAULT NULL,
  `Mobitel_ID` int(11) DEFAULT '0',
  `Message_ID` int(11) DEFAULT '0',
  `LastRecords` int(11) DEFAULT '0',
  `LastTimes` int(11) DEFAULT '0',
  `LastTimesIndex` int(11) DEFAULT '0',
  `LastMeters` int(11) DEFAULT '0',
  `LastMetersIndex` int(11) DEFAULT '0',
  `MaxSmsNum` int(11) DEFAULT '0',
  `MaxSmsNumIndex` int(11) DEFAULT '0',
  `LatitudeStart` int(11) DEFAULT '0',
  `LatitudeEnd` int(11) DEFAULT '0',
  `LongitudeStart` int(11) DEFAULT '0',
  `LongitudeEnd` int(11) DEFAULT '0',
  `AltitudeStart` int(11) DEFAULT '0',
  `AltitudeEnd` int(11) DEFAULT '0',
  `UnixTimeStart` int(11) DEFAULT '0',
  `UnixTimeEnd` int(11) DEFAULT '0',
  `SpeedStart` int(11) DEFAULT '0',
  `SpeedEnd` int(11) DEFAULT '0',
  `DirectionStart` int(11) DEFAULT '0',
  `DirectionEnd` int(11) DEFAULT '0',
  `NumbersStart` int(11) DEFAULT '0',
  `NumbersEnd` int(11) DEFAULT '0',
  `WhatSend` int(1) DEFAULT '0',
  `CheckMask` int(11) DEFAULT '0',
  `InMobitelID` int(11) DEFAULT '0',
  `Events` int(11) DEFAULT '0',
  `Number1` int(11) DEFAULT '0',
  `Number2` int(11) DEFAULT '0',
  `Number3` int(11) DEFAULT '0',
  `Number4` int(11) DEFAULT '0',
  `Number5` int(11) DEFAULT '0',
  PRIMARY KEY (`GpsMask_ID`)
) ENGINE=InnoDB AUTO_INCREMENT=1134 DEFAULT CHARSET=cp1251;

--
-- Dumping data for table `gpsmasks`
--

INSERT INTO `gpsmasks` VALUES (1132,0,'','',97,200893,8,-10800,0,0,0,0,0,0,0,0,0,0,0,-10800,-10800,0,0,0,0,0,0,1023,1,0,0,0,0,0,0,0),(1133,0,'','',97,201039,100,-10800,0,0,0,0,0,0,0,0,0,0,0,-10800,-10800,0,0,0,0,0,0,1023,1,0,0,0,0,0,0,0);

--
-- Table structure for table `internalmobitelconfig`
--

CREATE TABLE `internalmobitelconfig` (
  `InternalMobitelConfig_ID` int(11) NOT NULL AUTO_INCREMENT,
  `Name` char(50) DEFAULT NULL,
  `Descr` char(200) DEFAULT NULL,
  `ID` int(11) DEFAULT '0',
  `Message_ID` int(11) DEFAULT '0',
  `devIdLong` char(16) DEFAULT NULL,
  `devIdShort` char(4) DEFAULT NULL,
  `verProtocolLong` char(16) DEFAULT NULL,
  `verProtocolShort` char(2) DEFAULT NULL,
  `moduleIdGps` char(50) DEFAULT NULL,
  `moduleIdGsm` char(50) DEFAULT NULL,
  `moduleIdRf` char(50) DEFAULT NULL,
  `RfType` smallint(6) NOT NULL DEFAULT '0',
  `ActiveRf` tinyint(1) NOT NULL DEFAULT '0',
  `moduleIdSs` char(50) DEFAULT NULL,
  `moduleIdMm` char(50) NOT NULL DEFAULT 'moduleIdMm',
  PRIMARY KEY (`InternalMobitelConfig_ID`),
  KEY `Index_3` (`Message_ID`),
  KEY `Index_4` (`devIdShort`),
  KEY `IDX_InternalmobitelconfigID` (`ID`)
) ENGINE=InnoDB AUTO_INCREMENT=821 DEFAULT CHARSET=cp1251;

--
-- Dumping data for table `internalmobitelconfig`
--

INSERT INTO `internalmobitelconfig` VALUES (789,'Record 22.09.2005 12:14:57','Description for record created at 22.09.2005 12:14:57',789,0,NULL,NULL,NULL,NULL,NULL,NULL,NULL,0,0,NULL,'moduleIdMm'),(790,'Record 22.09.2005 12:14:57','Description for record created at 22.09.2005 12:14:57',789,200801,'','3051','','','','','',0,0,'','moduleIdMm'),(791,'','',789,200803,'5040003TT201','3051','1.18','яя','яяяя','яяяя','яяяя',0,0,'яяяя','яяяя'),(801,'','',789,218878,'','','1.18','яя','яяяя','яяяя','яяяя',0,0,'яяяя','moduleIdMm'),(802,'','',789,1,'','8720','1.18','яя','яяяя','яяяя','яяяя',0,0,'яяяя','moduleIdMm'),(803,'','',803,0,'0','0641','0','0','0','0','0',0,0,'0','0'),(804,'','',804,0,'0','0781','0','0','0','0','0',0,0,'0','0'),(805,'','',805,0,'0','0906','0','0','0','0','0',0,0,'0','0'),(806,'','',806,0,'0','5180','0','0','0','0','0',0,0,'0','0'),(807,'','',807,0,'0','6269','0','0','0','0','0',0,0,'0','0'),(808,'','',808,0,'0','7049','0','0','0','0','0',0,0,'0','0'),(809,'','',809,0,'0','0004','0','0','0','0','0',0,0,'0','0'),(810,'','',810,0,'0','3539','0','0','0','0','0',0,0,'0','0'),(811,'','',811,0,'0','2432','0','0','0','0','0',0,0,'0','0'),(812,'','',812,0,'0','6317','0','0','0','0','0',0,0,'0','0'),(813,'','',813,0,'0','2725','0','0','0','0','0',0,0,'0','0'),(814,'','',814,0,'0','7245','0','0','0','0','0',0,0,'0','0'),(815,'','',815,0,'0','0618','0','0','0','0','0',0,0,'0','0'),(816,'','',816,0,'0','4941','0','0','0','0','0',0,0,'0','0'),(817,'','',817,0,'0','5273','0','0','0','0','0',0,0,'0','0'),(818,'','',818,0,'0','7097','0','0','0','0','0',0,0,'0','0'),(819,'','',819,0,'0','1042','0','0','0','0','0',0,0,'0','0'),(820,'','',820,0,'0','0873','0','0','0','0','0',0,0,'0','0');

--
-- Temporary view structure for view `internalmobitelconfigview`
--

/*!50001 DROP VIEW IF EXISTS `internalmobitelconfigview`*/;
/*!50001 CREATE VIEW `internalmobitelconfigview` AS SELECT 
 1 AS `ID`,
 1 AS `LastRecord`*/;

--
-- Table structure for table `lastmeters`
--

CREATE TABLE `lastmeters` (
  `LastMeter_ID` int(11) DEFAULT '0',
  `ID` int(11) DEFAULT '0',
  `Name` char(200) DEFAULT NULL,
  `Descr` char(200) DEFAULT NULL
) ENGINE=InnoDB DEFAULT CHARSET=cp1251;

--
-- Dumping data for table `lastmeters`
--

INSERT INTO `lastmeters` VALUES (200,2,'200 метров',NULL),(1000,3,'1 километр',NULL),(5000,4,'5 километров',NULL),(25000,5,'25 километров',NULL),(100000,6,'100 километров',NULL);

--
-- Table structure for table `lastrecords`
--

CREATE TABLE `lastrecords` (
  `LastRecord_ID` int(11) DEFAULT '0',
  `ID` int(11) DEFAULT '0',
  `Name` char(200) DEFAULT NULL,
  `Descr` char(200) DEFAULT NULL
) ENGINE=InnoDB DEFAULT CHARSET=cp1251;

--
-- Dumping data for table `lastrecords`
--

INSERT INTO `lastrecords` VALUES (5,1,'5 записей',NULL),(20,2,'20 записей',NULL),(50,3,'50 записей',NULL),(200,4,'200 записей',NULL),(1000,6,'1000 записей',NULL),(500,5,'500 записей',NULL),(3000,7,'3000 записей','3000 записей');

--
-- Table structure for table `lasttimes`
--

CREATE TABLE `lasttimes` (
  `LastTime_ID` int(11) DEFAULT '0',
  `ID` int(11) DEFAULT '0',
  `Name` char(200) DEFAULT NULL,
  `Descr` char(200) DEFAULT NULL
) ENGINE=InnoDB DEFAULT CHARSET=cp1251;

--
-- Dumping data for table `lasttimes`
--

INSERT INTO `lasttimes` VALUES (5,1,'5 минут',NULL),(20,2,'20 минут',NULL),(120,3,'2 часа',NULL),(360,4,'6 часов',NULL),(1440,5,'сутки',NULL);

--
-- Table structure for table `lines`
--

CREATE TABLE `lines` (
  `id` int(11) NOT NULL AUTO_INCREMENT,
  `Color` int(11) DEFAULT '0' COMMENT 'Цвет',
  `Width` int(11) DEFAULT '3' COMMENT 'Толщина линии',
  `Mobitel_ID` int(11) DEFAULT NULL,
  `Icon` blob,
  PRIMARY KEY (`id`),
  KEY `lines_FK1` (`Mobitel_ID`) USING BTREE,
  CONSTRAINT `lines_FK1` FOREIGN KEY (`Mobitel_ID`) REFERENCES `mobitels` (`Mobitel_ID`)
) ENGINE=InnoDB AUTO_INCREMENT=20 DEFAULT CHARSET=cp1251 COMMENT='Описание линии';

--
-- Dumping data for table `lines`
--

INSERT INTO `lines` VALUES (1,-256,3,101,NULL),(2,-65536,3,102,NULL),(3,-65281,3,99,NULL),(4,-16777216,3,97,NULL),(5,-16777077,3,98,NULL),(6,-16777077,3,100,NULL),(7,-16777077,3,103,NULL),(8,-128,3,859124537,NULL),(9,-16777077,3,808464436,NULL),(10,-16777077,3,842281778,NULL),(11,-16777077,3,842478133,NULL),(12,-16777077,3,909324599,NULL),(13,-16777077,3,926037045,NULL),(14,-1,3,808857912,NULL),(15,-16777077,3,892483379,NULL),(16,-16777077,3,925907255,NULL),(17,-16777077,3,876164145,NULL),(18,-256,3,825242674,NULL),(19,-16776961,3,808990515,NULL);

--
-- Table structure for table `mapstyleglobal`
--

CREATE TABLE `mapstyleglobal` (
  `MapStyleGlobal_ID` int(11) NOT NULL AUTO_INCREMENT,
  `Name` char(50) DEFAULT NULL,
  `Descr` char(200) DEFAULT NULL,
  `ID` int(11) DEFAULT '0',
  `DefaultLineStyle_ID` int(11) DEFAULT '0',
  `DefaulPointStyle_ID` int(11) DEFAULT '0',
  `EventPointStyle1_ID` int(11) DEFAULT '0',
  `EventPointStyle2_ID` int(11) DEFAULT '0',
  `EventPointStyle3_ID` int(11) DEFAULT '0',
  `EventPointStyle4_ID` int(11) DEFAULT '0',
  `EventPointStyle5_ID` int(11) DEFAULT '0',
  `EventPointStyle6_ID` int(11) DEFAULT '0',
  `EventPointStyle7_ID` int(11) DEFAULT '0',
  `EventPointStyle8_ID` int(11) DEFAULT '0',
  `EventPointStyle9_ID` int(11) DEFAULT '0',
  `EventPointStyle10_ID` int(11) DEFAULT '0',
  `EventPointStyle11_ID` int(11) DEFAULT '0',
  `EventPointStyle12_ID` int(11) DEFAULT '0',
  `EventPointStyle13_ID` int(11) DEFAULT '0',
  `EventPointStyle14_ID` int(11) DEFAULT '0',
  `EventPointStyle15_ID` int(11) DEFAULT '0',
  `EventPointStyle16_ID` int(11) DEFAULT '0',
  `EventPointStyle17_ID` int(11) DEFAULT '0',
  `EventPointStyle18_ID` int(11) DEFAULT '0',
  `EventPointStyle19_ID` int(11) DEFAULT '0',
  `EventPointStyle20_ID` int(11) DEFAULT '0',
  `EventPointStyle21_ID` int(11) DEFAULT '0',
  `EventPointStyle22_ID` int(11) DEFAULT '0',
  `EventPointStyle23_ID` int(11) DEFAULT '0',
  `EventPointStyle24_ID` int(11) DEFAULT '0',
  `EventPointStyle25_ID` int(11) DEFAULT '0',
  `EventPointStyle26_ID` int(11) DEFAULT '0',
  `EventPointStyle27_ID` int(11) DEFAULT '0',
  `EventPointStyle28_ID` int(11) DEFAULT '0',
  `EventPointStyle29_ID` int(11) DEFAULT '0',
  `EventPointStyle30_ID` int(11) DEFAULT '0',
  `EventPointStyle31_ID` int(11) DEFAULT '0',
  `EventPointStyle32_ID` int(11) DEFAULT '0',
  `SensorPointStyle1_ID` int(11) DEFAULT '0',
  `SensorPointStyle2_ID` int(11) DEFAULT '0',
  `SensorPointStyle3_ID` int(11) DEFAULT '0',
  `SensorPointStyle4_ID` int(11) DEFAULT '0',
  `SensorPointStyle5_ID` int(11) DEFAULT '0',
  `SensorPointStyle6_ID` int(11) DEFAULT '0',
  `SensorPointStyle7_ID` int(11) DEFAULT '0',
  `SensorPointStyle8_ID` int(11) DEFAULT '0',
  PRIMARY KEY (`MapStyleGlobal_ID`)
) ENGINE=InnoDB AUTO_INCREMENT=5 DEFAULT CHARSET=cp1251;

--
-- Dumping data for table `mapstyleglobal`
--

INSERT INTO `mapstyleglobal` VALUES (1,'Настройка 1','Настнойки для Мобител',0,1,1,2,0,0,0,0,0,0,0,0,0,0,0,0,0,0,0,0,0,0,0,0,0,0,0,0,0,0,0,0,0,0,0,0,0,0,0,0,0,0,0),(2,'Настнойки 4','Настнойки mob 4',0,2,2,3,0,0,0,0,0,0,0,0,0,0,0,0,0,0,0,0,0,0,0,0,0,0,0,0,0,0,0,0,0,0,0,0,0,0,0,0,0,0,0),(3,'Настнойки 3','Настнойки для Мобител 3',0,3,3,4,0,0,0,0,0,0,0,0,0,0,0,0,0,0,0,0,0,0,0,0,0,0,0,0,0,0,0,0,0,0,0,0,0,0,0,0,0,0,0),(4,'Tune 2','Настнойки для Мобител 2',0,4,4,4,0,0,0,0,0,0,0,0,0,0,0,0,0,0,0,0,0,0,0,0,0,0,0,0,0,0,0,0,0,0,0,0,0,0,0,0,0,0,0);

--
-- Table structure for table `mapstylelines`
--

CREATE TABLE `mapstylelines` (
  `MapStyleLine_ID` int(11) NOT NULL AUTO_INCREMENT,
  `Name` char(50) DEFAULT NULL,
  `Descr` char(200) DEFAULT NULL,
  `ID` int(11) DEFAULT '0',
  `Color` int(11) DEFAULT '0',
  `Width` tinyint(4) DEFAULT '0',
  `Style` tinyint(4) DEFAULT '0',
  PRIMARY KEY (`MapStyleLine_ID`)
) ENGINE=InnoDB AUTO_INCREMENT=9 DEFAULT CHARSET=cp1251;

--
-- Dumping data for table `mapstylelines`
--

INSERT INTO `mapstylelines` VALUES (1,'Стиль линий Black','Описание',1,0,1,0),(2,'Стиль линий Blue','Стиль линий 2',2,16711680,4,0),(3,'Стиль линий Green','Стиль линий 3',3,32768,5,0),(4,'Стиль линий Red','Стиль линий 4',4,255,1,0),(6,'DEFAULT','Стиль по умолчанию',0,8388736,2,0),(8,'Style Fuchsia','Description for linestyle created at 13.08.2004 10:39:31',0,16711935,1,0);

--
-- Table structure for table `mapstylepoints`
--

CREATE TABLE `mapstylepoints` (
  `MapStylePoint_ID` int(11) NOT NULL AUTO_INCREMENT,
  `Name` char(50) DEFAULT NULL,
  `Descr` char(200) DEFAULT NULL,
  `ID` int(11) DEFAULT '0',
  `isBitmap` tinyint(1) DEFAULT NULL,
  `SymbolCode` tinyint(4) DEFAULT '0',
  `Color` int(11) DEFAULT '0',
  `Font` char(200) DEFAULT NULL,
  `Size` int(11) DEFAULT '0',
  `Rotation` int(11) DEFAULT '0',
  `BitmapName` char(200) DEFAULT NULL,
  `BitmapStyle` tinyint(4) DEFAULT '0',
  `Style` tinyint(4) DEFAULT '0',
  PRIMARY KEY (`MapStylePoint_ID`)
) ENGINE=InnoDB AUTO_INCREMENT=11 DEFAULT CHARSET=cp1251;

--
-- Dumping data for table `mapstylepoints`
--

INSERT INTO `mapstylepoints` VALUES (2,'Blue Style','Стиль точек 1',2,0,0,16711680,NULL,3,0,NULL,0,0),(3,'Red Style','Стиль точек 2',3,0,0,255,NULL,4,0,NULL,0,0),(5,'DEFAULT','Стиль по умолчанию',0,0,0,128,NULL,5,0,NULL,0,0),(6,'Yellow Style','Стиль точек 3',4,0,0,65535,NULL,4,0,NULL,0,0),(8,'Fuchisia Style','Description for pointstyle created at 13.08.2004 10:39:45',0,0,0,16711935,NULL,3,0,NULL,0,0),(9,'Lime Style','Description for pointstyle created at 13.08.2004 10:41:19',0,0,0,65280,NULL,2,0,NULL,0,0),(10,'test','Description for pointstyle created at 06.12.2004 17:36:40',0,NULL,0,8421376,NULL,3,0,NULL,0,0);

--
-- Table structure for table `messages`
--

CREATE TABLE `messages` (
  `Message_ID` int(11) NOT NULL AUTO_INCREMENT,
  `Time1` int(11) DEFAULT '0',
  `Time2` int(11) DEFAULT '0',
  `Time3` int(11) DEFAULT '0',
  `Time4` int(11) DEFAULT '0',
  `isSend` tinyint(1) DEFAULT NULL,
  `isDelivered` tinyint(1) DEFAULT NULL,
  `isNew` tinyint(1) DEFAULT NULL,
  `Direction` tinyint(1) DEFAULT NULL,
  `Mobitel_ID` int(11) DEFAULT '0',
  `ServiceInit_ID` int(11) DEFAULT '0',
  `Command_ID` tinyint(4) DEFAULT '0',
  `CommandMask_ID` int(11) DEFAULT '0',
  `MessageCounter` int(11) DEFAULT '0',
  `DataFromService` char(32) DEFAULT NULL,
  `Address` char(20) DEFAULT NULL,
  `Source_ID` int(11) DEFAULT '0',
  `Crc` tinyint(4) DEFAULT '1',
  `SmsId` int(11) DEFAULT '0',
  `AdvCounter` int(11) NOT NULL DEFAULT '0',
  `isNewFromMob` tinyint(4) NOT NULL DEFAULT '1',
  PRIMARY KEY (`Message_ID`),
  KEY `Index_2` (`isNewFromMob`,`Message_ID`,`Time1`) USING BTREE,
  KEY `Index_6` (`isNew`,`Direction`,`ServiceInit_ID`),
  KEY `Index_4` (`Mobitel_ID`,`Command_ID`),
  KEY `Index_5` (`Mobitel_ID`,`MessageCounter`)
) ENGINE=InnoDB AUTO_INCREMENT=2 DEFAULT CHARSET=cp1251;

--
-- Dumping data for table `messages`
--

INSERT INTO `messages` VALUES (1,1500974535,0,0,0,0,0,1,1,97,1,17,0,1,'',NULL,0,1,0,0,0);

--
-- Table structure for table `mobitels`
--

CREATE TABLE `mobitels` (
  `Mobitel_ID` int(11) NOT NULL AUTO_INCREMENT,
  `Name` char(50) DEFAULT NULL,
  `Descr` char(200) DEFAULT NULL,
  `ID` bigint(20) DEFAULT '0',
  `Flags` int(11) DEFAULT '0',
  `ServiceInit_ID` int(11) DEFAULT '0',
  `ServiceSend_ID` int(11) DEFAULT '0',
  `InternalMobitelConfig_ID` int(11) DEFAULT '0',
  `MapStyleLine_ID` int(11) DEFAULT '0',
  `MapStyleLastPoint_ID` int(11) DEFAULT '0',
  `MapStylePoint_ID` int(11) DEFAULT '0',
  `Route_ID` int(11) DEFAULT '0',
  `DeviceType` int(11) DEFAULT '0',
  `DeviceEngine` int(11) DEFAULT '0',
  `ConfirmedID` int(11) NOT NULL DEFAULT '0' COMMENT 'MIN значение LogID менее которого считается нет пропусков или уже невозможно загрузить',
  `LastInsertTime` int(11) NOT NULL DEFAULT '0' COMMENT 'UNIX_TIMESTAMP Время последней вставки данных в DataGPS',
  `Is64bitPackets` tinyint(1) NOT NULL DEFAULT '0' COMMENT 'передача данных идет 64 байтными пакетами',
  `IsNotDrawDgps` tinyint(1) NOT NULL DEFAULT '1' COMMENT 'РѕС‚РѕР±СЂР°Р¶Р°С‚СЊ РёР»Рё РЅРµС‚ РґР°РЅРЅС‹Рµ DGPS РЅР° РєР°СЂС‚Рµ',
  PRIMARY KEY (`Mobitel_ID`),
  KEY `IDX_InternalmobitelconfigID` (`InternalMobitelConfig_ID`)
) ENGINE=InnoDB AUTO_INCREMENT=926037046 DEFAULT CHARSET=cp1251;

--
-- Dumping data for table `mobitels`
--

INSERT INTO `mobitels` VALUES (97,'8720','',0,0,0,250,789,6,8,3,0,0,0,0,1754481165,1,0),(98,'0641','Desctiption for Teletrack registered at 25.07.2017 9:23:17',0,0,0,257,803,6,5,5,0,0,0,0,1754481146,0,0),(99,'0781','Desctiption for Teletrack registered at 25.07.2017 9:23:47',0,0,0,259,804,6,5,5,0,0,0,0,1754478394,0,0),(100,'0906','Desctiption for Teletrack registered at 25.07.2017 9:24:17',0,0,0,261,805,6,5,5,0,0,0,0,1500980928,0,1),(101,'5180','Desctiption for Teletrack registered at 22.04.2020 10:10:00',0,0,0,263,806,6,5,5,0,0,0,0,1754481132,1,0),(102,'6269','Desctiption for Teletrack registered at 22.04.2020 10:10:11',0,0,0,264,807,6,5,5,0,0,0,0,1754481181,1,0),(103,'7049','Desctiption for Teletrack registered at 23.07.2020 18:06:09',0,0,0,267,808,6,5,5,0,0,0,0,1754481215,1,0),(808464436,'','',0,0,0,269,809,6,5,5,0,0,0,0,1754481216,1,1),(808857912,'0618','',0,0,0,275,815,6,5,5,0,0,0,0,1754481140,1,1),(808990515,'0873','',0,0,0,280,820,6,5,5,0,0,0,0,1754481194,0,1),(825242674,'1042','',0,0,0,279,819,6,5,5,0,0,0,0,1754481188,1,1),(842281778,'','',0,0,0,271,811,6,5,5,0,0,0,0,1754481170,1,1),(842478133,'2725','',0,0,0,273,813,6,5,5,0,0,0,0,1754481149,0,1),(859124537,'','',0,0,0,270,810,6,5,5,0,0,0,0,1754481211,1,1),(876164145,'4941','',0,0,0,276,816,6,5,5,0,0,0,0,1754481163,1,1),(892483379,'5273','',0,0,0,277,817,6,5,5,0,0,0,0,1754481201,0,1),(909324599,'6317','',0,0,0,272,812,6,5,5,0,0,0,0,1754481176,1,1),(925907255,'7097','',0,0,0,278,818,6,5,5,0,0,0,0,1754208760,0,1),(926037045,'7245','',0,0,0,274,814,6,5,5,0,0,0,0,1754481171,0,1);

--
-- Table structure for table `mobitels_info`
--

CREATE TABLE `mobitels_info` (
  `Mobitel_ID` int(10) unsigned NOT NULL,
  `Map_Style_Car` text,
  `Track_Color` int(10) unsigned DEFAULT NULL,
  PRIMARY KEY (`Mobitel_ID`)
) ENGINE=InnoDB DEFAULT CHARSET=utf8;

--
-- Dumping data for table `mobitels_info`
--

INSERT INTO `mobitels_info` VALUES (79,'object TDrawersGroup\r\n  DrawMode = gdmDrawAll\r\n  object TPointIconDrawer\r\n    AdjustSize = False\r\n    Image_Data = {\r\n      0000010001001313000000000000E80400001600000028000000130000002600\r\n      00000100180000000000C0040000000000000000000000000000000000000000\r\n      00FFA284FFA284FFA284FFA284FFA284FFA284FFA284FFA284FFA284FFA284FF\r\n      A284FFA284FFA284FFA284FFA284FFA284FFA284000000000000FFA284FFA284\r\n      0000000000000000000000000000000000000000000000000000000000000000\r\n      00000000000000000000000000FFA284FFA284000000FFA28400000000000000\r\n      0000000000000000000000800000800000800000800000800000000000000000\r\n      000000000000000000000000FFA284000000FFA2840000000000000000000000\r\n      00800000800000800000FFFFFFFFFFFFFFFFFF80000080000080000000000000\r\n      0000000000000000FFA284000000FFA284000000000000000000800000800000\r\n      FFFFFFFFFFFFFFFFFFFFFFFFFFFFFFFFFFFFFFFFFF8000008000000000000000\r\n      00000000FFA284000000FFA284000000000000800000800000800000FFFFFFFF\r\n      FFFFFFFFFFFFFFFFFFFFFFFFFFFFFFFFFF800000800000800000000000000000\r\n      FFA284000000FFA284000000000000800000FFFFFF800000800000FFFFFFFFFF\r\n      FFFFFFFFFFFFFFFFFFFF800000800000FFFFFF800000000000000000FFA28400\r\n      0000FFA284000000800000800000FFFFFFFFFFFF800000800000800000FFFFFF\r\n      800000800000800000FFFFFFFFFFFF800000800000000000FFA284000000FFA2\r\n      84000000800000FFFFFFFFFFFFFFFFFFFFFFFF80000080000080000080000080\r\n      0000FFFFFFFFFFFFFFFFFFF0FBFF800000000000FFA284000000FFA284000000\r\n      800000FFFFFFFFFFFFFFFFFFFFFFFFFFFFFF800000800000800000FFFFFFFFFF\r\n      FFFFFFFFFFFFFFF0FBFF800000000000FFA284000000FFA28400000080000080\r\n      0000FFFFFFFFFFFFFFFFFFFFFFFF800000800000800000FFFFFFFFFFFFFFFFFF\r\n      FFFFFF800000800000000000FFA284000000FFA284000000000000800000FFFF\r\n      FFFFFFFFFFFFFFFFFFFFFFFFFF800000FFFFFFFFFFFFFFFFFFFFFFFFFFFFFF80\r\n      0000000000000000FFA284000000FFA284000000000000800000800000FFFFFF\r\n      FFFFFFFFFFFFFFFFFF800000FFFFFFFFFFFFFFFFFFFFFFFF8000008000000000\r\n      00000000FFA284000000FFA284000000000000000000800000FFFFFFFFFFFFFF\r\n      FFFFFFFFFF800000FFFFFFFFFFFFFFFFFFFFFFFF800000000000000000000000\r\n      FFA284000000FFA284000000000000000000000000800000800000FFFFFFFFFF\r\n      FF800000FFFFFFFFFFFF800000800000000000000000000000000000FFA28400\r\n      0000FFA284000000000000000000000000000000800000800000800000800000\r\n      800000800000800000000000000000000000000000000000FFA284000000FFA2\r\n      8400000000000000000000000000000000000000000000000000000000000000\r\n      0000000000000000000000000000000000000000FFA284000000FFA284FFA284\r\n      0000000000000000000000000000000000000000000000000000000000000000\r\n      00000000000000000000000000FFA284FFA284000000000000FFA284FFA284FF\r\n      A284FFA284FFA284FFA284FFA284FFA284FFA284FFA284FFA284FFA284FFA284\r\n      FFA284FFA284FFA284FFA28400000000000080003FFF3FFF9FFF7E0FDFFF7803\r\n      DFFF7001DFFF6000DFFF6000DFFF40005FFF40005FFF40005FFF40005FFF6000\r\n      DFFF6000DFFF7001DFFF7803DFFF7C07DFFF7FFFDFFF3FFF9FFF80003FFF}\r\n  end\r\n  object TPointTextDrawer\r\n    Font.Charset = RUSSIAN_CHARSET\r\n    Font.Color = clBlack\r\n    Font.Height = -11\r\n    Font.Name = \'Arial\'\r\n    Font.Style = []\r\n    OutlineColor = clWhite\r\n    VAlignment = vaTop\r\n    HAlignment = haLeft\r\n  end\r\nend',NULL),(97,'object TDrawersGroup\r\n  DrawMode = gdmDrawAll\r\n  object TPointIconDrawer\r\n    AdjustSize = False\r\n    Image_Data = {\r\n      0000010001001313000000000000E80400001600000028000000130000002600\r\n      00000100180000000000C0040000000000000000000000000000000000000000\r\n      00FFA284FFA284FFA284FFA284FFA284FFA284FFA284FFA284FFA284FFA284FF\r\n      A284FFA284FFA284FFA284FFA284FFA284FFA284000000000000FFA284FFA284\r\n      0000000000000000000000000000000000000000000000000000000000000000\r\n      00000000000000000000000000FFA284FFA284000000FFA28400000000000000\r\n      0000000000000000000000800000800000800000800000800000000000000000\r\n      000000000000000000000000FFA284000000FFA2840000000000000000000000\r\n      00800000800000800000FFFFFFFFFFFFFFFFFF80000080000080000000000000\r\n      0000000000000000FFA284000000FFA284000000000000000000800000800000\r\n      FFFFFFFFFFFFFFFFFFFFFFFFFFFFFFFFFFFFFFFFFF8000008000000000000000\r\n      00000000FFA284000000FFA284000000000000800000800000800000FFFFFFFF\r\n      FFFFFFFFFFFFFFFFFFFFFFFFFFFFFFFFFF800000800000800000000000000000\r\n      FFA284000000FFA284000000000000800000FFFFFF800000800000FFFFFFFFFF\r\n      FFFFFFFFFFFFFFFFFFFF800000800000FFFFFF800000000000000000FFA28400\r\n      0000FFA284000000800000800000FFFFFFFFFFFF800000800000800000FFFFFF\r\n      800000800000800000FFFFFFFFFFFF800000800000000000FFA284000000FFA2\r\n      84000000800000FFFFFFFFFFFFFFFFFFFFFFFF80000080000080000080000080\r\n      0000FFFFFFFFFFFFFFFFFFF0FBFF800000000000FFA284000000FFA284000000\r\n      800000FFFFFFFFFFFFFFFFFFFFFFFFFFFFFF800000800000800000FFFFFFFFFF\r\n      FFFFFFFFFFFFFFF0FBFF800000000000FFA284000000FFA28400000080000080\r\n      0000FFFFFFFFFFFFFFFFFFFFFFFF800000800000800000FFFFFFFFFFFFFFFFFF\r\n      FFFFFF800000800000000000FFA284000000FFA284000000000000800000FFFF\r\n      FFFFFFFFFFFFFFFFFFFFFFFFFF800000FFFFFFFFFFFFFFFFFFFFFFFFFFFFFF80\r\n      0000000000000000FFA284000000FFA284000000000000800000800000FFFFFF\r\n      FFFFFFFFFFFFFFFFFF800000FFFFFFFFFFFFFFFFFFFFFFFF8000008000000000\r\n      00000000FFA284000000FFA284000000000000000000800000FFFFFFFFFFFFFF\r\n      FFFFFFFFFF800000FFFFFFFFFFFFFFFFFFFFFFFF800000000000000000000000\r\n      FFA284000000FFA284000000000000000000000000800000800000FFFFFFFFFF\r\n      FF800000FFFFFFFFFFFF800000800000000000000000000000000000FFA28400\r\n      0000FFA284000000000000000000000000000000800000800000800000800000\r\n      800000800000800000000000000000000000000000000000FFA284000000FFA2\r\n      8400000000000000000000000000000000000000000000000000000000000000\r\n      0000000000000000000000000000000000000000FFA284000000FFA284FFA284\r\n      0000000000000000000000000000000000000000000000000000000000000000\r\n      00000000000000000000000000FFA284FFA284000000000000FFA284FFA284FF\r\n      A284FFA284FFA284FFA284FFA284FFA284FFA284FFA284FFA284FFA284FFA284\r\n      FFA284FFA284FFA284FFA28400000000000080003FFF3FFF9FFF7E0FDFFF7803\r\n      DFFF7001DFFF6000DFFF6000DFFF40005FFF40005FFF40005FFF40005FFF6000\r\n      DFFF6000DFFF7001DFFF7803DFFF7C07DFFF7FFFDFFF3FFF9FFF80003FFF}\r\n  end\r\n  object TPointTextDrawer\r\n    Font.Charset = RUSSIAN_CHARSET\r\n    Font.Color = clBlack\r\n    Font.Height = -11\r\n    Font.Name = \'Arial\'\r\n    Font.Style = []\r\n    OutlineColor = clWhite\r\n    VAlignment = vaTop\r\n    HAlignment = haLeft\r\n  end\r\nend',NULL),(98,'object TDrawersGroup\r\n  DrawMode = gdmDrawAll\r\n  object TPointIconDrawer\r\n    AdjustSize = False\r\n    Image_Data = {\r\n      0000010001001313000000000000E80400001600000028000000130000002600\r\n      00000100180000000000C0040000000000000000000000000000000000000000\r\n      00FFA284FFA284FFA284FFA284FFA284FFA284FFA284FFA284FFA284FFA284FF\r\n      A284FFA284FFA284FFA284FFA284FFA284FFA284000000000000FFA284FFA284\r\n      0000000000000000000000000000000000000000000000000000000000000000\r\n      00000000000000000000000000FFA284FFA284000000FFA28400000000000000\r\n      0000000000000000000000800000800000800000800000800000000000000000\r\n      000000000000000000000000FFA284000000FFA2840000000000000000000000\r\n      00800000800000800000FFFFFFFFFFFFFFFFFF80000080000080000000000000\r\n      0000000000000000FFA284000000FFA284000000000000000000800000800000\r\n      FFFFFFFFFFFFFFFFFFFFFFFFFFFFFFFFFFFFFFFFFF8000008000000000000000\r\n      00000000FFA284000000FFA284000000000000800000800000800000FFFFFFFF\r\n      FFFFFFFFFFFFFFFFFFFFFFFFFFFFFFFFFF800000800000800000000000000000\r\n      FFA284000000FFA284000000000000800000FFFFFF800000800000FFFFFFFFFF\r\n      FFFFFFFFFFFFFFFFFFFF800000800000FFFFFF800000000000000000FFA28400\r\n      0000FFA284000000800000800000FFFFFFFFFFFF800000800000800000FFFFFF\r\n      800000800000800000FFFFFFFFFFFF800000800000000000FFA284000000FFA2\r\n      84000000800000FFFFFFFFFFFFFFFFFFFFFFFF80000080000080000080000080\r\n      0000FFFFFFFFFFFFFFFFFFF0FBFF800000000000FFA284000000FFA284000000\r\n      800000FFFFFFFFFFFFFFFFFFFFFFFFFFFFFF800000800000800000FFFFFFFFFF\r\n      FFFFFFFFFFFFFFF0FBFF800000000000FFA284000000FFA28400000080000080\r\n      0000FFFFFFFFFFFFFFFFFFFFFFFF800000800000800000FFFFFFFFFFFFFFFFFF\r\n      FFFFFF800000800000000000FFA284000000FFA284000000000000800000FFFF\r\n      FFFFFFFFFFFFFFFFFFFFFFFFFF800000FFFFFFFFFFFFFFFFFFFFFFFFFFFFFF80\r\n      0000000000000000FFA284000000FFA284000000000000800000800000FFFFFF\r\n      FFFFFFFFFFFFFFFFFF800000FFFFFFFFFFFFFFFFFFFFFFFF8000008000000000\r\n      00000000FFA284000000FFA284000000000000000000800000FFFFFFFFFFFFFF\r\n      FFFFFFFFFF800000FFFFFFFFFFFFFFFFFFFFFFFF800000000000000000000000\r\n      FFA284000000FFA284000000000000000000000000800000800000FFFFFFFFFF\r\n      FF800000FFFFFFFFFFFF800000800000000000000000000000000000FFA28400\r\n      0000FFA284000000000000000000000000000000800000800000800000800000\r\n      800000800000800000000000000000000000000000000000FFA284000000FFA2\r\n      8400000000000000000000000000000000000000000000000000000000000000\r\n      0000000000000000000000000000000000000000FFA284000000FFA284FFA284\r\n      0000000000000000000000000000000000000000000000000000000000000000\r\n      00000000000000000000000000FFA284FFA284000000000000FFA284FFA284FF\r\n      A284FFA284FFA284FFA284FFA284FFA284FFA284FFA284FFA284FFA284FFA284\r\n      FFA284FFA284FFA284FFA28400000000000080003FFF3FFF9FFF7E0FDFFF7803\r\n      DFFF7001DFFF6000DFFF6000DFFF40005FFF40005FFF40005FFF40005FFF6000\r\n      DFFF6000DFFF7001DFFF7803DFFF7C07DFFF7FFFDFFF3FFF9FFF80003FFF}\r\n  end\r\n  object TPointTextDrawer\r\n    Font.Charset = RUSSIAN_CHARSET\r\n    Font.Color = clBlack\r\n    Font.Height = -11\r\n    Font.Name = \'Arial\'\r\n    Font.Style = []\r\n    OutlineColor = clWhite\r\n    VAlignment = vaTop\r\n    HAlignment = haLeft\r\n  end\r\nend',NULL),(99,'object TDrawersGroup\r\n  DrawMode = gdmDrawAll\r\n  object TPointIconDrawer\r\n    AdjustSize = False\r\n    Image_Data = {\r\n      0000010001001313000000000000E80400001600000028000000130000002600\r\n      00000100180000000000C0040000000000000000000000000000000000000000\r\n      00FFA284FFA284FFA284FFA284FFA284FFA284FFA284FFA284FFA284FFA284FF\r\n      A284FFA284FFA284FFA284FFA284FFA284FFA284000000000000FFA284FFA284\r\n      0000000000000000000000000000000000000000000000000000000000000000\r\n      00000000000000000000000000FFA284FFA284000000FFA28400000000000000\r\n      0000000000000000000000800000800000800000800000800000000000000000\r\n      000000000000000000000000FFA284000000FFA2840000000000000000000000\r\n      00800000800000800000FFFFFFFFFFFFFFFFFF80000080000080000000000000\r\n      0000000000000000FFA284000000FFA284000000000000000000800000800000\r\n      FFFFFFFFFFFFFFFFFFFFFFFFFFFFFFFFFFFFFFFFFF8000008000000000000000\r\n      00000000FFA284000000FFA284000000000000800000800000800000FFFFFFFF\r\n      FFFFFFFFFFFFFFFFFFFFFFFFFFFFFFFFFF800000800000800000000000000000\r\n      FFA284000000FFA284000000000000800000FFFFFF800000800000FFFFFFFFFF\r\n      FFFFFFFFFFFFFFFFFFFF800000800000FFFFFF800000000000000000FFA28400\r\n      0000FFA284000000800000800000FFFFFFFFFFFF800000800000800000FFFFFF\r\n      800000800000800000FFFFFFFFFFFF800000800000000000FFA284000000FFA2\r\n      84000000800000FFFFFFFFFFFFFFFFFFFFFFFF80000080000080000080000080\r\n      0000FFFFFFFFFFFFFFFFFFF0FBFF800000000000FFA284000000FFA284000000\r\n      800000FFFFFFFFFFFFFFFFFFFFFFFFFFFFFF800000800000800000FFFFFFFFFF\r\n      FFFFFFFFFFFFFFF0FBFF800000000000FFA284000000FFA28400000080000080\r\n      0000FFFFFFFFFFFFFFFFFFFFFFFF800000800000800000FFFFFFFFFFFFFFFFFF\r\n      FFFFFF800000800000000000FFA284000000FFA284000000000000800000FFFF\r\n      FFFFFFFFFFFFFFFFFFFFFFFFFF800000FFFFFFFFFFFFFFFFFFFFFFFFFFFFFF80\r\n      0000000000000000FFA284000000FFA284000000000000800000800000FFFFFF\r\n      FFFFFFFFFFFFFFFFFF800000FFFFFFFFFFFFFFFFFFFFFFFF8000008000000000\r\n      00000000FFA284000000FFA284000000000000000000800000FFFFFFFFFFFFFF\r\n      FFFFFFFFFF800000FFFFFFFFFFFFFFFFFFFFFFFF800000000000000000000000\r\n      FFA284000000FFA284000000000000000000000000800000800000FFFFFFFFFF\r\n      FF800000FFFFFFFFFFFF800000800000000000000000000000000000FFA28400\r\n      0000FFA284000000000000000000000000000000800000800000800000800000\r\n      800000800000800000000000000000000000000000000000FFA284000000FFA2\r\n      8400000000000000000000000000000000000000000000000000000000000000\r\n      0000000000000000000000000000000000000000FFA284000000FFA284FFA284\r\n      0000000000000000000000000000000000000000000000000000000000000000\r\n      00000000000000000000000000FFA284FFA284000000000000FFA284FFA284FF\r\n      A284FFA284FFA284FFA284FFA284FFA284FFA284FFA284FFA284FFA284FFA284\r\n      FFA284FFA284FFA284FFA28400000000000080003FFF3FFF9FFF7E0FDFFF7803\r\n      DFFF7001DFFF6000DFFF6000DFFF40005FFF40005FFF40005FFF40005FFF6000\r\n      DFFF6000DFFF7001DFFF7803DFFF7C07DFFF7FFFDFFF3FFF9FFF80003FFF}\r\n  end\r\n  object TPointTextDrawer\r\n    Font.Charset = RUSSIAN_CHARSET\r\n    Font.Color = clBlack\r\n    Font.Height = -11\r\n    Font.Name = \'Arial\'\r\n    Font.Style = []\r\n    OutlineColor = clWhite\r\n    VAlignment = vaTop\r\n    HAlignment = haLeft\r\n  end\r\nend',NULL),(100,'object TDrawersGroup\r\n  DrawMode = gdmDrawAll\r\n  object TPointIconDrawer\r\n    AdjustSize = False\r\n    Image_Data = {\r\n      0000010001001313000000000000E80400001600000028000000130000002600\r\n      00000100180000000000C0040000000000000000000000000000000000000000\r\n      00FFA284FFA284FFA284FFA284FFA284FFA284FFA284FFA284FFA284FFA284FF\r\n      A284FFA284FFA284FFA284FFA284FFA284FFA284000000000000FFA284FFA284\r\n      0000000000000000000000000000000000000000000000000000000000000000\r\n      00000000000000000000000000FFA284FFA284000000FFA28400000000000000\r\n      0000000000000000000000800000800000800000800000800000000000000000\r\n      000000000000000000000000FFA284000000FFA2840000000000000000000000\r\n      00800000800000800000FFFFFFFFFFFFFFFFFF80000080000080000000000000\r\n      0000000000000000FFA284000000FFA284000000000000000000800000800000\r\n      FFFFFFFFFFFFFFFFFFFFFFFFFFFFFFFFFFFFFFFFFF8000008000000000000000\r\n      00000000FFA284000000FFA284000000000000800000800000800000FFFFFFFF\r\n      FFFFFFFFFFFFFFFFFFFFFFFFFFFFFFFFFF800000800000800000000000000000\r\n      FFA284000000FFA284000000000000800000FFFFFF800000800000FFFFFFFFFF\r\n      FFFFFFFFFFFFFFFFFFFF800000800000FFFFFF800000000000000000FFA28400\r\n      0000FFA284000000800000800000FFFFFFFFFFFF800000800000800000FFFFFF\r\n      800000800000800000FFFFFFFFFFFF800000800000000000FFA284000000FFA2\r\n      84000000800000FFFFFFFFFFFFFFFFFFFFFFFF80000080000080000080000080\r\n      0000FFFFFFFFFFFFFFFFFFF0FBFF800000000000FFA284000000FFA284000000\r\n      800000FFFFFFFFFFFFFFFFFFFFFFFFFFFFFF800000800000800000FFFFFFFFFF\r\n      FFFFFFFFFFFFFFF0FBFF800000000000FFA284000000FFA28400000080000080\r\n      0000FFFFFFFFFFFFFFFFFFFFFFFF800000800000800000FFFFFFFFFFFFFFFFFF\r\n      FFFFFF800000800000000000FFA284000000FFA284000000000000800000FFFF\r\n      FFFFFFFFFFFFFFFFFFFFFFFFFF800000FFFFFFFFFFFFFFFFFFFFFFFFFFFFFF80\r\n      0000000000000000FFA284000000FFA284000000000000800000800000FFFFFF\r\n      FFFFFFFFFFFFFFFFFF800000FFFFFFFFFFFFFFFFFFFFFFFF8000008000000000\r\n      00000000FFA284000000FFA284000000000000000000800000FFFFFFFFFFFFFF\r\n      FFFFFFFFFF800000FFFFFFFFFFFFFFFFFFFFFFFF800000000000000000000000\r\n      FFA284000000FFA284000000000000000000000000800000800000FFFFFFFFFF\r\n      FF800000FFFFFFFFFFFF800000800000000000000000000000000000FFA28400\r\n      0000FFA284000000000000000000000000000000800000800000800000800000\r\n      800000800000800000000000000000000000000000000000FFA284000000FFA2\r\n      8400000000000000000000000000000000000000000000000000000000000000\r\n      0000000000000000000000000000000000000000FFA284000000FFA284FFA284\r\n      0000000000000000000000000000000000000000000000000000000000000000\r\n      00000000000000000000000000FFA284FFA284000000000000FFA284FFA284FF\r\n      A284FFA284FFA284FFA284FFA284FFA284FFA284FFA284FFA284FFA284FFA284\r\n      FFA284FFA284FFA284FFA28400000000000080003FFF3FFF9FFF7E0FDFFF7803\r\n      DFFF7001DFFF6000DFFF6000DFFF40005FFF40005FFF40005FFF40005FFF6000\r\n      DFFF6000DFFF7001DFFF7803DFFF7C07DFFF7FFFDFFF3FFF9FFF80003FFF}\r\n  end\r\n  object TPointTextDrawer\r\n    Font.Charset = RUSSIAN_CHARSET\r\n    Font.Color = clBlack\r\n    Font.Height = -11\r\n    Font.Name = \'Arial\'\r\n    Font.Style = []\r\n    OutlineColor = clWhite\r\n    VAlignment = vaTop\r\n    HAlignment = haLeft\r\n  end\r\nend',NULL),(101,'object TDrawersGroup\r\n  DrawMode = gdmDrawAll\r\n  object TPointIconDrawer\r\n    AdjustSize = False\r\n    Image_Data = {\r\n      0000010001001313000000000000E80400001600000028000000130000002600\r\n      00000100180000000000C0040000000000000000000000000000000000000000\r\n      00FFA284FFA284FFA284FFA284FFA284FFA284FFA284FFA284FFA284FFA284FF\r\n      A284FFA284FFA284FFA284FFA284FFA284FFA284000000000000FFA284FFA284\r\n      0000000000000000000000000000000000000000000000000000000000000000\r\n      00000000000000000000000000FFA284FFA284000000FFA28400000000000000\r\n      0000000000000000000000800000800000800000800000800000000000000000\r\n      000000000000000000000000FFA284000000FFA2840000000000000000000000\r\n      00800000800000800000FFFFFFFFFFFFFFFFFF80000080000080000000000000\r\n      0000000000000000FFA284000000FFA284000000000000000000800000800000\r\n      FFFFFFFFFFFFFFFFFFFFFFFFFFFFFFFFFFFFFFFFFF8000008000000000000000\r\n      00000000FFA284000000FFA284000000000000800000800000800000FFFFFFFF\r\n      FFFFFFFFFFFFFFFFFFFFFFFFFFFFFFFFFF800000800000800000000000000000\r\n      FFA284000000FFA284000000000000800000FFFFFF800000800000FFFFFFFFFF\r\n      FFFFFFFFFFFFFFFFFFFF800000800000FFFFFF800000000000000000FFA28400\r\n      0000FFA284000000800000800000FFFFFFFFFFFF800000800000800000FFFFFF\r\n      800000800000800000FFFFFFFFFFFF800000800000000000FFA284000000FFA2\r\n      84000000800000FFFFFFFFFFFFFFFFFFFFFFFF80000080000080000080000080\r\n      0000FFFFFFFFFFFFFFFFFFF0FBFF800000000000FFA284000000FFA284000000\r\n      800000FFFFFFFFFFFFFFFFFFFFFFFFFFFFFF800000800000800000FFFFFFFFFF\r\n      FFFFFFFFFFFFFFF0FBFF800000000000FFA284000000FFA28400000080000080\r\n      0000FFFFFFFFFFFFFFFFFFFFFFFF800000800000800000FFFFFFFFFFFFFFFFFF\r\n      FFFFFF800000800000000000FFA284000000FFA284000000000000800000FFFF\r\n      FFFFFFFFFFFFFFFFFFFFFFFFFF800000FFFFFFFFFFFFFFFFFFFFFFFFFFFFFF80\r\n      0000000000000000FFA284000000FFA284000000000000800000800000FFFFFF\r\n      FFFFFFFFFFFFFFFFFF800000FFFFFFFFFFFFFFFFFFFFFFFF8000008000000000\r\n      00000000FFA284000000FFA284000000000000000000800000FFFFFFFFFFFFFF\r\n      FFFFFFFFFF800000FFFFFFFFFFFFFFFFFFFFFFFF800000000000000000000000\r\n      FFA284000000FFA284000000000000000000000000800000800000FFFFFFFFFF\r\n      FF800000FFFFFFFFFFFF800000800000000000000000000000000000FFA28400\r\n      0000FFA284000000000000000000000000000000800000800000800000800000\r\n      800000800000800000000000000000000000000000000000FFA284000000FFA2\r\n      8400000000000000000000000000000000000000000000000000000000000000\r\n      0000000000000000000000000000000000000000FFA284000000FFA284FFA284\r\n      0000000000000000000000000000000000000000000000000000000000000000\r\n      00000000000000000000000000FFA284FFA284000000000000FFA284FFA284FF\r\n      A284FFA284FFA284FFA284FFA284FFA284FFA284FFA284FFA284FFA284FFA284\r\n      FFA284FFA284FFA284FFA28400000000000080003FFF3FFF9FFF7E0FDFFF7803\r\n      DFFF7001DFFF6000DFFF6000DFFF40005FFF40005FFF40005FFF40005FFF6000\r\n      DFFF6000DFFF7001DFFF7803DFFF7C07DFFF7FFFDFFF3FFF9FFF80003FFF}\r\n  end\r\n  object TPointTextDrawer\r\n    Font.Charset = RUSSIAN_CHARSET\r\n    Font.Color = clBlack\r\n    Font.Height = -11\r\n    Font.Name = \'Arial\'\r\n    Font.Style = []\r\n    OutlineColor = clWhite\r\n    VAlignment = vaTop\r\n    HAlignment = haLeft\r\n  end\r\nend',NULL),(102,'object TDrawersGroup\r\n  DrawMode = gdmDrawAll\r\n  object TPointIconDrawer\r\n    AdjustSize = False\r\n    Image_Data = {\r\n      0000010001001313000000000000E80400001600000028000000130000002600\r\n      00000100180000000000C0040000000000000000000000000000000000000000\r\n      00FFA284FFA284FFA284FFA284FFA284FFA284FFA284FFA284FFA284FFA284FF\r\n      A284FFA284FFA284FFA284FFA284FFA284FFA284000000000000FFA284FFA284\r\n      0000000000000000000000000000000000000000000000000000000000000000\r\n      00000000000000000000000000FFA284FFA284000000FFA28400000000000000\r\n      0000000000000000000000800000800000800000800000800000000000000000\r\n      000000000000000000000000FFA284000000FFA2840000000000000000000000\r\n      00800000800000800000FFFFFFFFFFFFFFFFFF80000080000080000000000000\r\n      0000000000000000FFA284000000FFA284000000000000000000800000800000\r\n      FFFFFFFFFFFFFFFFFFFFFFFFFFFFFFFFFFFFFFFFFF8000008000000000000000\r\n      00000000FFA284000000FFA284000000000000800000800000800000FFFFFFFF\r\n      FFFFFFFFFFFFFFFFFFFFFFFFFFFFFFFFFF800000800000800000000000000000\r\n      FFA284000000FFA284000000000000800000FFFFFF800000800000FFFFFFFFFF\r\n      FFFFFFFFFFFFFFFFFFFF800000800000FFFFFF800000000000000000FFA28400\r\n      0000FFA284000000800000800000FFFFFFFFFFFF800000800000800000FFFFFF\r\n      800000800000800000FFFFFFFFFFFF800000800000000000FFA284000000FFA2\r\n      84000000800000FFFFFFFFFFFFFFFFFFFFFFFF80000080000080000080000080\r\n      0000FFFFFFFFFFFFFFFFFFF0FBFF800000000000FFA284000000FFA284000000\r\n      800000FFFFFFFFFFFFFFFFFFFFFFFFFFFFFF800000800000800000FFFFFFFFFF\r\n      FFFFFFFFFFFFFFF0FBFF800000000000FFA284000000FFA28400000080000080\r\n      0000FFFFFFFFFFFFFFFFFFFFFFFF800000800000800000FFFFFFFFFFFFFFFFFF\r\n      FFFFFF800000800000000000FFA284000000FFA284000000000000800000FFFF\r\n      FFFFFFFFFFFFFFFFFFFFFFFFFF800000FFFFFFFFFFFFFFFFFFFFFFFFFFFFFF80\r\n      0000000000000000FFA284000000FFA284000000000000800000800000FFFFFF\r\n      FFFFFFFFFFFFFFFFFF800000FFFFFFFFFFFFFFFFFFFFFFFF8000008000000000\r\n      00000000FFA284000000FFA284000000000000000000800000FFFFFFFFFFFFFF\r\n      FFFFFFFFFF800000FFFFFFFFFFFFFFFFFFFFFFFF800000000000000000000000\r\n      FFA284000000FFA284000000000000000000000000800000800000FFFFFFFFFF\r\n      FF800000FFFFFFFFFFFF800000800000000000000000000000000000FFA28400\r\n      0000FFA284000000000000000000000000000000800000800000800000800000\r\n      800000800000800000000000000000000000000000000000FFA284000000FFA2\r\n      8400000000000000000000000000000000000000000000000000000000000000\r\n      0000000000000000000000000000000000000000FFA284000000FFA284FFA284\r\n      0000000000000000000000000000000000000000000000000000000000000000\r\n      00000000000000000000000000FFA284FFA284000000000000FFA284FFA284FF\r\n      A284FFA284FFA284FFA284FFA284FFA284FFA284FFA284FFA284FFA284FFA284\r\n      FFA284FFA284FFA284FFA28400000000000080003FFF3FFF9FFF7E0FDFFF7803\r\n      DFFF7001DFFF6000DFFF6000DFFF40005FFF40005FFF40005FFF40005FFF6000\r\n      DFFF6000DFFF7001DFFF7803DFFF7C07DFFF7FFFDFFF3FFF9FFF80003FFF}\r\n  end\r\n  object TPointTextDrawer\r\n    Font.Charset = RUSSIAN_CHARSET\r\n    Font.Color = clBlack\r\n    Font.Height = -11\r\n    Font.Name = \'Arial\'\r\n    Font.Style = []\r\n    OutlineColor = clWhite\r\n    VAlignment = vaTop\r\n    HAlignment = haLeft\r\n  end\r\nend',NULL),(103,'object TDrawersGroup\r\n  DrawMode = gdmDrawAll\r\n  object TPointIconDrawer\r\n    AdjustSize = False\r\n    Image_Data = {\r\n      0000010001001313000000000000E80400001600000028000000130000002600\r\n      00000100180000000000C0040000000000000000000000000000000000000000\r\n      00FFA284FFA284FFA284FFA284FFA284FFA284FFA284FFA284FFA284FFA284FF\r\n      A284FFA284FFA284FFA284FFA284FFA284FFA284000000000000FFA284FFA284\r\n      0000000000000000000000000000000000000000000000000000000000000000\r\n      00000000000000000000000000FFA284FFA284000000FFA28400000000000000\r\n      0000000000000000000000800000800000800000800000800000000000000000\r\n      000000000000000000000000FFA284000000FFA2840000000000000000000000\r\n      00800000800000800000FFFFFFFFFFFFFFFFFF80000080000080000000000000\r\n      0000000000000000FFA284000000FFA284000000000000000000800000800000\r\n      FFFFFFFFFFFFFFFFFFFFFFFFFFFFFFFFFFFFFFFFFF8000008000000000000000\r\n      00000000FFA284000000FFA284000000000000800000800000800000FFFFFFFF\r\n      FFFFFFFFFFFFFFFFFFFFFFFFFFFFFFFFFF800000800000800000000000000000\r\n      FFA284000000FFA284000000000000800000FFFFFF800000800000FFFFFFFFFF\r\n      FFFFFFFFFFFFFFFFFFFF800000800000FFFFFF800000000000000000FFA28400\r\n      0000FFA284000000800000800000FFFFFFFFFFFF800000800000800000FFFFFF\r\n      800000800000800000FFFFFFFFFFFF800000800000000000FFA284000000FFA2\r\n      84000000800000FFFFFFFFFFFFFFFFFFFFFFFF80000080000080000080000080\r\n      0000FFFFFFFFFFFFFFFFFFF0FBFF800000000000FFA284000000FFA284000000\r\n      800000FFFFFFFFFFFFFFFFFFFFFFFFFFFFFF800000800000800000FFFFFFFFFF\r\n      FFFFFFFFFFFFFFF0FBFF800000000000FFA284000000FFA28400000080000080\r\n      0000FFFFFFFFFFFFFFFFFFFFFFFF800000800000800000FFFFFFFFFFFFFFFFFF\r\n      FFFFFF800000800000000000FFA284000000FFA284000000000000800000FFFF\r\n      FFFFFFFFFFFFFFFFFFFFFFFFFF800000FFFFFFFFFFFFFFFFFFFFFFFFFFFFFF80\r\n      0000000000000000FFA284000000FFA284000000000000800000800000FFFFFF\r\n      FFFFFFFFFFFFFFFFFF800000FFFFFFFFFFFFFFFFFFFFFFFF8000008000000000\r\n      00000000FFA284000000FFA284000000000000000000800000FFFFFFFFFFFFFF\r\n      FFFFFFFFFF800000FFFFFFFFFFFFFFFFFFFFFFFF800000000000000000000000\r\n      FFA284000000FFA284000000000000000000000000800000800000FFFFFFFFFF\r\n      FF800000FFFFFFFFFFFF800000800000000000000000000000000000FFA28400\r\n      0000FFA284000000000000000000000000000000800000800000800000800000\r\n      800000800000800000000000000000000000000000000000FFA284000000FFA2\r\n      8400000000000000000000000000000000000000000000000000000000000000\r\n      0000000000000000000000000000000000000000FFA284000000FFA284FFA284\r\n      0000000000000000000000000000000000000000000000000000000000000000\r\n      00000000000000000000000000FFA284FFA284000000000000FFA284FFA284FF\r\n      A284FFA284FFA284FFA284FFA284FFA284FFA284FFA284FFA284FFA284FFA284\r\n      FFA284FFA284FFA284FFA28400000000000080003FFF3FFF9FFF7E0FDFFF7803\r\n      DFFF7001DFFF6000DFFF6000DFFF40005FFF40005FFF40005FFF40005FFF6000\r\n      DFFF6000DFFF7001DFFF7803DFFF7C07DFFF7FFFDFFF3FFF9FFF80003FFF}\r\n  end\r\n  object TPointTextDrawer\r\n    Font.Charset = RUSSIAN_CHARSET\r\n    Font.Color = clBlack\r\n    Font.Height = -11\r\n    Font.Name = \'Arial\'\r\n    Font.Style = []\r\n    OutlineColor = clWhite\r\n    VAlignment = vaTop\r\n    HAlignment = haLeft\r\n  end\r\nend',NULL),(104,'object TDrawersGroup\r\n  DrawMode = gdmDrawAll\r\n  object TPointIconDrawer\r\n    AdjustSize = False\r\n    Image_Data = {\r\n      0000010001001313000000000000E80400001600000028000000130000002600\r\n      00000100180000000000C0040000000000000000000000000000000000000000\r\n      00FFA284FFA284FFA284FFA284FFA284FFA284FFA284FFA284FFA284FFA284FF\r\n      A284FFA284FFA284FFA284FFA284FFA284FFA284000000000000FFA284FFA284\r\n      0000000000000000000000000000000000000000000000000000000000000000\r\n      00000000000000000000000000FFA284FFA284000000FFA28400000000000000\r\n      0000000000000000000000800000800000800000800000800000000000000000\r\n      000000000000000000000000FFA284000000FFA2840000000000000000000000\r\n      00800000800000800000FFFFFFFFFFFFFFFFFF80000080000080000000000000\r\n      0000000000000000FFA284000000FFA284000000000000000000800000800000\r\n      FFFFFFFFFFFFFFFFFFFFFFFFFFFFFFFFFFFFFFFFFF8000008000000000000000\r\n      00000000FFA284000000FFA284000000000000800000800000800000FFFFFFFF\r\n      FFFFFFFFFFFFFFFFFFFFFFFFFFFFFFFFFF800000800000800000000000000000\r\n      FFA284000000FFA284000000000000800000FFFFFF800000800000FFFFFFFFFF\r\n      FFFFFFFFFFFFFFFFFFFF800000800000FFFFFF800000000000000000FFA28400\r\n      0000FFA284000000800000800000FFFFFFFFFFFF800000800000800000FFFFFF\r\n      800000800000800000FFFFFFFFFFFF800000800000000000FFA284000000FFA2\r\n      84000000800000FFFFFFFFFFFFFFFFFFFFFFFF80000080000080000080000080\r\n      0000FFFFFFFFFFFFFFFFFFF0FBFF800000000000FFA284000000FFA284000000\r\n      800000FFFFFFFFFFFFFFFFFFFFFFFFFFFFFF800000800000800000FFFFFFFFFF\r\n      FFFFFFFFFFFFFFF0FBFF800000000000FFA284000000FFA28400000080000080\r\n      0000FFFFFFFFFFFFFFFFFFFFFFFF800000800000800000FFFFFFFFFFFFFFFFFF\r\n      FFFFFF800000800000000000FFA284000000FFA284000000000000800000FFFF\r\n      FFFFFFFFFFFFFFFFFFFFFFFFFF800000FFFFFFFFFFFFFFFFFFFFFFFFFFFFFF80\r\n      0000000000000000FFA284000000FFA284000000000000800000800000FFFFFF\r\n      FFFFFFFFFFFFFFFFFF800000FFFFFFFFFFFFFFFFFFFFFFFF8000008000000000\r\n      00000000FFA284000000FFA284000000000000000000800000FFFFFFFFFFFFFF\r\n      FFFFFFFFFF800000FFFFFFFFFFFFFFFFFFFFFFFF800000000000000000000000\r\n      FFA284000000FFA284000000000000000000000000800000800000FFFFFFFFFF\r\n      FF800000FFFFFFFFFFFF800000800000000000000000000000000000FFA28400\r\n      0000FFA284000000000000000000000000000000800000800000800000800000\r\n      800000800000800000000000000000000000000000000000FFA284000000FFA2\r\n      8400000000000000000000000000000000000000000000000000000000000000\r\n      0000000000000000000000000000000000000000FFA284000000FFA284FFA284\r\n      0000000000000000000000000000000000000000000000000000000000000000\r\n      00000000000000000000000000FFA284FFA284000000000000FFA284FFA284FF\r\n      A284FFA284FFA284FFA284FFA284FFA284FFA284FFA284FFA284FFA284FFA284\r\n      FFA284FFA284FFA284FFA28400000000000080003FFF3FFF9FFF7E0FDFFF7803\r\n      DFFF7001DFFF6000DFFF6000DFFF40005FFF40005FFF40005FFF40005FFF6000\r\n      DFFF6000DFFF7001DFFF7803DFFF7C07DFFF7FFFDFFF3FFF9FFF80003FFF}\r\n  end\r\n  object TPointTextDrawer\r\n    Font.Charset = RUSSIAN_CHARSET\r\n    Font.Color = clBlack\r\n    Font.Height = -11\r\n    Font.Name = \'Arial\'\r\n    Font.Style = []\r\n    OutlineColor = clWhite\r\n    VAlignment = vaTop\r\n    HAlignment = haLeft\r\n  end\r\nend',NULL),(105,'object TDrawersGroup\r\n  DrawMode = gdmDrawAll\r\n  object TPointIconDrawer\r\n    AdjustSize = False\r\n    Image_Data = {\r\n      0000010001001313000000000000E80400001600000028000000130000002600\r\n      00000100180000000000C0040000000000000000000000000000000000000000\r\n      00FFA284FFA284FFA284FFA284FFA284FFA284FFA284FFA284FFA284FFA284FF\r\n      A284FFA284FFA284FFA284FFA284FFA284FFA284000000000000FFA284FFA284\r\n      0000000000000000000000000000000000000000000000000000000000000000\r\n      00000000000000000000000000FFA284FFA284000000FFA28400000000000000\r\n      0000000000000000000000800000800000800000800000800000000000000000\r\n      000000000000000000000000FFA284000000FFA2840000000000000000000000\r\n      00800000800000800000FFFFFFFFFFFFFFFFFF80000080000080000000000000\r\n      0000000000000000FFA284000000FFA284000000000000000000800000800000\r\n      FFFFFFFFFFFFFFFFFFFFFFFFFFFFFFFFFFFFFFFFFF8000008000000000000000\r\n      00000000FFA284000000FFA284000000000000800000800000800000FFFFFFFF\r\n      FFFFFFFFFFFFFFFFFFFFFFFFFFFFFFFFFF800000800000800000000000000000\r\n      FFA284000000FFA284000000000000800000FFFFFF800000800000FFFFFFFFFF\r\n      FFFFFFFFFFFFFFFFFFFF800000800000FFFFFF800000000000000000FFA28400\r\n      0000FFA284000000800000800000FFFFFFFFFFFF800000800000800000FFFFFF\r\n      800000800000800000FFFFFFFFFFFF800000800000000000FFA284000000FFA2\r\n      84000000800000FFFFFFFFFFFFFFFFFFFFFFFF80000080000080000080000080\r\n      0000FFFFFFFFFFFFFFFFFFF0FBFF800000000000FFA284000000FFA284000000\r\n      800000FFFFFFFFFFFFFFFFFFFFFFFFFFFFFF800000800000800000FFFFFFFFFF\r\n      FFFFFFFFFFFFFFF0FBFF800000000000FFA284000000FFA28400000080000080\r\n      0000FFFFFFFFFFFFFFFFFFFFFFFF800000800000800000FFFFFFFFFFFFFFFFFF\r\n      FFFFFF800000800000000000FFA284000000FFA284000000000000800000FFFF\r\n      FFFFFFFFFFFFFFFFFFFFFFFFFF800000FFFFFFFFFFFFFFFFFFFFFFFFFFFFFF80\r\n      0000000000000000FFA284000000FFA284000000000000800000800000FFFFFF\r\n      FFFFFFFFFFFFFFFFFF800000FFFFFFFFFFFFFFFFFFFFFFFF8000008000000000\r\n      00000000FFA284000000FFA284000000000000000000800000FFFFFFFFFFFFFF\r\n      FFFFFFFFFF800000FFFFFFFFFFFFFFFFFFFFFFFF800000000000000000000000\r\n      FFA284000000FFA284000000000000000000000000800000800000FFFFFFFFFF\r\n      FF800000FFFFFFFFFFFF800000800000000000000000000000000000FFA28400\r\n      0000FFA284000000000000000000000000000000800000800000800000800000\r\n      800000800000800000000000000000000000000000000000FFA284000000FFA2\r\n      8400000000000000000000000000000000000000000000000000000000000000\r\n      0000000000000000000000000000000000000000FFA284000000FFA284FFA284\r\n      0000000000000000000000000000000000000000000000000000000000000000\r\n      00000000000000000000000000FFA284FFA284000000000000FFA284FFA284FF\r\n      A284FFA284FFA284FFA284FFA284FFA284FFA284FFA284FFA284FFA284FFA284\r\n      FFA284FFA284FFA284FFA28400000000000080003FFF3FFF9FFF7E0FDFFF7803\r\n      DFFF7001DFFF6000DFFF6000DFFF40005FFF40005FFF40005FFF40005FFF6000\r\n      DFFF6000DFFF7001DFFF7803DFFF7C07DFFF7FFFDFFF3FFF9FFF80003FFF}\r\n  end\r\n  object TPointTextDrawer\r\n    Font.Charset = RUSSIAN_CHARSET\r\n    Font.Color = clBlack\r\n    Font.Height = -11\r\n    Font.Name = \'Arial\'\r\n    Font.Style = []\r\n    OutlineColor = clWhite\r\n    VAlignment = vaTop\r\n    HAlignment = haLeft\r\n  end\r\nend',NULL),(106,'object TDrawersGroup\r\n  DrawMode = gdmDrawAll\r\n  object TPointIconDrawer\r\n    AdjustSize = False\r\n    Image_Data = {\r\n      0000010001001313000000000000E80400001600000028000000130000002600\r\n      00000100180000000000C0040000000000000000000000000000000000000000\r\n      00FFA284FFA284FFA284FFA284FFA284FFA284FFA284FFA284FFA284FFA284FF\r\n      A284FFA284FFA284FFA284FFA284FFA284FFA284000000000000FFA284FFA284\r\n      0000000000000000000000000000000000000000000000000000000000000000\r\n      00000000000000000000000000FFA284FFA284000000FFA28400000000000000\r\n      0000000000000000000000800000800000800000800000800000000000000000\r\n      000000000000000000000000FFA284000000FFA2840000000000000000000000\r\n      00800000800000800000FFFFFFFFFFFFFFFFFF80000080000080000000000000\r\n      0000000000000000FFA284000000FFA284000000000000000000800000800000\r\n      FFFFFFFFFFFFFFFFFFFFFFFFFFFFFFFFFFFFFFFFFF8000008000000000000000\r\n      00000000FFA284000000FFA284000000000000800000800000800000FFFFFFFF\r\n      FFFFFFFFFFFFFFFFFFFFFFFFFFFFFFFFFF800000800000800000000000000000\r\n      FFA284000000FFA284000000000000800000FFFFFF800000800000FFFFFFFFFF\r\n      FFFFFFFFFFFFFFFFFFFF800000800000FFFFFF800000000000000000FFA28400\r\n      0000FFA284000000800000800000FFFFFFFFFFFF800000800000800000FFFFFF\r\n      800000800000800000FFFFFFFFFFFF800000800000000000FFA284000000FFA2\r\n      84000000800000FFFFFFFFFFFFFFFFFFFFFFFF80000080000080000080000080\r\n      0000FFFFFFFFFFFFFFFFFFF0FBFF800000000000FFA284000000FFA284000000\r\n      800000FFFFFFFFFFFFFFFFFFFFFFFFFFFFFF800000800000800000FFFFFFFFFF\r\n      FFFFFFFFFFFFFFF0FBFF800000000000FFA284000000FFA28400000080000080\r\n      0000FFFFFFFFFFFFFFFFFFFFFFFF800000800000800000FFFFFFFFFFFFFFFFFF\r\n      FFFFFF800000800000000000FFA284000000FFA284000000000000800000FFFF\r\n      FFFFFFFFFFFFFFFFFFFFFFFFFF800000FFFFFFFFFFFFFFFFFFFFFFFFFFFFFF80\r\n      0000000000000000FFA284000000FFA284000000000000800000800000FFFFFF\r\n      FFFFFFFFFFFFFFFFFF800000FFFFFFFFFFFFFFFFFFFFFFFF8000008000000000\r\n      00000000FFA284000000FFA284000000000000000000800000FFFFFFFFFFFFFF\r\n      FFFFFFFFFF800000FFFFFFFFFFFFFFFFFFFFFFFF800000000000000000000000\r\n      FFA284000000FFA284000000000000000000000000800000800000FFFFFFFFFF\r\n      FF800000FFFFFFFFFFFF800000800000000000000000000000000000FFA28400\r\n      0000FFA284000000000000000000000000000000800000800000800000800000\r\n      800000800000800000000000000000000000000000000000FFA284000000FFA2\r\n      8400000000000000000000000000000000000000000000000000000000000000\r\n      0000000000000000000000000000000000000000FFA284000000FFA284FFA284\r\n      0000000000000000000000000000000000000000000000000000000000000000\r\n      00000000000000000000000000FFA284FFA284000000000000FFA284FFA284FF\r\n      A284FFA284FFA284FFA284FFA284FFA284FFA284FFA284FFA284FFA284FFA284\r\n      FFA284FFA284FFA284FFA28400000000000080003FFF3FFF9FFF7E0FDFFF7803\r\n      DFFF7001DFFF6000DFFF6000DFFF40005FFF40005FFF40005FFF40005FFF6000\r\n      DFFF6000DFFF7001DFFF7803DFFF7C07DFFF7FFFDFFF3FFF9FFF80003FFF}\r\n  end\r\n  object TPointTextDrawer\r\n    Font.Charset = RUSSIAN_CHARSET\r\n    Font.Color = clBlack\r\n    Font.Height = -11\r\n    Font.Name = \'Arial\'\r\n    Font.Style = []\r\n    OutlineColor = clWhite\r\n    VAlignment = vaTop\r\n    HAlignment = haLeft\r\n  end\r\nend',NULL),(107,'object TDrawersGroup\r\n  DrawMode = gdmDrawAll\r\n  object TPointIconDrawer\r\n    AdjustSize = False\r\n    Image_Data = {\r\n      0000010001001313000000000000E80400001600000028000000130000002600\r\n      00000100180000000000C0040000000000000000000000000000000000000000\r\n      00FFA284FFA284FFA284FFA284FFA284FFA284FFA284FFA284FFA284FFA284FF\r\n      A284FFA284FFA284FFA284FFA284FFA284FFA284000000000000FFA284FFA284\r\n      0000000000000000000000000000000000000000000000000000000000000000\r\n      00000000000000000000000000FFA284FFA284000000FFA28400000000000000\r\n      0000000000000000000000800000800000800000800000800000000000000000\r\n      000000000000000000000000FFA284000000FFA2840000000000000000000000\r\n      00800000800000800000FFFFFFFFFFFFFFFFFF80000080000080000000000000\r\n      0000000000000000FFA284000000FFA284000000000000000000800000800000\r\n      FFFFFFFFFFFFFFFFFFFFFFFFFFFFFFFFFFFFFFFFFF8000008000000000000000\r\n      00000000FFA284000000FFA284000000000000800000800000800000FFFFFFFF\r\n      FFFFFFFFFFFFFFFFFFFFFFFFFFFFFFFFFF800000800000800000000000000000\r\n      FFA284000000FFA284000000000000800000FFFFFF800000800000FFFFFFFFFF\r\n      FFFFFFFFFFFFFFFFFFFF800000800000FFFFFF800000000000000000FFA28400\r\n      0000FFA284000000800000800000FFFFFFFFFFFF800000800000800000FFFFFF\r\n      800000800000800000FFFFFFFFFFFF800000800000000000FFA284000000FFA2\r\n      84000000800000FFFFFFFFFFFFFFFFFFFFFFFF80000080000080000080000080\r\n      0000FFFFFFFFFFFFFFFFFFF0FBFF800000000000FFA284000000FFA284000000\r\n      800000FFFFFFFFFFFFFFFFFFFFFFFFFFFFFF800000800000800000FFFFFFFFFF\r\n      FFFFFFFFFFFFFFF0FBFF800000000000FFA284000000FFA28400000080000080\r\n      0000FFFFFFFFFFFFFFFFFFFFFFFF800000800000800000FFFFFFFFFFFFFFFFFF\r\n      FFFFFF800000800000000000FFA284000000FFA284000000000000800000FFFF\r\n      FFFFFFFFFFFFFFFFFFFFFFFFFF800000FFFFFFFFFFFFFFFFFFFFFFFFFFFFFF80\r\n      0000000000000000FFA284000000FFA284000000000000800000800000FFFFFF\r\n      FFFFFFFFFFFFFFFFFF800000FFFFFFFFFFFFFFFFFFFFFFFF8000008000000000\r\n      00000000FFA284000000FFA284000000000000000000800000FFFFFFFFFFFFFF\r\n      FFFFFFFFFF800000FFFFFFFFFFFFFFFFFFFFFFFF800000000000000000000000\r\n      FFA284000000FFA284000000000000000000000000800000800000FFFFFFFFFF\r\n      FF800000FFFFFFFFFFFF800000800000000000000000000000000000FFA28400\r\n      0000FFA284000000000000000000000000000000800000800000800000800000\r\n      800000800000800000000000000000000000000000000000FFA284000000FFA2\r\n      8400000000000000000000000000000000000000000000000000000000000000\r\n      0000000000000000000000000000000000000000FFA284000000FFA284FFA284\r\n      0000000000000000000000000000000000000000000000000000000000000000\r\n      00000000000000000000000000FFA284FFA284000000000000FFA284FFA284FF\r\n      A284FFA284FFA284FFA284FFA284FFA284FFA284FFA284FFA284FFA284FFA284\r\n      FFA284FFA284FFA284FFA28400000000000080003FFF3FFF9FFF7E0FDFFF7803\r\n      DFFF7001DFFF6000DFFF6000DFFF40005FFF40005FFF40005FFF40005FFF6000\r\n      DFFF6000DFFF7001DFFF7803DFFF7C07DFFF7FFFDFFF3FFF9FFF80003FFF}\r\n  end\r\n  object TPointTextDrawer\r\n    Font.Charset = RUSSIAN_CHARSET\r\n    Font.Color = clBlack\r\n    Font.Height = -11\r\n    Font.Name = \'Arial\'\r\n    Font.Style = []\r\n    OutlineColor = clWhite\r\n    VAlignment = vaTop\r\n    HAlignment = haLeft\r\n  end\r\nend',NULL),(108,'object TDrawersGroup\r\n  DrawMode = gdmDrawAll\r\n  object TPointIconDrawer\r\n    AdjustSize = False\r\n    Image_Data = {\r\n      0000010001001313000000000000E80400001600000028000000130000002600\r\n      00000100180000000000C0040000000000000000000000000000000000000000\r\n      00FFA284FFA284FFA284FFA284FFA284FFA284FFA284FFA284FFA284FFA284FF\r\n      A284FFA284FFA284FFA284FFA284FFA284FFA284000000000000FFA284FFA284\r\n      0000000000000000000000000000000000000000000000000000000000000000\r\n      00000000000000000000000000FFA284FFA284000000FFA28400000000000000\r\n      0000000000000000000000800000800000800000800000800000000000000000\r\n      000000000000000000000000FFA284000000FFA2840000000000000000000000\r\n      00800000800000800000FFFFFFFFFFFFFFFFFF80000080000080000000000000\r\n      0000000000000000FFA284000000FFA284000000000000000000800000800000\r\n      FFFFFFFFFFFFFFFFFFFFFFFFFFFFFFFFFFFFFFFFFF8000008000000000000000\r\n      00000000FFA284000000FFA284000000000000800000800000800000FFFFFFFF\r\n      FFFFFFFFFFFFFFFFFFFFFFFFFFFFFFFFFF800000800000800000000000000000\r\n      FFA284000000FFA284000000000000800000FFFFFF800000800000FFFFFFFFFF\r\n      FFFFFFFFFFFFFFFFFFFF800000800000FFFFFF800000000000000000FFA28400\r\n      0000FFA284000000800000800000FFFFFFFFFFFF800000800000800000FFFFFF\r\n      800000800000800000FFFFFFFFFFFF800000800000000000FFA284000000FFA2\r\n      84000000800000FFFFFFFFFFFFFFFFFFFFFFFF80000080000080000080000080\r\n      0000FFFFFFFFFFFFFFFFFFF0FBFF800000000000FFA284000000FFA284000000\r\n      800000FFFFFFFFFFFFFFFFFFFFFFFFFFFFFF800000800000800000FFFFFFFFFF\r\n      FFFFFFFFFFFFFFF0FBFF800000000000FFA284000000FFA28400000080000080\r\n      0000FFFFFFFFFFFFFFFFFFFFFFFF800000800000800000FFFFFFFFFFFFFFFFFF\r\n      FFFFFF800000800000000000FFA284000000FFA284000000000000800000FFFF\r\n      FFFFFFFFFFFFFFFFFFFFFFFFFF800000FFFFFFFFFFFFFFFFFFFFFFFFFFFFFF80\r\n      0000000000000000FFA284000000FFA284000000000000800000800000FFFFFF\r\n      FFFFFFFFFFFFFFFFFF800000FFFFFFFFFFFFFFFFFFFFFFFF8000008000000000\r\n      00000000FFA284000000FFA284000000000000000000800000FFFFFFFFFFFFFF\r\n      FFFFFFFFFF800000FFFFFFFFFFFFFFFFFFFFFFFF800000000000000000000000\r\n      FFA284000000FFA284000000000000000000000000800000800000FFFFFFFFFF\r\n      FF800000FFFFFFFFFFFF800000800000000000000000000000000000FFA28400\r\n      0000FFA284000000000000000000000000000000800000800000800000800000\r\n      800000800000800000000000000000000000000000000000FFA284000000FFA2\r\n      8400000000000000000000000000000000000000000000000000000000000000\r\n      0000000000000000000000000000000000000000FFA284000000FFA284FFA284\r\n      0000000000000000000000000000000000000000000000000000000000000000\r\n      00000000000000000000000000FFA284FFA284000000000000FFA284FFA284FF\r\n      A284FFA284FFA284FFA284FFA284FFA284FFA284FFA284FFA284FFA284FFA284\r\n      FFA284FFA284FFA284FFA28400000000000080003FFF3FFF9FFF7E0FDFFF7803\r\n      DFFF7001DFFF6000DFFF6000DFFF40005FFF40005FFF40005FFF40005FFF6000\r\n      DFFF6000DFFF7001DFFF7803DFFF7C07DFFF7FFFDFFF3FFF9FFF80003FFF}\r\n  end\r\n  object TPointTextDrawer\r\n    Font.Charset = RUSSIAN_CHARSET\r\n    Font.Color = clBlack\r\n    Font.Height = -11\r\n    Font.Name = \'Arial\'\r\n    Font.Style = []\r\n    OutlineColor = clWhite\r\n    VAlignment = vaTop\r\n    HAlignment = haLeft\r\n  end\r\nend',NULL),(109,'object TDrawersGroup\r\n  DrawMode = gdmDrawAll\r\n  object TPointIconDrawer\r\n    AdjustSize = False\r\n    Image_Data = {\r\n      0000010001001313000000000000E80400001600000028000000130000002600\r\n      00000100180000000000C0040000000000000000000000000000000000000000\r\n      00FFA284FFA284FFA284FFA284FFA284FFA284FFA284FFA284FFA284FFA284FF\r\n      A284FFA284FFA284FFA284FFA284FFA284FFA284000000000000FFA284FFA284\r\n      0000000000000000000000000000000000000000000000000000000000000000\r\n      00000000000000000000000000FFA284FFA284000000FFA28400000000000000\r\n      0000000000000000000000800000800000800000800000800000000000000000\r\n      000000000000000000000000FFA284000000FFA2840000000000000000000000\r\n      00800000800000800000FFFFFFFFFFFFFFFFFF80000080000080000000000000\r\n      0000000000000000FFA284000000FFA284000000000000000000800000800000\r\n      FFFFFFFFFFFFFFFFFFFFFFFFFFFFFFFFFFFFFFFFFF8000008000000000000000\r\n      00000000FFA284000000FFA284000000000000800000800000800000FFFFFFFF\r\n      FFFFFFFFFFFFFFFFFFFFFFFFFFFFFFFFFF800000800000800000000000000000\r\n      FFA284000000FFA284000000000000800000FFFFFF800000800000FFFFFFFFFF\r\n      FFFFFFFFFFFFFFFFFFFF800000800000FFFFFF800000000000000000FFA28400\r\n      0000FFA284000000800000800000FFFFFFFFFFFF800000800000800000FFFFFF\r\n      800000800000800000FFFFFFFFFFFF800000800000000000FFA284000000FFA2\r\n      84000000800000FFFFFFFFFFFFFFFFFFFFFFFF80000080000080000080000080\r\n      0000FFFFFFFFFFFFFFFFFFF0FBFF800000000000FFA284000000FFA284000000\r\n      800000FFFFFFFFFFFFFFFFFFFFFFFFFFFFFF800000800000800000FFFFFFFFFF\r\n      FFFFFFFFFFFFFFF0FBFF800000000000FFA284000000FFA28400000080000080\r\n      0000FFFFFFFFFFFFFFFFFFFFFFFF800000800000800000FFFFFFFFFFFFFFFFFF\r\n      FFFFFF800000800000000000FFA284000000FFA284000000000000800000FFFF\r\n      FFFFFFFFFFFFFFFFFFFFFFFFFF800000FFFFFFFFFFFFFFFFFFFFFFFFFFFFFF80\r\n      0000000000000000FFA284000000FFA284000000000000800000800000FFFFFF\r\n      FFFFFFFFFFFFFFFFFF800000FFFFFFFFFFFFFFFFFFFFFFFF8000008000000000\r\n      00000000FFA284000000FFA284000000000000000000800000FFFFFFFFFFFFFF\r\n      FFFFFFFFFF800000FFFFFFFFFFFFFFFFFFFFFFFF800000000000000000000000\r\n      FFA284000000FFA284000000000000000000000000800000800000FFFFFFFFFF\r\n      FF800000FFFFFFFFFFFF800000800000000000000000000000000000FFA28400\r\n      0000FFA284000000000000000000000000000000800000800000800000800000\r\n      800000800000800000000000000000000000000000000000FFA284000000FFA2\r\n      8400000000000000000000000000000000000000000000000000000000000000\r\n      0000000000000000000000000000000000000000FFA284000000FFA284FFA284\r\n      0000000000000000000000000000000000000000000000000000000000000000\r\n      00000000000000000000000000FFA284FFA284000000000000FFA284FFA284FF\r\n      A284FFA284FFA284FFA284FFA284FFA284FFA284FFA284FFA284FFA284FFA284\r\n      FFA284FFA284FFA284FFA28400000000000080003FFF3FFF9FFF7E0FDFFF7803\r\n      DFFF7001DFFF6000DFFF6000DFFF40005FFF40005FFF40005FFF40005FFF6000\r\n      DFFF6000DFFF7001DFFF7803DFFF7C07DFFF7FFFDFFF3FFF9FFF80003FFF}\r\n  end\r\n  object TPointTextDrawer\r\n    Font.Charset = RUSSIAN_CHARSET\r\n    Font.Color = clBlack\r\n    Font.Height = -11\r\n    Font.Name = \'Arial\'\r\n    Font.Style = []\r\n    OutlineColor = clWhite\r\n    VAlignment = vaTop\r\n    HAlignment = haLeft\r\n  end\r\nend',NULL),(110,'object TDrawersGroup\r\n  DrawMode = gdmDrawAll\r\n  object TPointIconDrawer\r\n    AdjustSize = False\r\n    Image_Data = {\r\n      0000010001001313000000000000E80400001600000028000000130000002600\r\n      00000100180000000000C0040000000000000000000000000000000000000000\r\n      00FFA284FFA284FFA284FFA284FFA284FFA284FFA284FFA284FFA284FFA284FF\r\n      A284FFA284FFA284FFA284FFA284FFA284FFA284000000000000FFA284FFA284\r\n      0000000000000000000000000000000000000000000000000000000000000000\r\n      00000000000000000000000000FFA284FFA284000000FFA28400000000000000\r\n      0000000000000000000000800000800000800000800000800000000000000000\r\n      000000000000000000000000FFA284000000FFA2840000000000000000000000\r\n      00800000800000800000FFFFFFFFFFFFFFFFFF80000080000080000000000000\r\n      0000000000000000FFA284000000FFA284000000000000000000800000800000\r\n      FFFFFFFFFFFFFFFFFFFFFFFFFFFFFFFFFFFFFFFFFF8000008000000000000000\r\n      00000000FFA284000000FFA284000000000000800000800000800000FFFFFFFF\r\n      FFFFFFFFFFFFFFFFFFFFFFFFFFFFFFFFFF800000800000800000000000000000\r\n      FFA284000000FFA284000000000000800000FFFFFF800000800000FFFFFFFFFF\r\n      FFFFFFFFFFFFFFFFFFFF800000800000FFFFFF800000000000000000FFA28400\r\n      0000FFA284000000800000800000FFFFFFFFFFFF800000800000800000FFFFFF\r\n      800000800000800000FFFFFFFFFFFF800000800000000000FFA284000000FFA2\r\n      84000000800000FFFFFFFFFFFFFFFFFFFFFFFF80000080000080000080000080\r\n      0000FFFFFFFFFFFFFFFFFFF0FBFF800000000000FFA284000000FFA284000000\r\n      800000FFFFFFFFFFFFFFFFFFFFFFFFFFFFFF800000800000800000FFFFFFFFFF\r\n      FFFFFFFFFFFFFFF0FBFF800000000000FFA284000000FFA28400000080000080\r\n      0000FFFFFFFFFFFFFFFFFFFFFFFF800000800000800000FFFFFFFFFFFFFFFFFF\r\n      FFFFFF800000800000000000FFA284000000FFA284000000000000800000FFFF\r\n      FFFFFFFFFFFFFFFFFFFFFFFFFF800000FFFFFFFFFFFFFFFFFFFFFFFFFFFFFF80\r\n      0000000000000000FFA284000000FFA284000000000000800000800000FFFFFF\r\n      FFFFFFFFFFFFFFFFFF800000FFFFFFFFFFFFFFFFFFFFFFFF8000008000000000\r\n      00000000FFA284000000FFA284000000000000000000800000FFFFFFFFFFFFFF\r\n      FFFFFFFFFF800000FFFFFFFFFFFFFFFFFFFFFFFF800000000000000000000000\r\n      FFA284000000FFA284000000000000000000000000800000800000FFFFFFFFFF\r\n      FF800000FFFFFFFFFFFF800000800000000000000000000000000000FFA28400\r\n      0000FFA284000000000000000000000000000000800000800000800000800000\r\n      800000800000800000000000000000000000000000000000FFA284000000FFA2\r\n      8400000000000000000000000000000000000000000000000000000000000000\r\n      0000000000000000000000000000000000000000FFA284000000FFA284FFA284\r\n      0000000000000000000000000000000000000000000000000000000000000000\r\n      00000000000000000000000000FFA284FFA284000000000000FFA284FFA284FF\r\n      A284FFA284FFA284FFA284FFA284FFA284FFA284FFA284FFA284FFA284FFA284\r\n      FFA284FFA284FFA284FFA28400000000000080003FFF3FFF9FFF7E0FDFFF7803\r\n      DFFF7001DFFF6000DFFF6000DFFF40005FFF40005FFF40005FFF40005FFF6000\r\n      DFFF6000DFFF7001DFFF7803DFFF7C07DFFF7FFFDFFF3FFF9FFF80003FFF}\r\n  end\r\n  object TPointTextDrawer\r\n    Font.Charset = RUSSIAN_CHARSET\r\n    Font.Color = clBlack\r\n    Font.Height = -11\r\n    Font.Name = \'Arial\'\r\n    Font.Style = []\r\n    OutlineColor = clWhite\r\n    VAlignment = vaTop\r\n    HAlignment = haLeft\r\n  end\r\nend',NULL);

--
-- Table structure for table `mobitels_rotate_bands`
--

CREATE TABLE `mobitels_rotate_bands` (
  `Id` int(11) NOT NULL AUTO_INCREMENT,
  `Mobitel_ID` int(11) NOT NULL DEFAULT '0',
  `Bound` int(11) NOT NULL DEFAULT '0',
  PRIMARY KEY (`Id`),
  KEY `FK_mobitels_rotate_bands_mobitels_Mobitel_ID` (`Mobitel_ID`),
  CONSTRAINT `FK_mobitels_rotate_bands_mobitels_Mobitel_ID` FOREIGN KEY (`Mobitel_ID`) REFERENCES `mobitels` (`Mobitel_ID`) ON DELETE CASCADE ON UPDATE CASCADE
) ENGINE=InnoDB DEFAULT CHARSET=cp1251;

--
-- Dumping data for table `mobitels_rotate_bands`
--


--
-- Table structure for table `ntf_agro_works`
--

CREATE TABLE `ntf_agro_works` (
  `Id` int(11) NOT NULL AUTO_INCREMENT,
  `Id_main` int(11) NOT NULL,
  `WorkId` int(11) NOT NULL,
  PRIMARY KEY (`Id`),
  KEY `FK_ntf_agro_works_ntf_main_Id` (`Id_main`),
  CONSTRAINT `FK_ntf_agro_works_ntf_main_Id` FOREIGN KEY (`Id_main`) REFERENCES `ntf_main` (`Id`) ON DELETE CASCADE ON UPDATE CASCADE
) ENGINE=InnoDB DEFAULT CHARSET=cp1251;

--
-- Dumping data for table `ntf_agro_works`
--


--
-- Table structure for table `ntf_emails`
--

CREATE TABLE `ntf_emails` (
  `Id` int(11) NOT NULL AUTO_INCREMENT,
  `Id_main` int(11) NOT NULL,
  `IsActive` tinyint(1) NOT NULL DEFAULT '0',
  `Email` varchar(127) NOT NULL,
  PRIMARY KEY (`Id`),
  KEY `FK_ntf_email_ntf_main_Id` (`Id_main`),
  CONSTRAINT `FK_ntf_email_ntf_main_Id` FOREIGN KEY (`Id_main`) REFERENCES `ntf_main` (`Id`) ON DELETE CASCADE ON UPDATE CASCADE
) ENGINE=InnoDB DEFAULT CHARSET=cp1251;

--
-- Dumping data for table `ntf_emails`
--


--
-- Table structure for table `ntf_events`
--

CREATE TABLE `ntf_events` (
  `Id` int(11) NOT NULL AUTO_INCREMENT,
  `Id_main` int(11) NOT NULL,
  `TypeEvent` tinyint(4) NOT NULL,
  `EventId` int(11) NOT NULL DEFAULT '0',
  `ParInt1` int(11) NOT NULL DEFAULT '0' COMMENT 'INT параметр любого события',
  `ParDbl1` double NOT NULL DEFAULT '0' COMMENT 'DOUBLE параметр №1 любого события',
  `ParDbl2` double NOT NULL DEFAULT '0' COMMENT 'DOUBLE параметр №2 любого события',
  `ParBool` bit(1) NOT NULL DEFAULT b'0' COMMENT 'BOOL параметр любого события',
  `ParInt2` int(11) NOT NULL DEFAULT '0' COMMENT 'INT параметр №2 любого события',
  PRIMARY KEY (`Id`),
  KEY `FK_ntf_events_ntf_main_Id` (`Id_main`),
  CONSTRAINT `FK_ntf_events_ntf_main_Id` FOREIGN KEY (`Id_main`) REFERENCES `ntf_main` (`Id`) ON DELETE CASCADE ON UPDATE CASCADE
) ENGINE=InnoDB DEFAULT CHARSET=cp1251;

--
-- Dumping data for table `ntf_events`
--


--
-- Table structure for table `ntf_log`
--

CREATE TABLE `ntf_log` (
  `Id` int(11) NOT NULL AUTO_INCREMENT,
  `Id_main` int(11) NOT NULL,
  `DateEvent` datetime NOT NULL,
  `DateWrite` datetime NOT NULL,
  `TypeEvent` tinyint(4) NOT NULL,
  `Mobitel_id` int(11) NOT NULL DEFAULT '0',
  `Zone_id` int(11) NOT NULL DEFAULT '0',
  `Location` varchar(255) DEFAULT NULL,
  `Lat` double DEFAULT '0',
  `Lng` double DEFAULT '0',
  `Infor` varchar(255) DEFAULT NULL,
  `IsRead` bit(1) DEFAULT b'0' COMMENT 'Уведомление прочитано ',
  `DataGps_ID` bigint(20) DEFAULT '0',
  `Speed` double DEFAULT '0',
  `Value` double DEFAULT '0' COMMENT 'Цифровое значение события (датчики)',
  PRIMARY KEY (`Id`),
  KEY `FK_ntf_log_ntf_main_Id` (`Id_main`),
  CONSTRAINT `FK_ntf_log_ntf_main_Id` FOREIGN KEY (`Id_main`) REFERENCES `ntf_main` (`Id`) ON DELETE CASCADE ON UPDATE CASCADE
) ENGINE=InnoDB DEFAULT CHARSET=cp1251;

--
-- Dumping data for table `ntf_log`
--


--
-- Table structure for table `ntf_main`
--

CREATE TABLE `ntf_main` (
  `Id` int(11) NOT NULL AUTO_INCREMENT,
  `IsActive` tinyint(1) NOT NULL DEFAULT '0',
  `IsPopup` tinyint(1) NOT NULL DEFAULT '0',
  `Title` varchar(255) NOT NULL,
  `IconSmall` blob,
  `IconLarge` blob,
  `SoundName` varchar(50) DEFAULT NULL,
  `TimeForControl` double DEFAULT NULL,
  `IsEmailActive` tinyint(1) NOT NULL DEFAULT '0' COMMENT 'Активна E-mail рассылка уведомления',
  `Period` int(11) NOT NULL DEFAULT '0' COMMENT 'Периодичность появления уведомления(не чаще)',
  PRIMARY KEY (`Id`)
) ENGINE=InnoDB DEFAULT CHARSET=cp1251;

--
-- Dumping data for table `ntf_main`
--


--
-- Table structure for table `ntf_mobitels`
--

CREATE TABLE `ntf_mobitels` (
  `Id` int(11) NOT NULL AUTO_INCREMENT,
  `Id_main` int(11) NOT NULL,
  `MobitelId` int(11) NOT NULL,
  `SensorLogicId` int(11) DEFAULT '0',
  `SensorId` int(11) DEFAULT '0',
  PRIMARY KEY (`Id`),
  KEY `FK_ntf_mobitels_ntf_main_Id` (`Id_main`),
  CONSTRAINT `FK_ntf_mobitels_ntf_main_Id` FOREIGN KEY (`Id_main`) REFERENCES `ntf_main` (`Id`) ON DELETE CASCADE ON UPDATE CASCADE
) ENGINE=InnoDB DEFAULT CHARSET=cp1251;

--
-- Dumping data for table `ntf_mobitels`
--


--
-- Table structure for table `ntf_popupusers`
--

CREATE TABLE `ntf_popupusers` (
  `Id` int(11) NOT NULL AUTO_INCREMENT,
  `Id_main` int(11) NOT NULL,
  `Id_user` int(11) NOT NULL,
  PRIMARY KEY (`Id`),
  KEY `FK_ntf_popupUsers_ntf_main_Id` (`Id_main`),
  CONSTRAINT `FK_ntf_popupUsers_ntf_main_Id` FOREIGN KEY (`Id_main`) REFERENCES `ntf_main` (`Id`) ON DELETE CASCADE ON UPDATE CASCADE
) ENGINE=InnoDB DEFAULT CHARSET=cp1251;

--
-- Dumping data for table `ntf_popupusers`
--


--
-- Table structure for table `online`
--

CREATE TABLE `online` (
  `DataGps_ID` int(11) NOT NULL AUTO_INCREMENT,
  `Mobitel_ID` int(11) DEFAULT '0',
  `Message_ID` int(11) DEFAULT '0',
  `Latitude` int(11) NOT NULL DEFAULT '0',
  `Longitude` int(11) NOT NULL DEFAULT '0',
  `Altitude` int(11) DEFAULT '0',
  `UnixTime` int(11) NOT NULL DEFAULT '0',
  `Speed` smallint(6) NOT NULL DEFAULT '0',
  `Direction` int(11) NOT NULL DEFAULT '0',
  `Valid` tinyint(4) NOT NULL DEFAULT '1',
  `InMobitelID` int(11) DEFAULT '0',
  `Events` int(10) unsigned DEFAULT '0',
  `Sensor1` tinyint(4) unsigned DEFAULT '0',
  `Sensor2` tinyint(4) unsigned DEFAULT '0',
  `Sensor3` tinyint(4) unsigned DEFAULT '0',
  `Sensor4` tinyint(4) unsigned DEFAULT '0',
  `Sensor5` tinyint(4) unsigned DEFAULT '0',
  `Sensor6` tinyint(4) unsigned DEFAULT '0',
  `Sensor7` tinyint(4) unsigned DEFAULT '0',
  `Sensor8` tinyint(4) unsigned DEFAULT '0',
  `LogID` int(11) DEFAULT '0',
  `isShow` tinyint(4) DEFAULT '0',
  `whatIs` smallint(6) unsigned NOT NULL DEFAULT '0',
  `Counter1` int(11) NOT NULL DEFAULT '-1',
  `Counter2` int(11) NOT NULL DEFAULT '-1',
  `Counter3` int(11) NOT NULL DEFAULT '-1',
  `Counter4` int(11) NOT NULL DEFAULT '-1',
  PRIMARY KEY (`DataGps_ID`),
  KEY `IDX_MobitelidUnixtimeValid` (`Mobitel_ID`,`UnixTime`,`Valid`) USING BTREE
) ENGINE=InnoDB AUTO_INCREMENT=97785 DEFAULT CHARSET=cp1251 COMMENT='Оперативные данные';

--
-- Dumping data for table `online`
--

INSERT INTO `online` VALUES (453,98,0,30417858,15518064,210,1500979719,2,223,1,22107,0,16,0,5,32,0,0,0,0,22107,0,1023,-1,-1,-1,-1),(454,98,0,30417936,15518016,208,1500979739,1,227,1,22108,0,16,0,5,32,0,0,0,0,22108,0,1023,-1,-1,-1,-1),(455,98,0,30417954,15518004,209,1500979743,2,223,1,22109,0,16,0,5,32,0,0,0,0,22109,0,1023,-1,-1,-1,-1),(480,98,0,30418038,15517932,213,1500979764,1,227,1,22110,0,16,0,5,32,0,0,0,0,22110,0,1023,-1,-1,-1,-1),(481,98,0,30418062,15517920,214,1500979769,2,221,1,22111,0,16,0,5,48,0,0,0,0,22111,0,1023,-1,-1,-1,-1),(482,98,0,30418074,15517908,214,1500979772,2,227,1,22112,0,16,0,5,48,0,0,0,0,22112,0,1023,-1,-1,-1,-1),(483,98,0,30418080,15517902,214,1500979774,2,219,1,22113,0,16,0,5,32,0,0,0,0,22113,0,1023,-1,-1,-1,-1),(484,98,0,30418086,15517902,214,1500979775,2,224,1,22114,0,16,0,5,32,0,0,0,0,22114,0,1023,-1,-1,-1,-1),(485,98,0,30418092,15517890,214,1500979776,2,218,1,22115,0,16,0,5,32,0,0,0,0,22115,0,1023,-1,-1,-1,-1),(486,98,0,30418098,15517890,215,1500979777,2,223,1,22116,0,16,0,5,32,0,0,0,0,22116,0,1023,-1,-1,-1,-1),(487,98,0,30418122,15517872,215,1500979782,2,227,1,22117,0,16,0,5,32,0,0,0,0,22117,0,1023,-1,-1,-1,-1),(488,98,0,30418140,15517866,215,1500979785,2,232,1,22118,0,16,0,5,32,0,0,0,0,22118,0,1023,-1,-1,-1,-1),(489,98,0,30418152,15517860,215,1500979786,2,227,1,22119,0,16,0,5,48,0,0,0,0,22119,0,1023,-1,-1,-1,-1),(490,98,0,30418170,15517848,215,1500979790,2,223,1,22120,0,16,0,5,32,0,0,0,0,22120,0,1023,-1,-1,-1,-1),(491,98,0,30418206,15517812,215,1500979797,2,218,1,22121,0,16,0,5,32,0,0,0,0,22121,0,1023,-1,-1,-1,-1),(492,98,0,30418212,15517812,215,1500979798,2,222,1,22122,0,16,0,5,32,0,0,0,0,22122,0,1023,-1,-1,-1,-1),(493,98,0,30418212,15517806,215,1500979799,2,218,1,22123,0,16,0,5,32,0,0,0,0,22123,0,1023,-1,-1,-1,-1),(537,98,0,30418236,15517776,216,1500979805,1,222,1,22124,0,16,0,5,16,0,0,0,0,22124,0,1023,-1,-1,-1,-1),(538,98,0,30418260,15517764,215,1500979810,2,214,1,22125,0,16,0,5,32,0,0,0,0,22125,0,1023,-1,-1,-1,-1),(539,98,0,30418266,15517758,215,1500979811,2,221,1,22126,0,16,0,5,32,0,0,0,0,22126,0,1023,-1,-1,-1,-1),(540,98,0,30418272,15517752,216,1500979814,2,226,1,22127,0,16,0,5,32,0,0,0,0,22127,0,1023,-1,-1,-1,-1),(541,98,0,30418278,15517746,216,1500979815,2,219,1,22128,0,16,0,5,32,0,0,0,0,22128,0,1023,-1,-1,-1,-1),(542,98,0,30418284,15517734,216,1500979817,2,225,1,22129,0,16,0,5,32,0,0,0,0,22129,0,1023,-1,-1,-1,-1),(543,98,0,30418296,15517728,216,1500979819,2,221,1,22130,0,16,0,5,32,0,0,0,0,22130,0,1023,-1,-1,-1,-1),(544,98,0,30418302,15517728,216,1500979820,2,225,1,22131,0,16,0,5,32,0,0,0,0,22131,0,1023,-1,-1,-1,-1),(545,98,0,30418314,15517716,216,1500979823,2,220,1,22132,0,16,0,5,32,0,0,0,0,22132,0,1023,-1,-1,-1,-1),(546,98,0,30418320,15517710,216,1500979824,2,224,1,22133,0,16,0,5,48,0,0,0,0,22133,0,1023,-1,-1,-1,-1),(547,98,0,30418326,15517704,215,1500979825,2,218,1,22134,0,16,0,5,48,0,0,0,0,22134,0,1023,-1,-1,-1,-1),(548,98,0,30418350,15517686,216,1500979830,2,223,1,22135,0,16,0,5,32,0,0,0,0,22135,0,1023,-1,-1,-1,-1),(549,98,0,30418398,15517650,216,1500979839,2,219,1,22136,0,16,0,5,32,0,0,0,0,22136,0,1023,-1,-1,-1,-1),(550,98,0,30418476,15517572,217,1500979858,1,223,1,22137,0,16,0,5,32,0,0,0,0,22137,0,1023,-1,-1,-1,-1),(551,98,0,30418482,15517566,217,1500979860,1,218,1,22138,0,16,0,5,32,0,0,0,0,22138,0,1023,-1,-1,-1,-1),(593,98,0,30418536,15517518,220,1500979874,2,223,1,22139,0,16,0,5,32,0,0,0,0,22139,0,1023,-1,-1,-1,-1),(594,98,0,30418626,15517452,221,1500979894,2,219,1,22140,0,16,0,5,32,0,0,0,0,22140,0,1023,-1,-1,-1,-1),(595,98,0,30418644,15517446,221,1500979897,2,224,1,22141,0,16,0,5,32,0,0,0,0,22141,0,1023,-1,-1,-1,-1),(596,98,0,30418698,15517404,222,1500979910,1,219,1,22142,0,16,0,5,32,0,0,0,0,22142,0,1023,-1,-1,-1,-1),(597,98,0,30418704,15517398,222,1500979911,1,224,1,22143,0,16,0,5,32,0,0,0,0,22143,0,1023,-1,-1,-1,-1),(598,98,0,30418704,15517398,222,1500979912,2,220,1,22144,0,16,0,5,32,0,0,0,0,22144,0,1023,-1,-1,-1,-1),(599,98,0,30418716,15517386,223,1500979914,1,224,1,22145,0,16,0,5,32,0,0,0,0,22145,0,1023,-1,-1,-1,-1),(600,98,0,30418740,15517362,223,1500979920,2,219,1,22146,0,16,0,5,32,0,0,0,0,22146,0,1023,-1,-1,-1,-1),(601,98,0,30418764,15517344,224,1500979925,2,223,1,22147,0,16,0,5,32,0,0,0,0,22147,0,1023,-1,-1,-1,-1),(638,98,0,30418860,15517272,227,1500979946,2,219,1,22148,0,16,0,5,32,0,0,0,0,22148,0,1023,-1,-1,-1,-1),(639,98,0,30418884,15517254,227,1500979950,2,223,1,22149,0,16,0,5,32,0,0,0,0,22149,0,1023,-1,-1,-1,-1),(640,98,0,30419028,15517152,228,1500979980,2,223,1,22150,0,16,0,5,0,0,0,0,0,22150,0,1023,-1,-1,-1,-1),(656,98,0,30419178,15517044,228,1500980003,2,229,1,22151,0,16,0,4,240,0,0,0,0,22151,0,1023,-1,-1,-1,-1),(657,98,0,30419244,15517020,230,1500980013,2,223,1,22152,0,16,0,4,208,0,0,0,0,22152,0,1023,-1,-1,-1,-1),(658,98,0,30419268,15516996,229,1500980021,1,227,1,22153,0,16,0,5,0,0,0,0,0,22153,0,1023,-1,-1,-1,-1),(659,98,0,30419274,15516990,229,1500980022,2,221,1,22154,0,16,0,4,240,0,0,0,0,22154,0,1023,-1,-1,-1,-1),(660,98,0,30419286,15516984,229,1500980024,2,227,1,22155,0,16,0,4,240,0,0,0,0,22155,0,1023,-1,-1,-1,-1),(661,98,0,30419304,15516972,228,1500980029,1,223,1,22156,0,16,0,4,240,0,0,0,0,22156,0,1023,-1,-1,-1,-1),(689,98,0,30419436,15516858,225,1500980058,2,218,1,22157,0,16,0,4,240,0,0,0,0,22157,0,1023,-1,-1,-1,-1),(690,98,0,30419496,15516774,222,1500980074,2,213,1,22158,0,16,0,4,240,0,0,0,0,22158,0,1023,-1,-1,-1,-1),(691,98,0,30419514,15516744,222,1500980080,2,208,1,22159,0,16,0,4,240,0,0,0,0,22159,0,1023,-1,-1,-1,-1),(692,98,0,30419526,15516732,222,1500980086,1,81,1,22160,0,16,0,4,240,0,0,0,0,22160,0,1023,-1,-1,-1,-1),(693,98,0,30419520,15516744,222,1500980089,1,76,1,22161,0,16,0,4,240,0,0,0,0,22161,0,1023,-1,-1,-1,-1),(694,98,0,30419514,15516750,222,1500980090,1,67,1,22162,0,16,0,4,240,0,0,0,0,22162,0,1023,-1,-1,-1,-1),(695,98,0,30419514,15516756,222,1500980094,1,172,1,22163,0,16,0,4,240,0,0,0,0,22163,0,1023,-1,-1,-1,-1),(696,98,0,30419514,15516744,222,1500980096,1,167,1,22164,0,16,0,4,240,0,0,0,0,22164,0,1023,-1,-1,-1,-1),(722,98,0,30419466,15516534,225,1500980125,2,169,1,22165,0,16,0,4,240,0,0,0,0,22165,0,1023,-1,-1,-1,-1),(723,98,0,30419418,15516276,228,1500980155,2,170,1,22166,0,16,0,4,240,0,0,0,0,22166,0,1023,-1,-1,-1,-1),(740,98,0,30419382,15516048,230,1500980181,2,174,1,22167,0,16,0,4,240,0,0,0,0,22167,0,1023,-1,-1,-1,-1),(741,98,0,30419364,15515934,231,1500980193,2,169,1,22168,0,16,0,4,240,0,0,0,0,22168,0,1023,-1,-1,-1,-1),(742,98,0,30419346,15515802,232,1500980208,2,177,1,22169,0,16,0,4,224,0,0,0,0,22169,0,1023,-1,-1,-1,-1),(743,98,0,30419346,15515796,232,1500980209,2,186,1,22170,0,16,0,4,240,0,0,0,0,22170,0,1023,-1,-1,-1,-1),(744,98,0,30419352,15515772,232,1500980212,2,195,1,22171,0,16,0,4,240,0,0,0,0,22171,0,1023,-1,-1,-1,-1),(745,98,0,30419352,15515754,232,1500980214,2,200,1,22172,0,16,0,4,240,0,0,0,0,22172,0,1023,-1,-1,-1,-1),(746,98,0,30419358,15515736,232,1500980216,2,205,1,22173,0,16,0,4,240,0,0,0,0,22173,0,1023,-1,-1,-1,-1),(747,98,0,30419358,15515730,232,1500980217,2,209,1,22174,0,16,0,4,224,0,0,0,0,22174,0,1023,-1,-1,-1,-1),(748,98,0,30419364,15515724,232,1500980218,2,216,1,22175,0,16,0,5,0,0,0,0,0,22175,0,1023,-1,-1,-1,-1),(749,98,0,30419376,15515718,232,1500980220,2,226,1,22176,0,16,0,4,240,0,0,0,0,22176,0,1023,-1,-1,-1,-1),(750,98,0,30419382,15515718,232,1500980221,1,231,1,22177,0,16,0,4,240,0,0,0,0,22177,0,1023,-1,-1,-1,-1),(751,98,0,30419388,15515718,233,1500980222,2,239,1,22178,0,16,0,4,240,0,0,0,0,22178,0,1023,-1,-1,-1,-1),(752,98,0,30419406,15515724,233,1500980224,2,8,1,22179,0,16,0,4,224,0,0,0,0,22179,0,1023,-1,-1,-1,-1),(776,98,0,30419412,15515724,233,1500980225,2,15,1,22180,0,16,0,5,64,0,0,0,0,22180,0,1023,-1,-1,-1,-1),(777,98,0,30419418,15515730,233,1500980226,2,23,1,22181,0,16,0,5,64,0,0,0,0,22181,0,1023,-1,-1,-1,-1),(778,98,0,30419430,15515748,233,1500980228,2,37,1,22182,0,16,0,5,96,0,0,0,0,22182,0,1023,-1,-1,-1,-1),(779,98,0,30419442,15515784,233,1500980231,4,43,1,22183,0,16,0,5,96,0,0,0,0,22183,0,1023,-1,-1,-1,-1),(780,98,0,30419466,15515886,232,1500980237,3,48,1,22184,0,16,0,5,80,0,0,0,0,22184,0,1023,-1,-1,-1,-1),(781,98,0,30419538,15516348,230,1500980263,4,52,1,22185,0,16,0,5,96,0,0,0,0,22185,0,1023,-1,-1,-1,-1),(782,98,0,30419568,15516588,228,1500980277,3,56,1,22186,0,16,0,5,112,0,0,0,0,22186,0,1023,-1,-1,-1,-1),(797,98,0,30419574,15516666,227,1500980283,3,60,1,22187,0,16,0,5,112,0,0,0,0,22187,0,1023,-1,-1,-1,-1),(798,98,0,30419574,15516750,227,1500980312,0,0,1,22188,0,16,0,5,112,0,0,0,0,22188,0,1023,-1,-1,-1,-1),(813,98,0,30419574,15516750,227,1500980342,0,0,1,22189,0,16,0,5,112,0,0,0,0,22189,0,1023,-1,-1,-1,-1),(814,98,0,30419574,15516750,227,1500980372,0,0,1,22190,0,16,0,5,112,0,0,0,0,22190,0,1023,-1,-1,-1,-1),(815,98,0,30419574,15516750,227,1500980402,0,0,1,22191,0,16,0,5,112,0,0,0,0,22191,0,1023,-1,-1,-1,-1),(845,100,0,30417822,15508410,216,1500980415,2,163,1,24406,0,16,0,6,32,0,0,0,0,24406,0,1023,-1,-1,-1,-1),(846,100,0,30417822,15508386,216,1500980417,2,169,1,24407,0,16,0,6,32,0,0,0,0,24407,0,1023,-1,-1,-1,-1),(847,100,0,30417798,15508218,216,1500980434,2,173,1,24408,0,16,0,6,32,0,0,0,0,24408,0,1023,-1,-1,-1,-1),(848,100,0,30417792,15508212,216,1500980435,2,169,1,24409,0,16,0,6,32,0,0,0,0,24409,0,1023,-1,-1,-1,-1),(849,98,0,30419574,15516750,227,1500980432,0,0,1,22192,0,16,0,5,112,0,0,0,0,22192,0,1023,-1,-1,-1,-1),(850,98,0,30419574,15516750,227,1500980462,0,0,1,22193,0,16,0,5,112,0,0,0,0,22193,0,1023,-1,-1,-1,-1),(870,100,0,30417738,15507924,215,1500980464,2,169,1,24410,0,16,0,6,32,0,0,0,0,24410,0,1023,-1,-1,-1,-1),(871,100,0,30417708,15507738,214,1500980481,3,180,1,24411,0,16,0,6,32,0,0,0,0,24411,0,1023,-1,-1,-1,-1),(872,100,0,30417708,15507726,214,1500980482,3,187,1,24412,0,16,0,6,32,0,0,0,0,24412,0,1023,-1,-1,-1,-1),(873,100,0,30417708,15507714,215,1500980483,3,195,1,24413,0,16,0,6,32,0,0,0,0,24413,0,1023,-1,-1,-1,-1),(874,100,0,30417720,15507696,215,1500980485,3,205,1,24414,0,16,0,6,32,0,0,0,0,24414,0,1023,-1,-1,-1,-1),(875,100,0,30417726,15507684,215,1500980486,3,213,1,24415,0,16,0,6,32,0,0,0,0,24415,0,1023,-1,-1,-1,-1),(876,100,0,30417738,15507678,215,1500980487,3,221,1,24416,0,16,0,6,32,0,0,0,0,24416,0,1023,-1,-1,-1,-1),(877,100,0,30417756,15507666,215,1500980489,3,228,1,24417,0,16,0,6,32,0,0,0,0,24417,0,1023,-1,-1,-1,-1),(878,100,0,30417774,15507660,215,1500980491,3,224,1,24418,0,16,0,6,32,0,0,0,0,24418,0,1023,-1,-1,-1,-1),(879,100,0,30417816,15507636,215,1500980495,3,229,1,24419,0,16,0,6,32,0,0,0,0,24419,0,1023,-1,-1,-1,-1),(880,100,0,30417828,15507636,215,1500980496,3,239,1,24420,0,16,0,6,16,0,0,0,0,24420,0,1023,-1,-1,-1,-1),(881,100,0,30417840,15507636,215,1500980497,3,13,1,24421,0,16,0,6,0,0,0,0,0,24421,0,1023,-1,-1,-1,-1),(882,100,0,30417846,15507642,215,1500980498,3,27,1,24422,0,16,0,6,32,0,0,0,0,24422,0,1023,-1,-1,-1,-1),(883,100,0,30417852,15507654,215,1500980499,4,37,1,24423,0,16,0,6,0,0,0,0,0,24423,0,1023,-1,-1,-1,-1),(884,100,0,30417858,15507684,215,1500980501,2,51,1,24424,0,16,0,6,0,0,0,0,0,24424,0,1023,-1,-1,-1,-1),(885,100,0,30417858,15507696,215,1500980502,2,45,1,24425,0,16,0,6,16,0,0,0,0,24425,0,1023,-1,-1,-1,-1),(886,100,0,30417864,15507708,215,1500980503,2,50,1,24426,0,16,0,6,16,0,0,0,0,24426,0,1023,-1,-1,-1,-1),(887,100,0,30417864,15507732,215,1500980505,2,43,1,24427,0,16,0,6,32,0,0,0,0,24427,0,1023,-1,-1,-1,-1),(888,100,0,30417864,15507738,215,1500980506,2,49,1,24428,0,16,0,6,32,0,0,0,0,24428,0,1023,-1,-1,-1,-1),(889,98,0,30419574,15516750,227,1500980492,0,0,1,22194,0,16,0,5,112,0,0,0,0,22194,0,1023,-1,-1,-1,-1),(890,98,0,30419574,15516750,227,1500980522,0,0,1,22195,0,16,0,5,112,0,0,0,0,22195,0,1023,-1,-1,-1,-1),(907,100,0,30417876,15507852,215,1500980516,2,45,1,24429,0,16,0,6,32,0,0,0,0,24429,0,1023,-1,-1,-1,-1),(908,100,0,30417882,15507858,215,1500980517,2,50,1,24430,0,16,0,6,32,0,0,0,0,24430,0,1023,-1,-1,-1,-1),(909,100,0,30417882,15507876,216,1500980519,2,45,1,24431,0,16,0,6,32,0,0,0,0,24431,0,1023,-1,-1,-1,-1),(910,100,0,30417888,15507894,216,1500980521,2,50,1,24432,0,16,0,6,32,0,0,0,0,24432,0,1023,-1,-1,-1,-1),(911,100,0,30417900,15507960,216,1500980527,2,43,1,24433,0,16,0,6,32,0,0,0,0,24433,0,1023,-1,-1,-1,-1),(912,100,0,30417900,15507972,216,1500980528,2,47,1,24434,0,16,0,6,32,0,0,0,0,24434,0,1023,-1,-1,-1,-1),(913,100,0,30417900,15507978,216,1500980529,2,43,1,24435,0,16,0,6,32,0,0,0,0,24435,0,1023,-1,-1,-1,-1),(914,100,0,30417906,15507996,216,1500980531,2,47,1,24436,0,16,0,6,32,0,0,0,0,24436,0,1023,-1,-1,-1,-1),(915,100,0,30417918,15508050,216,1500980536,2,52,1,24437,0,16,0,6,32,0,0,0,0,24437,0,1023,-1,-1,-1,-1),(916,100,0,30417924,15508068,216,1500980538,2,48,1,24438,0,16,0,6,32,0,0,0,0,24438,0,1023,-1,-1,-1,-1),(917,100,0,30417942,15508170,216,1500980548,2,43,1,24439,0,16,0,6,32,0,0,0,0,24439,0,1023,-1,-1,-1,-1),(918,100,0,30417948,15508188,217,1500980550,2,51,1,24440,0,16,0,6,32,0,0,0,0,24440,0,1023,-1,-1,-1,-1),(919,100,0,30417954,15508230,217,1500980554,2,45,1,24441,0,16,0,6,32,0,0,0,0,24441,0,1023,-1,-1,-1,-1),(920,100,0,30417954,15508242,216,1500980555,2,49,1,24442,0,16,0,6,32,0,0,0,0,24442,0,1023,-1,-1,-1,-1),(921,98,0,30419574,15516750,227,1500980552,0,0,1,22196,0,16,0,5,112,0,0,0,0,22196,0,1023,-1,-1,-1,-1),(922,98,0,30419574,15516750,227,1500980583,0,0,1,22197,0,16,0,5,112,0,0,0,0,22197,0,1023,-1,-1,-1,-1),(947,100,0,30417990,15508428,218,1500980573,2,45,1,24443,0,16,0,6,32,0,0,0,0,24443,0,1023,-1,-1,-1,-1),(948,100,0,30417996,15508452,218,1500980576,2,50,1,24444,0,16,0,6,32,0,0,0,0,24444,0,1023,-1,-1,-1,-1),(949,100,0,30418062,15508752,220,1500980606,2,50,1,24445,0,16,0,6,32,0,0,0,0,24445,0,1023,-1,-1,-1,-1),(950,100,0,30418074,15508854,220,1500980616,2,45,1,24446,0,16,0,6,32,0,0,0,0,24446,0,1023,-1,-1,-1,-1),(951,98,0,30419574,15516750,227,1500980613,0,0,1,22198,0,16,0,5,112,0,0,0,0,22198,0,1023,-1,-1,-1,-1),(952,98,0,30419574,15516750,227,1500980643,0,0,1,22199,0,16,0,5,128,0,0,0,0,22199,0,1023,-1,-1,-1,-1),(961,97,0,30418368,15510408,225,1500980650,3,49,1,28114,0,16,0,6,144,0,0,0,0,28114,0,1023,-1,-1,-1,-1),(962,97,0,30418416,15510708,223,1500980675,3,53,1,28115,0,16,0,6,160,0,0,0,0,28115,0,1023,-1,-1,-1,-1),(963,97,0,30418422,15510732,223,1500980677,3,49,1,28116,0,16,0,6,160,0,0,0,0,28116,0,1023,-1,-1,-1,-1),(964,100,0,30418116,15509052,222,1500980636,2,54,1,24447,0,16,0,6,32,0,0,0,0,24447,0,1023,-1,-1,-1,-1),(965,100,0,30418116,15509064,223,1500980637,2,47,1,24448,0,16,0,6,32,0,0,0,0,24448,0,1023,-1,-1,-1,-1),(966,100,0,30418146,15509256,224,1500980654,2,53,1,24449,0,16,0,6,32,0,0,0,0,24449,0,1023,-1,-1,-1,-1),(967,100,0,30418146,15509268,224,1500980655,2,48,1,24450,0,16,0,6,32,0,0,0,0,24450,0,1023,-1,-1,-1,-1),(968,100,0,30418158,15509334,224,1500980662,2,44,1,24451,0,16,0,6,32,0,0,0,0,24451,0,1023,-1,-1,-1,-1),(969,100,0,30418164,15509364,225,1500980665,2,48,1,24452,0,16,0,6,32,0,0,0,0,24452,0,1023,-1,-1,-1,-1),(970,100,0,30418170,15509370,225,1500980666,2,44,1,24453,0,16,0,6,32,0,0,0,0,24453,0,1023,-1,-1,-1,-1),(971,100,0,30418176,15509406,224,1500980670,2,48,1,24454,0,16,0,6,32,0,0,0,0,24454,0,1023,-1,-1,-1,-1),(972,100,0,30418188,15509472,224,1500980676,2,52,1,24455,0,16,0,6,32,0,0,0,0,24455,0,1023,-1,-1,-1,-1),(973,100,0,30418188,15509514,224,1500980680,2,48,1,24456,0,16,0,6,32,0,0,0,0,24456,0,1023,-1,-1,-1,-1),(974,100,0,30418194,15509562,224,1500980684,2,52,1,24457,0,16,0,6,32,0,0,0,0,24457,0,1023,-1,-1,-1,-1),(975,100,0,30418200,15509580,224,1500980686,2,48,1,24458,0,16,0,6,32,0,0,0,0,24458,0,1023,-1,-1,-1,-1),(976,100,0,30418200,15509604,224,1500980688,2,52,1,24459,0,16,0,6,16,0,0,0,0,24459,0,1023,-1,-1,-1,-1),(977,98,0,30419574,15516750,227,1500980673,0,0,1,22200,0,16,0,5,128,0,0,0,0,22200,0,1023,-1,-1,-1,-1),(979,97,0,30418446,15510882,223,1500980689,3,45,1,28117,0,16,0,6,160,0,0,0,0,28117,0,1023,-1,-1,-1,-1),(980,97,0,30418452,15510912,223,1500980691,3,50,1,28118,0,16,0,6,160,0,0,0,0,28118,0,1023,-1,-1,-1,-1),(981,97,0,30418464,15510984,224,1500980696,3,43,1,28119,0,16,0,6,144,0,0,0,0,28119,0,1023,-1,-1,-1,-1),(982,97,0,30418470,15510996,224,1500980697,3,36,1,28120,0,16,0,6,144,0,0,0,0,28120,0,1023,-1,-1,-1,-1),(983,97,0,30418476,15511008,224,1500980698,3,41,1,28121,0,16,0,6,144,0,0,0,0,28121,0,1023,-1,-1,-1,-1),(984,97,0,30418494,15511056,223,1500980702,3,37,1,28122,0,16,0,6,144,0,0,0,0,28122,0,1023,-1,-1,-1,-1),(985,97,0,30418500,15511068,223,1500980703,3,42,1,28123,0,16,0,6,128,0,0,0,0,28123,0,1023,-1,-1,-1,-1),(986,97,0,30418506,15511074,223,1500980704,3,35,1,28124,0,16,0,6,128,0,0,0,0,28124,0,1023,-1,-1,-1,-1),(987,97,0,30418512,15511086,222,1500980705,3,41,1,28125,0,16,0,6,128,0,0,0,0,28125,0,1023,-1,-1,-1,-1),(988,97,0,30418518,15511104,222,1500980707,3,37,1,28126,0,16,0,6,128,0,0,0,0,28126,0,1023,-1,-1,-1,-1),(989,97,0,30418524,15511116,222,1500980708,3,43,1,28127,0,16,0,6,128,0,0,0,0,28127,0,1023,-1,-1,-1,-1),(990,97,0,30418530,15511140,222,1500980710,3,47,1,28128,0,16,0,6,144,0,0,0,0,28128,0,1023,-1,-1,-1,-1),(991,97,0,30418530,15511152,222,1500980711,2,42,1,28129,0,16,0,6,144,0,0,0,0,28129,0,1023,-1,-1,-1,-1),(992,97,0,30418536,15511164,222,1500980712,3,47,1,28130,0,16,0,6,144,0,0,0,0,28130,0,1023,-1,-1,-1,-1),(993,97,0,30418560,15511290,223,1500980722,2,40,1,28131,0,16,0,6,144,0,0,0,0,28131,0,1023,-1,-1,-1,-1),(994,97,0,30418566,15511308,224,1500980724,2,47,1,28132,0,16,0,6,128,0,0,0,0,28132,0,1023,-1,-1,-1,-1),(995,97,0,30418572,15511380,224,1500980731,2,51,1,28133,0,16,0,6,128,0,0,0,0,28133,0,1023,-1,-1,-1,-1),(996,97,0,30418578,15511410,224,1500980734,2,44,1,28134,0,16,0,6,144,0,0,0,0,28134,0,1023,-1,-1,-1,-1),(997,97,0,30418590,15511458,224,1500980739,2,37,1,28135,0,16,0,6,144,0,0,0,0,28135,0,1023,-1,-1,-1,-1),(998,97,0,30418596,15511470,224,1500980740,2,32,1,28136,0,16,0,6,128,0,0,0,0,28136,0,1023,-1,-1,-1,-1),(999,97,0,30418602,15511482,224,1500980741,3,38,1,28137,0,16,0,6,112,0,0,0,0,28137,0,1023,-1,-1,-1,-1),(1000,97,0,30418608,15511500,224,1500980743,2,31,1,28138,0,16,0,6,128,0,0,0,0,28138,0,1023,-1,-1,-1,-1),(4994,100,0,30418224,15509766,225,1500980703,3,58,1,24460,0,16,0,6,32,0,0,0,0,24460,0,1023,-1,-1,-1,-1),(4995,100,0,30418230,15509790,225,1500980705,2,51,1,24461,0,16,0,6,32,0,0,0,0,24461,0,1023,-1,-1,-1,-1),(4996,100,0,30418242,15509838,225,1500980710,2,47,1,24462,0,16,0,6,32,0,0,0,0,24462,0,1023,-1,-1,-1,-1),(4997,100,0,30418254,15509886,226,1500980714,2,51,1,24463,0,16,0,6,32,0,0,0,0,24463,0,1023,-1,-1,-1,-1),(4998,100,0,30418260,15509916,226,1500980717,2,47,1,24464,0,16,0,6,32,0,0,0,0,24464,0,1023,-1,-1,-1,-1),(4999,100,0,30418260,15509934,226,1500980719,2,52,1,24465,0,16,0,6,32,0,0,0,0,24465,0,1023,-1,-1,-1,-1),(5000,100,0,30418266,15509958,226,1500980721,2,45,1,24466,0,16,0,6,32,0,0,0,0,24466,0,1023,-1,-1,-1,-1),(5994,100,0,30418266,15509976,226,1500980723,2,52,1,24467,0,16,0,6,32,0,0,0,0,24467,0,1023,-1,-1,-1,-1),(5995,100,0,30418266,15509988,226,1500980724,2,46,1,24468,0,16,0,6,32,0,0,0,0,24468,0,1023,-1,-1,-1,-1),(5996,100,0,30418278,15510042,226,1500980730,2,51,1,24469,0,16,0,6,32,0,0,0,0,24469,0,1023,-1,-1,-1,-1),(5997,100,0,30418278,15510054,226,1500980731,2,45,1,24470,0,16,0,6,32,0,0,0,0,24470,0,1023,-1,-1,-1,-1),(5998,100,0,30418284,15510096,226,1500980735,2,53,1,24471,0,16,0,6,32,0,0,0,0,24471,0,1023,-1,-1,-1,-1),(5999,100,0,30418296,15510174,226,1500980743,2,47,1,24472,0,16,0,6,32,0,0,0,0,24472,0,1023,-1,-1,-1,-1),(6000,100,0,30418296,15510198,226,1500980745,2,51,1,24473,0,16,0,6,32,0,0,0,0,24473,0,1023,-1,-1,-1,-1),(36999,98,0,30419574,15516750,227,1500980719,0,0,1,22201,0,0,0,6,96,0,0,0,0,22201,0,1023,-1,-1,-1,-1),(37000,98,0,30419574,15516750,227,1500980749,0,0,1,22202,0,0,0,6,96,0,0,0,0,22202,0,1023,-1,-1,-1,-1),(97072,97,0,30418614,15511518,224,1500980745,2,37,1,28139,0,16,0,6,112,0,0,0,0,28139,0,1023,-1,-1,-1,-1),(97073,97,0,30418620,15511536,224,1500980747,2,45,1,28140,0,16,0,6,112,0,0,0,0,28140,0,1023,-1,-1,-1,-1),(97074,97,0,30418626,15511548,224,1500980748,2,39,1,28141,0,16,0,6,128,0,0,0,0,28141,0,1023,-1,-1,-1,-1),(97075,97,0,30418638,15511596,225,1500980753,2,44,1,28142,0,16,0,6,128,0,0,0,0,28142,0,1023,-1,-1,-1,-1),(97076,97,0,30418650,15511644,226,1500980757,2,49,1,28143,0,16,0,6,144,0,0,0,0,28143,0,1023,-1,-1,-1,-1),(97077,97,0,30418650,15511650,226,1500980758,2,44,1,28144,0,16,0,6,128,0,0,0,0,28144,0,1023,-1,-1,-1,-1),(97078,97,0,30418650,15511662,226,1500980759,2,51,1,28145,0,16,0,6,144,0,0,0,0,28145,0,1023,-1,-1,-1,-1),(97079,97,0,30418650,15511674,227,1500980760,3,56,1,28146,0,16,0,6,144,0,0,0,0,28146,0,1023,-1,-1,-1,-1),(97080,97,0,30418656,15511722,227,1500980764,2,49,1,28147,0,16,0,6,128,0,0,0,0,28147,0,1023,-1,-1,-1,-1),(97081,97,0,30418656,15511734,228,1500980765,2,53,1,28148,0,16,0,6,144,0,0,0,0,28148,0,1023,-1,-1,-1,-1),(97082,97,0,30418662,15511758,228,1500980767,2,46,1,28149,0,16,0,6,144,0,0,0,0,28149,0,1023,-1,-1,-1,-1),(97083,97,0,30418662,15511770,228,1500980768,2,51,1,28150,0,16,0,6,144,0,0,0,0,28150,0,1023,-1,-1,-1,-1),(97084,97,0,30418674,15511824,228,1500980773,2,42,1,28151,0,16,0,6,144,0,0,0,0,28151,0,1023,-1,-1,-1,-1),(97085,97,0,30418680,15511854,229,1500980776,2,51,1,28152,0,16,0,6,144,0,0,0,0,28152,0,1023,-1,-1,-1,-1),(97086,97,0,30418686,15511878,229,1500980778,2,45,1,28153,0,16,0,6,144,0,0,0,0,28153,0,1023,-1,-1,-1,-1),(97087,97,0,30418698,15511932,230,1500980783,3,51,1,28154,0,16,0,6,144,0,0,0,0,28154,0,1023,-1,-1,-1,-1),(97088,97,0,30418704,15511956,230,1500980785,2,57,1,28155,0,16,0,6,144,0,0,0,0,28155,0,1023,-1,-1,-1,-1),(97089,97,0,30418704,15511968,231,1500980786,3,52,1,28156,0,16,0,6,144,0,0,0,0,28156,0,1023,-1,-1,-1,-1),(97090,97,0,30418704,15511980,231,1500980787,2,59,1,28157,0,16,0,6,144,0,0,0,0,28157,0,1023,-1,-1,-1,-1),(97091,97,0,30418704,15511992,231,1500980788,2,48,1,28158,0,16,0,6,144,0,0,0,0,28158,0,1023,-1,-1,-1,-1),(97092,97,0,30418710,15512016,231,1500980790,3,52,1,28159,0,16,0,6,144,0,0,0,0,28159,0,1023,-1,-1,-1,-1),(97093,97,0,30418716,15512064,231,1500980794,3,47,1,28160,0,16,0,6,144,0,0,0,0,28160,0,1023,-1,-1,-1,-1),(97094,97,0,30418740,15512178,232,1500980805,2,52,1,28161,0,16,0,6,128,0,0,0,0,28161,0,1023,-1,-1,-1,-1),(97095,100,0,30418314,15510306,227,1500980757,2,47,1,24474,0,16,0,6,32,0,0,0,0,24474,0,1023,-1,-1,-1,-1),(97096,100,0,30418314,15510330,227,1500980760,2,52,1,24475,0,16,0,6,32,0,0,0,0,24475,0,1023,-1,-1,-1,-1),(97097,100,0,30418332,15510426,227,1500980770,2,46,1,24476,0,16,0,6,32,0,0,0,0,24476,0,1023,-1,-1,-1,-1),(97098,100,0,30418338,15510444,227,1500980772,2,50,1,24477,0,16,0,6,32,0,0,0,0,24477,0,1023,-1,-1,-1,-1),(97099,100,0,30418380,15510726,228,1500980799,2,45,1,24478,0,16,0,6,32,0,0,0,0,24478,0,1023,-1,-1,-1,-1),(97100,100,0,30418380,15510732,228,1500980800,2,49,1,24479,0,16,0,6,32,0,0,0,0,24479,0,1023,-1,-1,-1,-1),(97101,98,0,30419574,15516750,227,1500980779,0,0,1,22203,0,0,0,6,80,0,0,0,0,22203,0,1023,-1,-1,-1,-1),(97102,98,0,30419574,15516750,227,1500980809,0,0,1,22204,0,0,0,6,80,0,0,0,0,22204,0,1023,-1,-1,-1,-1),(97105,97,0,30418740,15512190,232,1500980806,3,48,1,28162,0,16,0,6,128,0,0,0,0,28162,0,1023,-1,-1,-1,-1),(97106,97,0,30418746,15512238,232,1500980810,2,52,1,28163,0,16,0,6,144,0,0,0,0,28163,0,1023,-1,-1,-1,-1),(97107,97,0,30418752,15512250,232,1500980811,2,47,1,28164,0,16,0,6,144,0,0,0,0,28164,0,1023,-1,-1,-1,-1),(97108,97,0,30418752,15512262,232,1500980812,3,53,1,28165,0,16,0,6,144,0,0,0,0,28165,0,1023,-1,-1,-1,-1),(97109,97,0,30418752,15512286,232,1500980814,2,48,1,28166,0,16,0,6,144,0,0,0,0,28166,0,1023,-1,-1,-1,-1),(97110,97,0,30418752,15512298,232,1500980815,3,52,1,28167,0,16,0,6,144,0,0,0,0,28167,0,1023,-1,-1,-1,-1),(97111,97,0,30418758,15512310,232,1500980816,3,48,1,28168,0,16,0,6,144,0,0,0,0,28168,0,1023,-1,-1,-1,-1),(97112,97,0,30418764,15512334,231,1500980818,2,43,1,28169,0,16,0,6,144,0,0,0,0,28169,0,1023,-1,-1,-1,-1),(97113,97,0,30418764,15512346,231,1500980819,3,48,1,28170,0,16,0,6,144,0,0,0,0,28170,0,1023,-1,-1,-1,-1),(97114,97,0,30418764,15512358,231,1500980820,2,53,1,28171,0,16,0,6,144,0,0,0,0,28171,0,1023,-1,-1,-1,-1),(97115,97,0,30418770,15512370,231,1500980821,2,58,1,28172,0,16,0,6,144,0,0,0,0,28172,0,1023,-1,-1,-1,-1),(97116,97,0,30418770,15512382,231,1500980822,3,52,1,28173,0,16,0,6,128,0,0,0,0,28173,0,1023,-1,-1,-1,-1),(97117,97,0,30418770,15512394,231,1500980823,2,46,1,28174,0,16,0,6,144,0,0,0,0,28174,0,1023,-1,-1,-1,-1),(97118,97,0,30418776,15512412,231,1500980825,3,52,1,28175,0,16,0,6,144,0,0,0,0,28175,0,1023,-1,-1,-1,-1),(97119,97,0,30418776,15512442,232,1500980827,3,45,1,28176,0,16,0,6,144,0,0,0,0,28176,0,1023,-1,-1,-1,-1),(97120,97,0,30418776,15512454,232,1500980828,2,53,1,28177,0,16,0,6,144,0,0,0,0,28177,0,1023,-1,-1,-1,-1),(97121,97,0,30418782,15512466,232,1500980829,3,43,1,28178,0,16,0,6,144,0,0,0,0,28178,0,1023,-1,-1,-1,-1),(97122,97,0,30418788,15512496,231,1500980832,3,39,1,28179,0,16,0,6,144,0,0,0,0,28179,0,1023,-1,-1,-1,-1),(97123,97,0,30418794,15512520,231,1500980834,2,51,1,28180,0,16,0,6,144,0,0,0,0,28180,0,1023,-1,-1,-1,-1),(97124,97,0,30418800,15512538,231,1500980836,3,42,1,28181,0,16,0,6,144,0,0,0,0,28181,0,1023,-1,-1,-1,-1),(97125,97,0,30418824,15512604,231,1500980842,2,38,1,28182,0,16,0,6,128,0,0,0,0,28182,0,1023,-1,-1,-1,-1),(97126,97,0,30418830,15512610,231,1500980843,2,32,1,28183,0,16,0,6,144,0,0,0,0,28183,0,1023,-1,-1,-1,-1),(97127,97,0,30418830,15512622,231,1500980844,3,49,1,28184,0,16,0,6,128,0,0,0,0,28184,0,1023,-1,-1,-1,-1),(97128,97,0,30418836,15512634,231,1500980845,2,39,1,28185,0,16,0,6,144,0,0,0,0,28185,0,1023,-1,-1,-1,-1),(97129,97,0,30418842,15512658,232,1500980847,2,46,1,28186,0,16,0,6,128,0,0,0,0,28186,0,1023,-1,-1,-1,-1),(97130,97,0,30418848,15512688,232,1500980850,2,57,1,28187,0,16,0,6,144,0,0,0,0,28187,0,1023,-1,-1,-1,-1),(97131,97,0,30418848,15512700,232,1500980851,3,49,1,28188,0,16,0,6,128,0,0,0,0,28188,0,1023,-1,-1,-1,-1),(97132,97,0,30418848,15512712,232,1500980852,2,43,1,28189,0,16,0,6,128,0,0,0,0,28189,0,1023,-1,-1,-1,-1),(97133,97,0,30418854,15512724,232,1500980853,2,57,1,28190,0,16,0,6,128,0,0,0,0,28190,0,1023,-1,-1,-1,-1),(97134,97,0,30418854,15512736,233,1500980854,2,47,1,28191,0,16,0,6,144,0,0,0,0,28191,0,1023,-1,-1,-1,-1),(97135,97,0,30418854,15512742,233,1500980855,2,40,1,28192,0,16,0,6,128,0,0,0,0,28192,0,1023,-1,-1,-1,-1),(97136,97,0,30418872,15512784,233,1500980859,2,46,1,28193,0,16,0,6,144,0,0,0,0,28193,0,1023,-1,-1,-1,-1),(97137,97,0,30418872,15512796,233,1500980860,3,51,1,28194,0,16,0,6,144,0,0,0,0,28194,0,1023,-1,-1,-1,-1),(97138,97,0,30418878,15512820,233,1500980862,2,46,1,28195,0,16,0,6,144,0,0,0,0,28195,0,1023,-1,-1,-1,-1),(97139,97,0,30418878,15512844,233,1500980864,2,52,1,28196,0,16,0,6,128,0,0,0,0,28196,0,1023,-1,-1,-1,-1),(97140,100,0,30418392,15510810,228,1500980808,2,53,1,24480,0,16,0,6,16,0,0,0,0,24480,0,1023,-1,-1,-1,-1),(97141,100,0,30418398,15510846,228,1500980812,2,49,1,24481,0,16,0,6,32,0,0,0,0,24481,0,1023,-1,-1,-1,-1),(97142,100,0,30418410,15510912,228,1500980819,2,42,1,24482,0,16,0,6,32,0,0,0,0,24482,0,1023,-1,-1,-1,-1),(97143,100,0,30418422,15510954,228,1500980824,2,47,1,24483,0,16,0,6,32,0,0,0,0,24483,0,1023,-1,-1,-1,-1),(97144,100,0,30418428,15510990,228,1500980828,2,42,1,24484,0,16,0,6,32,0,0,0,0,24484,0,1023,-1,-1,-1,-1),(97145,100,0,30418428,15511002,228,1500980829,2,47,1,24485,0,16,0,6,32,0,0,0,0,24485,0,1023,-1,-1,-1,-1),(97146,100,0,30418434,15511014,228,1500980830,2,40,1,24486,0,16,0,6,32,0,0,0,0,24486,0,1023,-1,-1,-1,-1),(97147,100,0,30418464,15511074,230,1500980838,2,36,1,24487,0,16,0,6,32,0,0,0,0,24487,0,1023,-1,-1,-1,-1),(97148,100,0,30418482,15511104,230,1500980842,2,43,1,24488,0,16,0,6,32,0,0,0,0,24488,0,1023,-1,-1,-1,-1),(97149,100,0,30418500,15511194,230,1500980852,2,48,1,24489,0,16,0,6,32,0,0,0,0,24489,0,1023,-1,-1,-1,-1),(97150,100,0,30418524,15511302,231,1500980861,2,42,1,24490,0,16,0,6,32,0,0,0,0,24490,0,1023,-1,-1,-1,-1),(97151,100,0,30418524,15511314,231,1500980862,2,49,1,24491,0,16,0,6,32,0,0,0,0,24491,0,1023,-1,-1,-1,-1),(97152,100,0,30418524,15511326,231,1500980863,2,53,1,24492,0,16,0,6,32,0,0,0,0,24492,0,1023,-1,-1,-1,-1),(97153,100,0,30418524,15511356,231,1500980866,2,49,1,24493,0,16,0,6,32,0,0,0,0,24493,0,1023,-1,-1,-1,-1),(97154,98,0,30419574,15516750,227,1500980839,0,0,1,22205,0,0,0,6,80,0,0,0,0,22205,0,1023,-1,-1,-1,-1),(97155,98,0,30419574,15516750,227,1500980869,0,0,1,22206,0,0,0,6,80,0,0,0,0,22206,0,1023,-1,-1,-1,-1),(97158,97,0,30418884,15512868,233,1500980866,3,47,1,28197,0,16,0,6,128,0,0,0,0,28197,0,1023,-1,-1,-1,-1),(97159,97,0,30418884,15512892,233,1500980868,3,55,1,28198,0,16,0,6,128,0,0,0,0,28198,0,1023,-1,-1,-1,-1),(97160,97,0,30418890,15512940,233,1500980872,2,47,1,28199,0,16,0,6,128,0,0,0,0,28199,0,1023,-1,-1,-1,-1),(97161,97,0,30418902,15513018,233,1500980879,3,51,1,28200,0,16,0,6,128,0,0,0,0,28200,0,1023,-1,-1,-1,-1),(97162,97,0,30418902,15513030,233,1500980880,2,47,1,28201,0,16,0,6,144,0,0,0,0,28201,0,1023,-1,-1,-1,-1),(97163,97,0,30418920,15513096,232,1500980886,2,53,1,28202,0,16,0,6,144,0,0,0,0,28202,0,1023,-1,-1,-1,-1),(97164,97,0,30418920,15513120,233,1500980888,2,47,1,28203,0,16,0,6,144,0,0,0,0,28203,0,1023,-1,-1,-1,-1),(97165,97,0,30418920,15513126,233,1500980889,3,51,1,28204,0,16,0,6,128,0,0,0,0,28204,0,1023,-1,-1,-1,-1),(97166,97,0,30418926,15513150,233,1500980891,2,47,1,28205,0,16,0,6,144,0,0,0,0,28205,0,1023,-1,-1,-1,-1),(97167,97,0,30418932,15513192,233,1500980895,3,52,1,28206,0,16,0,6,144,0,0,0,0,28206,0,1023,-1,-1,-1,-1),(97168,97,0,30418944,15513288,233,1500980903,3,57,1,28207,0,16,0,6,144,0,0,0,0,28207,0,1023,-1,-1,-1,-1),(97169,97,0,30418944,15513300,234,1500980904,3,47,1,28208,0,16,0,6,144,0,0,0,0,28208,0,1023,-1,-1,-1,-1),(97170,97,0,30418950,15513324,234,1500980906,3,51,1,28209,0,16,0,6,144,0,0,0,0,28209,0,1023,-1,-1,-1,-1),(97171,97,0,30418956,15513390,234,1500980911,3,55,1,28210,0,16,0,6,128,0,0,0,0,28210,0,1023,-1,-1,-1,-1),(97172,97,0,30418956,15513414,234,1500980913,3,50,1,28211,0,16,0,6,144,0,0,0,0,28211,0,1023,-1,-1,-1,-1),(97173,97,0,30418968,15513480,234,1500980918,2,46,1,28212,0,16,0,6,144,0,0,0,0,28212,0,1023,-1,-1,-1,-1),(97174,97,0,30418968,15513492,234,1500980919,3,54,1,28213,0,16,0,6,144,0,0,0,0,28213,0,1023,-1,-1,-1,-1),(97175,100,0,30418536,15511410,231,1500980872,2,45,1,24494,0,16,0,6,32,0,0,0,0,24494,0,1023,-1,-1,-1,-1),(97176,100,0,30418542,15511422,231,1500980873,2,49,1,24495,0,16,0,6,32,0,0,0,0,24495,0,1023,-1,-1,-1,-1),(97177,100,0,30418548,15511458,231,1500980877,2,45,1,24496,0,16,0,6,32,0,0,0,0,24496,0,1023,-1,-1,-1,-1),(97178,100,0,30418554,15511470,231,1500980879,2,41,1,24497,0,16,0,6,32,0,0,0,0,24497,0,1023,-1,-1,-1,-1),(97179,100,0,30418608,15511638,234,1500980899,2,45,1,24498,0,16,0,6,32,0,0,0,0,24498,0,1023,-1,-1,-1,-1),(97180,100,0,30418614,15511656,233,1500980901,2,51,1,24499,0,16,0,6,32,0,0,0,0,24499,0,1023,-1,-1,-1,-1),(97181,100,0,30418626,15511752,233,1500980910,2,55,1,24500,0,16,0,6,32,0,0,0,0,24500,0,1023,-1,-1,-1,-1),(97182,100,0,30418632,15511794,233,1500980914,2,51,1,24501,0,16,0,6,32,0,0,0,0,24501,0,1023,-1,-1,-1,-1),(97183,100,0,30418638,15511818,234,1500980916,2,47,1,24502,0,16,0,6,32,0,0,0,0,24502,0,1023,-1,-1,-1,-1),(97184,100,0,30418656,15511896,234,1500980924,2,43,1,24503,0,16,0,6,32,0,0,0,0,24503,0,1023,-1,-1,-1,-1),(97185,100,0,30418662,15511908,234,1500980926,2,50,1,24504,0,16,0,6,32,0,0,0,0,24504,0,1023,-1,-1,-1,-1),(97186,100,0,30418662,15511932,234,1500980928,2,55,1,24505,0,16,0,6,16,0,0,0,0,24505,0,1023,-1,-1,-1,-1),(97438,99,0,30404706,15442488,217,1587537037,0,200,1,978384,0,0,0,13,64,0,0,0,0,978384,0,1023,-1,-1,-1,-1),(97439,99,0,30404706,15442488,217,1587537067,0,200,1,978385,0,0,0,13,64,0,0,0,0,978385,0,1023,-1,-1,-1,-1),(97440,99,0,30404706,15442488,217,1587537097,0,200,1,978386,0,0,0,13,64,0,0,0,0,978386,0,1023,-1,-1,-1,-1),(97441,99,0,30404706,15442488,217,1587537127,0,200,1,978387,0,0,0,13,64,0,0,0,0,978387,0,1023,-1,-1,-1,-1),(97442,99,0,30404706,15442488,217,1587537157,0,200,1,978388,0,0,0,13,64,0,0,0,0,978388,0,1023,-1,-1,-1,-1),(97443,99,0,30404706,15442488,217,1587537187,0,200,1,978389,0,0,0,13,64,0,0,0,0,978389,0,1023,-1,-1,-1,-1),(97444,99,0,30404706,15442488,217,1587537217,0,200,1,978390,0,0,0,13,64,0,0,0,0,978390,0,1023,-1,-1,-1,-1),(97445,99,0,30404706,15442488,217,1587537247,0,200,1,978391,0,0,0,13,64,0,0,0,0,978391,0,1023,-1,-1,-1,-1),(97446,99,0,30404706,15442488,217,1587537277,0,200,1,978392,0,0,0,13,64,0,0,0,0,978392,0,1023,-1,-1,-1,-1),(97447,99,0,30404706,15442488,217,1587537307,0,200,1,978393,0,0,0,13,64,0,0,0,0,978393,0,1023,-1,-1,-1,-1),(97448,99,0,30404706,15442488,217,1587537337,0,200,1,978394,0,0,0,13,64,0,0,0,0,978394,0,1023,-1,-1,-1,-1),(97449,99,0,30404706,15442488,217,1587537367,0,200,1,978395,0,0,0,13,64,0,0,0,0,978395,0,1023,-1,-1,-1,-1),(97450,99,0,30404706,15442488,217,1587537397,0,200,1,978396,0,0,0,13,64,0,0,0,0,978396,0,1023,-1,-1,-1,-1),(97451,99,0,30404706,15442488,217,1587537427,0,200,1,978397,0,0,0,13,64,0,0,0,0,978397,0,1023,-1,-1,-1,-1),(97452,99,0,30404706,15442488,217,1587537457,0,200,1,978398,0,0,0,13,64,0,0,0,0,978398,0,1023,-1,-1,-1,-1),(97453,99,0,30404706,15442488,217,1587537487,0,200,1,978399,0,0,0,13,64,0,0,0,0,978399,0,1023,-1,-1,-1,-1),(97454,99,0,30404706,15442488,217,1587537517,0,200,1,978400,0,0,0,13,64,0,0,0,0,978400,0,1023,-1,-1,-1,-1),(97455,99,0,30404706,15442488,217,1587537547,0,200,1,978401,0,0,0,13,64,0,0,0,0,978401,0,1023,-1,-1,-1,-1),(97456,99,0,30404706,15442488,217,1587537577,0,200,1,978402,0,0,0,13,64,0,0,0,0,978402,0,1023,-1,-1,-1,-1),(97457,99,0,30404706,15442488,217,1587537607,0,200,1,978403,0,0,0,13,48,0,0,0,0,978403,0,1023,-1,-1,-1,-1),(97458,99,0,30404706,15442488,217,1587537637,0,200,1,978404,0,0,0,13,64,0,0,0,0,978404,0,1023,-1,-1,-1,-1),(97459,99,0,30404706,15442488,217,1587537667,0,200,1,978405,0,0,0,13,64,0,0,0,0,978405,0,1023,-1,-1,-1,-1),(97460,99,0,30404634,15442524,211,1587537807,0,207,1,978409,0,0,0,13,64,0,0,0,0,978409,0,1023,-1,-1,-1,-1),(97461,99,0,30404634,15442524,211,1587537837,0,207,1,978410,0,0,0,13,64,0,0,0,0,978410,0,1023,-1,-1,-1,-1),(97462,99,0,30404634,15442524,211,1587537867,0,207,1,978411,0,0,0,13,64,0,0,0,0,978411,0,1023,-1,-1,-1,-1),(97463,99,0,30404634,15442524,211,1587537897,0,207,1,978412,0,0,0,13,64,0,0,0,0,978412,0,1023,-1,-1,-1,-1),(97464,99,0,30404634,15442524,211,1587537927,0,207,1,978413,0,0,0,13,64,0,0,0,0,978413,0,1023,-1,-1,-1,-1),(97465,99,0,30404634,15442524,211,1587537957,0,207,1,978414,0,0,0,13,64,0,0,0,0,978414,0,1023,-1,-1,-1,-1),(97466,99,0,30404634,15442524,211,1587537987,0,207,1,978415,0,0,0,13,64,0,0,0,0,978415,0,1023,-1,-1,-1,-1),(97467,99,0,30404634,15442524,211,1587538017,0,207,1,978416,0,0,0,13,64,0,0,0,0,978416,0,1023,-1,-1,-1,-1),(97468,99,0,30404634,15442524,211,1587538047,0,207,1,978417,0,0,0,13,64,0,0,0,0,978417,0,1023,-1,-1,-1,-1),(97469,99,0,30404634,15442524,211,1587538077,0,207,1,978418,0,0,0,13,64,0,0,0,0,978418,0,1023,-1,-1,-1,-1),(97470,99,0,30404634,15442524,211,1587538107,0,207,1,978419,0,0,0,13,64,0,0,0,0,978419,0,1023,-1,-1,-1,-1),(97471,99,0,30404634,15442524,211,1587538137,0,207,1,978420,0,0,0,13,64,0,0,0,0,978420,0,1023,-1,-1,-1,-1),(97472,99,0,30404634,15442524,211,1587538167,0,207,1,978421,0,0,0,13,48,0,0,0,0,978421,0,1023,-1,-1,-1,-1),(97473,99,0,30404634,15442524,211,1587538197,0,207,1,978422,0,0,0,13,64,0,0,0,0,978422,0,1023,-1,-1,-1,-1),(97474,99,0,30404634,15442524,211,1587538227,0,207,1,978423,0,0,0,13,64,0,0,0,0,978423,0,1023,-1,-1,-1,-1),(97475,99,0,30404634,15442524,211,1587538257,0,207,1,978424,0,0,0,13,64,0,0,0,0,978424,0,1023,-1,-1,-1,-1),(97476,99,0,30404634,15442524,211,1587538287,0,207,1,978425,0,0,0,13,64,0,0,0,0,978425,0,1023,-1,-1,-1,-1),(97477,99,0,30404634,15442524,211,1587538317,0,207,1,978426,0,0,0,13,48,0,0,0,0,978426,0,1023,-1,-1,-1,-1),(97478,99,0,30404634,15442524,211,1587538347,0,207,1,978427,0,0,0,13,64,0,0,0,0,978427,0,1023,-1,-1,-1,-1),(97479,99,0,30404634,15442524,211,1587538377,0,207,1,978428,0,0,0,13,64,0,0,0,0,978428,0,1023,-1,-1,-1,-1),(97480,99,0,30404634,15442524,211,1587538407,0,207,1,978429,0,0,0,13,48,0,0,0,0,978429,0,1023,-1,-1,-1,-1),(97481,99,0,30404634,15442524,211,1587538437,0,207,1,978430,0,0,0,13,64,0,0,0,0,978430,0,1023,-1,-1,-1,-1),(97482,99,0,30404634,15442524,211,1587538467,0,207,1,978431,0,0,0,13,48,0,0,0,0,978431,0,1023,-1,-1,-1,-1),(97483,99,0,30404634,15442524,211,1587538497,0,207,1,978432,0,0,0,13,48,0,0,0,0,978432,0,1023,-1,-1,-1,-1),(97484,99,0,30404634,15442524,211,1587538527,0,207,1,978433,0,0,0,13,48,0,0,0,0,978433,0,1023,-1,-1,-1,-1),(97485,99,0,30404634,15442524,211,1587538557,0,207,1,978434,0,0,0,13,48,0,0,0,0,978434,0,1023,-1,-1,-1,-1),(97486,99,0,30404634,15442524,211,1587538587,0,207,1,978435,0,0,0,13,48,0,0,0,0,978435,0,1023,-1,-1,-1,-1),(97487,99,0,30404634,15442524,211,1587538617,0,207,1,978436,0,0,0,13,48,0,0,0,0,978436,0,1023,-1,-1,-1,-1),(97488,99,0,30404634,15442524,211,1587538646,0,207,1,978437,0,0,0,13,48,0,0,0,0,978437,0,1023,-1,-1,-1,-1),(97489,99,0,30404634,15442524,211,1587538676,0,207,1,978438,0,0,0,13,48,0,0,0,0,978438,0,1023,-1,-1,-1,-1),(97490,99,0,30404634,15442524,211,1587538706,0,207,1,978439,0,0,0,13,48,0,0,0,0,978439,0,1023,-1,-1,-1,-1),(97491,99,0,30404634,15442524,211,1587538736,0,207,1,978440,0,0,0,13,48,0,0,0,0,978440,0,1023,-1,-1,-1,-1),(97492,99,0,30404634,15442524,211,1587538766,0,207,1,978441,0,0,0,13,48,0,0,0,0,978441,0,1023,-1,-1,-1,-1),(97493,99,0,30404634,15442524,211,1587538796,0,207,1,978442,0,0,0,13,48,0,0,0,0,978442,0,1023,-1,-1,-1,-1),(97494,99,0,30404634,15442524,211,1587538826,0,207,1,978443,0,0,0,13,48,0,0,0,0,978443,0,1023,-1,-1,-1,-1),(97495,99,0,30404634,15442524,211,1587538856,0,207,1,978444,0,0,0,13,48,0,0,0,0,978444,0,1023,-1,-1,-1,-1),(97496,99,0,30404634,15442524,211,1587538886,0,207,1,978445,0,0,0,13,48,0,0,0,0,978445,0,1023,-1,-1,-1,-1),(97497,99,0,30404634,15442524,211,1587538916,0,207,1,978446,0,0,0,13,48,0,0,0,0,978446,0,1023,-1,-1,-1,-1),(97498,99,0,30404634,15442524,211,1587538946,0,207,1,978447,0,0,0,13,48,0,0,0,0,978447,0,1023,-1,-1,-1,-1),(97499,99,0,30404634,15442524,211,1587538976,0,207,1,978448,0,0,0,13,48,0,0,0,0,978448,0,1023,-1,-1,-1,-1),(97500,99,0,30404634,15442524,211,1587539006,0,207,1,978449,0,0,0,13,48,0,0,0,0,978449,0,1023,-1,-1,-1,-1),(97501,99,0,30404634,15442524,211,1587539036,0,207,1,978450,0,0,0,13,48,0,0,0,0,978450,0,1023,-1,-1,-1,-1),(97502,99,0,30404634,15442524,211,1587539066,0,207,1,978451,0,0,0,13,48,0,0,0,0,978451,0,1023,-1,-1,-1,-1),(97503,99,0,30404634,15442524,211,1587539096,0,207,1,978452,0,0,0,13,48,0,0,0,0,978452,0,1023,-1,-1,-1,-1),(97504,99,0,30404634,15442524,211,1587539126,0,207,1,978453,0,0,0,13,48,0,0,0,0,978453,0,1023,-1,-1,-1,-1),(97505,99,0,30404634,15442524,211,1587539156,0,207,1,978454,0,0,0,13,48,0,0,0,0,978454,0,1023,-1,-1,-1,-1),(97506,99,0,30404634,15442524,211,1587539186,0,207,1,978455,0,0,0,13,48,0,0,0,0,978455,0,1023,-1,-1,-1,-1),(97507,99,0,30404634,15442524,211,1587539216,0,207,1,978456,0,0,0,13,48,0,0,0,0,978456,0,1023,-1,-1,-1,-1),(97508,99,0,30404634,15442524,211,1587539246,0,207,1,978457,0,0,0,13,48,0,0,0,0,978457,0,1023,-1,-1,-1,-1),(97509,99,0,30404634,15442524,211,1587539276,0,207,1,978458,0,0,0,13,48,0,0,0,0,978458,0,1023,-1,-1,-1,-1),(97510,99,0,30404634,15442524,211,1587539306,0,207,1,978459,0,0,0,13,48,0,0,0,0,978459,0,1023,-1,-1,-1,-1),(97511,99,0,30404634,15442524,211,1587539336,0,207,1,978460,0,0,0,13,48,0,0,0,0,978460,0,1023,-1,-1,-1,-1),(97512,99,0,30404634,15442524,211,1587539366,0,207,1,978461,0,0,0,13,48,0,0,0,0,978461,0,1023,-1,-1,-1,-1),(97513,99,0,30404634,15442524,211,1587539396,0,207,1,978462,0,0,0,13,48,0,0,0,0,978462,0,1023,-1,-1,-1,-1),(97514,99,0,30404634,15442524,211,1587539426,0,207,1,978463,0,0,0,13,48,0,0,0,0,978463,0,1023,-1,-1,-1,-1),(97515,99,0,30404634,15442524,211,1587539456,0,207,1,978464,0,0,0,13,48,0,0,0,0,978464,0,1023,-1,-1,-1,-1),(97516,99,0,30404634,15442524,211,1587539486,0,207,1,978465,0,0,0,13,48,0,0,0,0,978465,0,1023,-1,-1,-1,-1),(97517,99,0,30404634,15442524,211,1587539516,0,207,1,978466,0,0,0,13,48,0,0,0,0,978466,0,1023,-1,-1,-1,-1),(97518,99,0,30404634,15442524,211,1587539546,0,207,1,978467,0,0,0,13,48,0,0,0,0,978467,0,1023,-1,-1,-1,-1),(97519,99,0,30404634,15442524,211,1587539576,0,207,1,978468,0,0,0,13,48,0,0,0,0,978468,0,1023,-1,-1,-1,-1),(97520,99,0,30404634,15442524,211,1587539606,0,207,1,978469,0,0,0,13,48,0,0,0,0,978469,0,1023,-1,-1,-1,-1),(97521,99,0,30404634,15442524,211,1587539636,0,207,1,978470,0,0,0,13,48,0,0,0,0,978470,0,1023,-1,-1,-1,-1),(97522,99,0,30404634,15442524,211,1587539666,0,207,1,978471,0,0,0,13,48,0,0,0,0,978471,0,1023,-1,-1,-1,-1),(97523,99,0,30404634,15442524,211,1587539696,0,207,1,978472,0,0,0,13,48,0,0,0,0,978472,0,1023,-1,-1,-1,-1),(97524,99,0,30404634,15442524,211,1587539726,0,207,1,978473,0,0,0,13,48,0,0,0,0,978473,0,1023,-1,-1,-1,-1),(97525,99,0,30404634,15442524,211,1587539756,0,207,1,978474,0,0,0,13,48,0,0,0,0,978474,0,1023,-1,-1,-1,-1),(97526,99,0,30404634,15442524,211,1587539786,0,207,1,978475,0,0,0,13,48,0,0,0,0,978475,0,1023,-1,-1,-1,-1),(97527,99,0,30404634,15442524,211,1587539816,0,207,1,978476,0,0,0,13,48,0,0,0,0,978476,0,1023,-1,-1,-1,-1),(97528,99,0,30404634,15442524,211,1587539846,0,207,1,978477,0,0,0,13,48,0,0,0,0,978477,0,1023,-1,-1,-1,-1),(97529,99,0,30404634,15442524,211,1587539876,0,207,1,978478,0,0,0,13,48,0,0,0,0,978478,0,1023,-1,-1,-1,-1),(97530,99,0,30404634,15442524,211,1587539906,0,207,1,978479,0,0,0,13,48,0,0,0,0,978479,0,1023,-1,-1,-1,-1),(97531,99,0,30404634,15442524,211,1587539936,0,207,1,978480,0,0,0,13,48,0,0,0,0,978480,0,1023,-1,-1,-1,-1),(97532,99,0,30404634,15442524,211,1587539966,0,207,1,978481,0,0,0,13,48,0,0,0,0,978481,0,1023,-1,-1,-1,-1),(97533,99,0,30404634,15442524,211,1587539996,0,207,1,978482,0,0,0,13,48,0,0,0,0,978482,0,1023,-1,-1,-1,-1),(97534,99,0,30404634,15442524,211,1587540026,0,207,1,978483,0,0,0,13,48,0,0,0,0,978483,0,1023,-1,-1,-1,-1),(97535,99,0,30404634,15442524,211,1587540056,0,207,1,978484,0,0,0,13,48,0,0,0,0,978484,0,1023,-1,-1,-1,-1),(97783,99,0,30404634,15442524,211,1587540086,0,207,1,978485,0,0,0,13,48,0,0,0,0,978485,0,1023,-1,-1,-1,-1),(97784,99,0,30404634,15442524,211,1587540116,0,207,1,978486,0,0,0,13,48,0,0,0,0,978486,0,1023,-1,-1,-1,-1);

--
